{"id":640,"date":"2021-05-25T16:27:54","date_gmt":"2021-05-25T19:27:54","guid":{"rendered":"https:\/\/wp.ufpel.edu.br\/pianolab\/?page_id=640"},"modified":"2021-05-29T18:48:39","modified_gmt":"2021-05-29T21:48:39","slug":"programacao-geral","status":"publish","type":"page","link":"https:\/\/wp.ufpel.edu.br\/pianolab\/programacao-geral\/","title":{"rendered":"Programa\u00e7\u00e3o Geral"},"content":{"rendered":"<p style=\"text-align: center\"><span style=\"font-family: times new roman, times, serif;color: #808080;font-size: 18pt\"><strong>Semin\u00e1rio Interinstitucional<br \/>\n<\/strong><strong>de Gradua\u00e7\u00e3o e P\u00f3s-Gradua\u00e7\u00e3o<\/strong><\/span><\/p>\n<p style=\"text-align: center\"><span style=\"font-family: times new roman, times, serif;color: #808080;font-size: 14pt\"><strong>Possibilidades para a Colabora\u00e7\u00e3o Pian\u00edstica no Brasil<\/strong><\/span><\/p>\n<table style=\"height: 533px\" width=\"583\" cellspacing=\"0\" cellpadding=\"11\">\n<tbody>\n<tr valign=\"top\">\n<td style=\"background: #000000;width: 168.271px;text-align: center\" bgcolor=\"#000000\" height=\"4\">\n<p style=\"text-align: center\" align=\"left\"><span style=\"color: #ffffff;font-size: 12pt\"><span style=\"font-family: Times New Roman, serif\"><b>Dia 01 de Junho<\/b><\/span><\/span><\/p>\n<\/td>\n<td style=\"background: #000000;width: 195.875px;text-align: center\" bgcolor=\"#000000\">\n<p style=\"text-align: center\" align=\"left\"><span style=\"color: #ffffff;font-size: 12pt\"><span style=\"font-family: Times New Roman, serif\"><b>Programa\u00e7\u00e3o<\/b><\/span><\/span><\/p>\n<\/td>\n<td style=\"background: #000000;width: 187.604px;text-align: center\" bgcolor=\"#000000\">\n<p align=\"left\"><span style=\"color: #ffffff\"><span style=\"font-family: Times New Roman, serif\"><span style=\"font-size: medium\"><b>\u00a0 \u00a0 \u00a0 \u00a0<span style=\"font-size: 12pt\"> Palestrante<\/span><\/b><\/span><\/span><\/span><\/p>\n<\/td>\n<\/tr>\n<tr valign=\"top\">\n<td style=\"width: 168.271px;text-align: center\" height=\"33\">\n<p align=\"left\"><span style=\"font-family: Times New Roman, serif\"><span style=\"font-size: medium\"><b>\u00a0 \u00a0 \u00a0 \u00a0 \u00a0<span style=\"font-size: 12pt\"> 09:00 \u2013 10:00<\/span><\/b><\/span><\/span><\/p>\n<\/td>\n<td style=\"width: 195.875px;text-align: center\">\n<p align=\"left\"><span style=\"font-family: Times New Roman, serif\"><span style=\"font-size: medium\"><span style=\"font-size: 12pt\">Abertura e palestra: Otimizando Pianistas Colaboradores e Educando Musicistas na UFPEL<\/span> <\/span><\/span><\/p>\n<\/td>\n<td style=\"width: 187.604px;text-align: center\">\n<p align=\"left\"><span style=\"font-family: Times New Roman, serif;font-size: 12pt\">Prof. Dr. Germano Mayer<\/span><\/p>\n<\/td>\n<\/tr>\n<tr valign=\"top\">\n<td style=\"width: 168.271px;text-align: center\" height=\"115\">\n<p align=\"left\"><span style=\"font-family: Times New Roman, serif\"><span style=\"font-size: medium\"><b>\u00a0 \u00a0 \u00a0 \u00a0 \u00a0<span style=\"font-size: 12pt\"> 11:00 \u2013 12:00<\/span><\/b><\/span><\/span><\/p>\n<\/td>\n<td style=\"width: 195.875px;text-align: center\">\n<p align=\"left\"><span style=\"font-family: Times New Roman, serif;font-size: 12pt\">Conversando sobre a colabora\u00e7\u00e3o pian\u00edstica de estudantes de piano nas aulas de canto<\/span><\/p>\n<\/td>\n<td style=\"width: 187.604px;text-align: center\">\n<p align=\"left\"><span style=\"font-family: Times New Roman, serif;font-size: 12pt\">Profa. Dra. Cristine Bello Guse<\/span><\/p>\n<\/td>\n<\/tr>\n<tr valign=\"top\">\n<td style=\"width: 168.271px\" height=\"5\">\n<p style=\"text-align: left\" align=\"left\"><span style=\"font-family: Times New Roman, serif\"><span style=\"font-size: medium\"><b>\u00a0 \u00a0 \u00a0 \u00a0 \u00a0<span style=\"font-size: 12pt\"> 12:00 &#8211; 14:00<\/span><\/b><\/span><\/span><\/p>\n<\/td>\n<td style=\"width: 195.875px\">\n<p style=\"text-align: center\" align=\"left\"><span style=\"font-family: Times New Roman, serif;font-size: 12pt\">Intervalo<\/span><\/p>\n<\/td>\n<td style=\"width: 187.604px\"><\/td>\n<\/tr>\n<tr valign=\"top\">\n<td style=\"width: 168.271px\" height=\"5\">\n<p style=\"text-align: center\" align=\"left\"><span style=\"font-family: Times New Roman, serif\"><span style=\"font-size: medium\"><b>\u00a0\u00a0\u00a0\u00a0\u00a0 14:00 &#8211; 15:00<\/b><\/span><\/span><\/p>\n<\/td>\n<td style=\"width: 195.875px\">\n<p align=\"left\"><span class=\"tojvnm2t a6sixzi8 abs2jz4q a8s20v7p t1p8iaqh k5wvi7nf q3lfd5jv pk4s997a bipmatt0 cebpdrjk qowsmv63 owwhemhu dp1hu0rb dhp61c6y iyyx5f41\" style=\"font-family: times new roman, times, serif\">A colabora\u00e7\u00e3o pian\u00edstica no curso de M\u00fasica da Universidade Federal de Uberl\u00e2ndia<\/span><\/p>\n<\/td>\n<td style=\"width: 187.604px\">\n<p style=\"text-align: center\" align=\"left\"><span style=\"font-family: Times New Roman, serif\"><span style=\"font-size: medium\">Ms. Thiago de Freitas Ferreira Costa<br \/>\n<\/span><\/span><\/p>\n<\/td>\n<\/tr>\n<tr valign=\"top\">\n<td style=\"width: 168.271px\" height=\"32\">\n<p style=\"text-align: center\" align=\"left\"><span style=\"font-family: Times New Roman, serif\"><span style=\"font-size: medium\"><b>\u00a0\u00a0\u00a0\u00a0\u00a0 16:00 \u2013 17:00<\/b><\/span><\/span><\/p>\n<\/td>\n<td style=\"width: 195.875px\"><span style=\"font-family: times new roman, times, serif\">Perspectivas para criar uma associa\u00e7\u00e3o de Pianistas Colaboradores<\/span><\/td>\n<td style=\"width: 187.604px\">\n<p style=\"text-align: center\" align=\"left\"><span style=\"font-family: Times New Roman, serif\"><span style=\"font-size: medium\">Prof. Ms. Guilherme Montenegro<\/span><\/span><\/p>\n<\/td>\n<\/tr>\n<\/tbody>\n<\/table>\n<hr \/>\n<table width=\"943\" cellspacing=\"0\" cellpadding=\"11\">\n<tbody>\n<tr valign=\"top\">\n<td style=\"background: #000000;width: 176px\" bgcolor=\"#000000\" width=\"290\" height=\"4\">\n<p style=\"text-align: center\" align=\"left\"><span style=\"color: #ffffff;font-size: 12pt\"><span style=\"font-family: Times New Roman, serif\"><b>Dia 02 de Junho<\/b><\/span><\/span><\/p>\n<\/td>\n<td style=\"background: #000000;width: 209px\" bgcolor=\"#000000\" width=\"293\">\n<p style=\"text-align: center\" align=\"left\"><span style=\"color: #ffffff\"><span style=\"font-family: Times New Roman, serif\"><span style=\"font-size: medium\"><b>Programa\u00e7\u00e3o<\/b><\/span><\/span><\/span><\/p>\n<\/td>\n<td style=\"background: #000000;width: 195px\" bgcolor=\"#000000\" width=\"291\">\n<p style=\"text-align: center\" align=\"left\"><span style=\"color: #ffffff;font-size: 12pt\"><span style=\"font-family: Times New Roman, serif\"><b>Palestrante<\/b><\/span><\/span><\/p>\n<\/td>\n<\/tr>\n<tr valign=\"top\">\n<td style=\"width: 176px\" width=\"290\" height=\"33\">\n<p style=\"text-align: center\" align=\"left\"><span style=\"font-family: Times New Roman, serif;font-size: 12pt\"><b>09:00 \u2013 10:00<\/b><\/span><\/p>\n<\/td>\n<td style=\"width: 209px\" width=\"293\">\n<p align=\"left\"><span style=\"font-family: times new roman, times, serif\">Colabora\u00e7\u00e3o pianistica no piano \u00e0 quatro m\u00e3os<\/span><\/p>\n<\/td>\n<td style=\"width: 195px\" width=\"291\">\n<p align=\"left\"><span style=\"font-family: Times New Roman, serif;font-size: 12pt\">Professores Drs. <span style=\"font-weight: 400\">F\u00e1tima e Fernando Corvisier<\/span><\/span><\/p>\n<\/td>\n<\/tr>\n<tr valign=\"top\">\n<td style=\"width: 176px\" width=\"290\" height=\"115\">\n<p style=\"text-align: center\" align=\"left\"><span style=\"font-family: Times New Roman, serif\"><span style=\"font-size: medium\"><b>11:00 \u2013 12:00<\/b><\/span><\/span><\/p>\n<\/td>\n<td style=\"width: 209px\" width=\"293\">\n<p align=\"left\"><span style=\"font-family: times new roman, times, serif\">O Papel do <em>Maestro Collaboratore<\/em> nas Institui\u00e7\u00f5es Acad\u00eamicas Italianas<\/span><\/p>\n<\/td>\n<td style=\"width: 195px\" width=\"291\">\n<p align=\"left\"><span style=\"font-family: times new roman, times, serif\">Prof. Ms. Carlos Morejano<\/span><\/p>\n<\/td>\n<\/tr>\n<tr valign=\"top\">\n<td style=\"width: 176px\" width=\"290\" height=\"5\">\n<p style=\"text-align: center\" align=\"left\"><span style=\"font-family: Times New Roman, serif;font-size: 12pt\"><b>12:00 &#8211; 14:00<\/b><\/span><\/p>\n<\/td>\n<td style=\"width: 209px\" width=\"293\">\n<p style=\"text-align: center\" align=\"left\"><span style=\"font-family: Times New Roman, serif;font-size: 12pt\">Intervalo<\/span><\/p>\n<\/td>\n<td style=\"width: 195px\" width=\"291\"><\/td>\n<\/tr>\n<tr valign=\"top\">\n<td style=\"width: 176px\" width=\"290\" height=\"5\">\n<p style=\"text-align: center\" align=\"left\"><span style=\"font-family: Times New Roman, serif;font-size: 12pt\"><b>14:00 &#8211; 15:00<\/b><\/span><\/p>\n<\/td>\n<td style=\"width: 209px\" width=\"293\">\n<p align=\"left\"><span style=\"font-family: times new roman, times, serif\"><em><span style=\"font-weight: 400\">The collaborative piano program at the University of Houston<\/span><\/em><\/span><\/p>\n<\/td>\n<td style=\"width: 195px\" width=\"291\">\n<p align=\"left\"><span style=\"font-weight: 400;font-family: times new roman, times, serif\">Professor <\/span><span style=\"font-weight: 400\"><span style=\"font-family: times new roman, times, serif\">Timothy Hester<\/span> <\/span><\/p>\n<\/td>\n<\/tr>\n<tr valign=\"top\">\n<td style=\"width: 176px\" width=\"290\" height=\"32\">\n<p style=\"text-align: center\" align=\"left\"><span style=\"font-family: Times New Roman, serif\"><span style=\"font-size: medium\"><b>16:00 \u2013 17:00<\/b><\/span><\/span><\/p>\n<\/td>\n<td style=\"width: 209px\" width=\"293\">\n<p align=\"left\">\n<\/td>\n<td style=\"width: 195px\" width=\"291\">\n<p style=\"text-align: center\" align=\"left\"><span style=\"font-family: times new roman, times, serif\">Mesa Redonda<\/span><\/p>\n<\/td>\n<\/tr>\n<\/tbody>\n<\/table>\n<p>&nbsp;<\/p>\n","protected":false},"excerpt":{"rendered":"<p>Semin\u00e1rio Interinstitucional de Gradua\u00e7\u00e3o e P\u00f3s-Gradua\u00e7\u00e3o Possibilidades para a Colabora\u00e7\u00e3o Pian\u00edstica no Brasil Dia 01 de Junho Programa\u00e7\u00e3o \u00a0 \u00a0 \u00a0 \u00a0 Palestrante \u00a0 \u00a0 \u00a0 \u00a0 \u00a0 09:00 \u2013 10:00 Abertura e palestra: Otimizando Pianistas Colaboradores e Educando Musicistas na UFPEL Prof. Dr. Germano Mayer \u00a0 \u00a0 \u00a0 \u00a0 \u00a0 11:00 \u2013 12:00 Conversando &hellip; <\/p>\n<p class=\"link-more\"><a href=\"https:\/\/wp.ufpel.edu.br\/pianolab\/programacao-geral\/\" class=\"more-link\">Continue lendo<span class=\"screen-reader-text\"> &#8220;Programa\u00e7\u00e3o Geral&#8221;<\/span><\/a><\/p>\n","protected":false},"author":1093,"featured_media":0,"parent":0,"menu_order":0,"comment_status":"closed","ping_status":"closed","template":"","meta":{"footnotes":""},"class_list":["post-640","page","type-page","status-publish","hentry"],"jetpack-related-posts":[],"jetpack_sharing_enabled":true,"_links":{"self":[{"href":"https:\/\/wp.ufpel.edu.br\/pianolab\/wp-json\/wp\/v2\/pages\/640","targetHints":{"allow":["GET"]}}],"collection":[{"href":"https:\/\/wp.ufpel.edu.br\/pianolab\/wp-json\/wp\/v2\/pages"}],"about":[{"href":"https:\/\/wp.ufpel.edu.br\/pianolab\/wp-json\/wp\/v2\/types\/page"}],"author":[{"embeddable":true,"href":"https:\/\/wp.ufpel.edu.br\/pianolab\/wp-json\/wp\/v2\/users\/1093"}],"replies":[{"embeddable":true,"href":"https:\/\/wp.ufpel.edu.br\/pianolab\/wp-json\/wp\/v2\/comments?post=640"}],"version-history":[{"count":14,"href":"https:\/\/wp.ufpel.edu.br\/pianolab\/wp-json\/wp\/v2\/pages\/640\/revisions"}],"predecessor-version":[{"id":692,"href":"https:\/\/wp.ufpel.edu.br\/pianolab\/wp-json\/wp\/v2\/pages\/640\/revisions\/692"}],"wp:attachment":[{"href":"https:\/\/wp.ufpel.edu.br\/pianolab\/wp-json\/wp\/v2\/media?parent=640"}],"curies":[{"name":"wp","href":"https:\/\/api.w.org\/{rel}","templated":true}]}}