{"id":1552,"date":"2023-06-13T16:58:05","date_gmt":"2023-06-13T19:58:05","guid":{"rendered":"https:\/\/wp.ufpel.edu.br\/pianolab\/?page_id=1552"},"modified":"2025-12-17T09:28:51","modified_gmt":"2025-12-17T12:28:51","slug":"protocolos-de-uso","status":"publish","type":"page","link":"https:\/\/wp.ufpel.edu.br\/pianolab\/discentes-docs\/documentos\/protocolos-de-uso\/","title":{"rendered":"Protocolos de uso"},"content":{"rendered":"<div style=\"text-align: center;\"><b>Protocolos de uso a serem seguidos no PianoLab:<\/b><\/div>\n<div><\/div>\n<div>O conjunto das nove (9) esta\u00e7\u00f5es de trabalho constitui o N\u00facleo Duro do PianoLab, na Sala 506 do Bloco II do Centro de Artes. Cada esta\u00e7\u00e3o est\u00e1 numerada, e corresponde a um conjunto de 7 itens (pe\u00e7as), os quais n\u00e3o devem ser deslocados:<\/div>\n<div><span style=\"font-size: 10pt;\">&#8211; Piano digital<\/span><\/div>\n<div><span style=\"font-size: 10pt;\">&#8211; Capa<\/span><br \/>\n<span style=\"font-size: 10pt;\">&#8211; Estante de partituras<\/span><br \/>\n<span style=\"font-size: 10pt;\">&#8211; Adaptador AC<\/span><br \/>\n<span style=\"font-size: 10pt;\">&#8211; Pedal (Sustain pedal)<\/span><br \/>\n<span style=\"font-size: 10pt;\">&#8211; Pedestal<\/span><br \/>\n<span style=\"font-size: 10pt;\">&#8211; Banqueta.<\/span><\/div>\n<div><\/div>\n<div><strong>Ligando os pianos:<\/strong> Para ligar os pianos digitais do N\u00facleo Duro \u00e9 necess\u00e1rio ligar dois interruptores que acionam a r\u00e9gua de tomadas no ch\u00e3o, onde os pianos est\u00e3o permanentemente conectados:<\/div>\n<div>1. interruptor \u00e0 esquerda da janela.<\/div>\n<div>2. interruptor ao lado da porta dos fundos da sala.<\/div>\n<div><\/div>\n<div><strong>Fones de ouvido:<\/strong> H\u00e1 fones de ouvido numerados e adaptadores P2-P10 no arm\u00e1rio dos fundos (porta 4). Devem ser acoplados e conectados na sa\u00edda de fones de ouvido dos pianos, localizada na lateral frontal esquerda de cada aparelho.<\/div>\n<div><\/div>\n<div><strong>Ar condicionado:<\/strong> A sala conta com um ar condicionado inverter na parede esquerda da entrada, cujo controle remoto fica dispon\u00edvel na porta 4 do arm\u00e1rio dos fundos. Obs. o aparelho funciona com ru\u00eddo.<\/div>\n<div><\/div>\n<div><span style=\"color: #ff0000;\"><strong>Ao concluir as atividades:<\/strong><\/span><\/div>\n<div>1. <em>Desligar interruptores do n\u00facleo duro<\/em> (pianos devem ser individualmente desligados apenas no bot\u00e3o on\/off, mantendo os adaptadores ACs ligados nas tomadas).<\/div>\n<div>2. Fechar janelas e persianas para evitar umidade e sol nos pianos;<\/div>\n<div>3. Repousar horizontalmente (deitar) estantes de partitura em cima de cada piano;<\/div>\n<div>5. Cobri os pianos com as capas pl\u00e1sticas;<\/div>\n<div>6. Retornar fones e adaptadores ao arm\u00e1rio;<\/div>\n<div>7. Desligar com controle remoto o ar condicionado;<\/div>\n<div><\/div>\n<div><strong>Caixa de luz da sala 506:<\/strong><\/div>\n<div>Caso os interruptores n\u00e3o funcionem, \u00e9 porque o quadro geral de energia da sala foi desligado. A caixa de luz se encontra na sala 505, ao lado de sua porta de entrada.<\/div>\n<div><\/div>\n<div><strong>Nota sobre equipamento avariado:<\/strong><br \/>\nUm dos 8 bancos do N\u00facleo Duro est\u00e1 estragado, sem condi\u00e7\u00f5es de uso (depositado na sala &#8216;cabine&#8217; dos fundos). Caso a ocupa\u00e7\u00e3o das esta\u00e7\u00f5es de trabalho atinja a totalidade, ser\u00e1 necess\u00e1rio a reposi\u00e7\u00e3o com uma cadeira azul do espa\u00e7o ou com o banco do piano do instrutor.<\/div>\n<div><\/div>\n<div style=\"text-align: right;\"><span style=\"font-size: 8pt;\">Atualizado em 17\/12\/2025<\/span><\/div>\n","protected":false},"excerpt":{"rendered":"<p>Protocolos de uso a serem seguidos no PianoLab: O conjunto das nove (9) esta\u00e7\u00f5es de trabalho constitui o N\u00facleo Duro do PianoLab, na Sala 506 do Bloco II do Centro de Artes. Cada esta\u00e7\u00e3o est\u00e1 numerada, e corresponde a um conjunto de 7 itens (pe\u00e7as), os quais n\u00e3o devem ser deslocados: &#8211; Piano digital &#8211; &hellip; <\/p>\n<p class=\"link-more\"><a href=\"https:\/\/wp.ufpel.edu.br\/pianolab\/discentes-docs\/documentos\/protocolos-de-uso\/\" class=\"more-link\">Continue lendo<span class=\"screen-reader-text\"> &#8220;Protocolos de uso&#8221;<\/span><\/a><\/p>\n","protected":false},"author":1093,"featured_media":0,"parent":714,"menu_order":1,"comment_status":"closed","ping_status":"closed","template":"","meta":{"footnotes":""},"class_list":["post-1552","page","type-page","status-publish","hentry"],"jetpack-related-posts":[],"jetpack_sharing_enabled":true,"_links":{"self":[{"href":"https:\/\/wp.ufpel.edu.br\/pianolab\/wp-json\/wp\/v2\/pages\/1552","targetHints":{"allow":["GET"]}}],"collection":[{"href":"https:\/\/wp.ufpel.edu.br\/pianolab\/wp-json\/wp\/v2\/pages"}],"about":[{"href":"https:\/\/wp.ufpel.edu.br\/pianolab\/wp-json\/wp\/v2\/types\/page"}],"author":[{"embeddable":true,"href":"https:\/\/wp.ufpel.edu.br\/pianolab\/wp-json\/wp\/v2\/users\/1093"}],"replies":[{"embeddable":true,"href":"https:\/\/wp.ufpel.edu.br\/pianolab\/wp-json\/wp\/v2\/comments?post=1552"}],"version-history":[{"count":3,"href":"https:\/\/wp.ufpel.edu.br\/pianolab\/wp-json\/wp\/v2\/pages\/1552\/revisions"}],"predecessor-version":[{"id":1656,"href":"https:\/\/wp.ufpel.edu.br\/pianolab\/wp-json\/wp\/v2\/pages\/1552\/revisions\/1656"}],"up":[{"embeddable":true,"href":"https:\/\/wp.ufpel.edu.br\/pianolab\/wp-json\/wp\/v2\/pages\/714"}],"wp:attachment":[{"href":"https:\/\/wp.ufpel.edu.br\/pianolab\/wp-json\/wp\/v2\/media?parent=1552"}],"curies":[{"name":"wp","href":"https:\/\/api.w.org\/{rel}","templated":true}]}}