{"id":50,"date":"2020-06-23T14:23:45","date_gmt":"2020-06-23T17:23:45","guid":{"rendered":"https:\/\/wp.ufpel.edu.br\/photographeinescola\/?page_id=50"},"modified":"2021-05-10T21:00:32","modified_gmt":"2021-05-11T00:00:32","slug":"resumos-expandidos","status":"publish","type":"page","link":"https:\/\/wp.ufpel.edu.br\/photographeinescola\/publicacoes\/resumos-expandidos\/","title":{"rendered":"Resumos expandidos"},"content":{"rendered":"<p style=\"text-align: center\">2015<\/p>\n<p><a href=\"https:\/\/wp.ufpel.edu.br\/congressoextensao\/files\/2015\/11\/Cultura.pdf\"><strong>O PHOTOGRAPHEIN VAI \u00c0 EMEF PEIXOTO PRIMO <\/strong><\/a><\/p>\n<p style=\"text-align: justify\">A partir das pesquisas da equipe do PhotoGraphein \u2013 N\u00facleo de Pesquisa em Fotografia e Educa\u00e7\u00e3o (UFPel\/CNPq) acerca da forma\u00e7\u00e3o da imagem a partir de diversas Tecnologias do Imagin\u00e1rio, levamos aos alunos da EMEF Peixoto Primo no Balne\u00e1rio Cassino (Rio Grande, RS) as a\u00e7\u00f5es extensionistas realizadas pelo projeto \u201cO PhotoGraphein vai \u00e0 Escola\u201d. Durante nossas visitas, investigamos m\u00e9todos artesanais que retomam as primeiras experi\u00eancias dos princ\u00edpios da fotografia, a fim de sensibilizar os olhares cr\u00edticos sobre a produ\u00e7\u00e3o em massa de imagens na contemporaneidade. Tal proposta est\u00e1 em acordo com os objetivos do N\u00facleo de privilegiar a explora\u00e7\u00e3o de meios alternativos de produ\u00e7\u00e3o de imagens, em especial a fotogr\u00e1fica, em contraponto ao uso dos meios digitais e de suas resolu\u00e7\u00f5es matem\u00e1ticas. Isso, visando um retorno \u00e0s origens dos processos tecnol\u00f3gicos para entendimento da visualidade contempor\u00e2nea, dos recursos de produ\u00e7\u00e3o de imagens e suas reverbera\u00e7\u00f5es no p\u00fablico escolar, e delimita\u00e7\u00e3o de metodologias poss\u00edveis para o desenvolvimento de pr\u00e1ticas pedag\u00f3gicas em Artes Visuais em conson\u00e2ncia com as solicita\u00e7\u00f5es da contemporaneidade. Nesse contexto, o que denominamos \u201ctecnologias do imagin\u00e1rio\u201d (Silva, 2006) s\u00e3o dispositivos que permitem a forma\u00e7\u00e3o de la\u00e7os sociais que produzem o simb\u00f3lico da sociedade. Para Juremir Machado da Silva tais tecnologias s\u00e3o dispositivos de produ\u00e7\u00e3o de vis\u00f5es de mundo, mecanismos imaginativos usados para a sujei\u00e7\u00e3o de indiv\u00edduos sem destinat\u00e1rio, estrat\u00e9gias de cristaliza\u00e7\u00e3o.<\/p>\n<p style=\"text-align: center\">2016<\/p>\n<p><a href=\"https:\/\/wp.ufpel.edu.br\/congressoextensao\/files\/2016\/12\/EDUCA%C3%87AO-2016-.pdf\"><strong>PROCESSOS DE AUTOFORMA\u00c7\u00c3O DOCENTE NO \u201cPHOTOGRAPHEIN VAI \u00c0\u00a0<\/strong><strong>ESCOLA\u201d<\/strong><\/a><\/p>\n<p style=\"text-align: justify\">E \u00e9 sobre os resultados de \u201ctrabalhos pedag\u00f3gicos aut\u00f4nomos\u201d, autoformativos, que versa este texto, refletindo sobre as atividades extensionistas do \u201cPhotoGraphein vai \u00e0 Escola\u201d(2015\/2016), um projeto desenvolvido no \u00e2mbito do PhotoGraphein \u2013 N\u00facleo de Pesquisa em Fotografia e Educa\u00e7\u00e3o (UFPel\/CNPq). Trata-se das a\u00e7\u00f5es desenvolvidas em parceria com a Escola Municipal de Ensino Fundamental Peixoto Primo, localizada no Balne\u00e1rio Cassino, em Rio Grande, atrav\u00e9s da sua professora de Artes X\u00eania Velloso, integrante do N\u00facleo. O grupo tem contribu\u00eddo com a escola, com trabalhos de extens\u00e3o desde 2014. Durante este per\u00edodo se tornaram mais evidentes a troca de conhecimentos entre professores e alunos e uma educa\u00e7\u00e3o menos hierarquizada, criando uma rela\u00e7\u00e3o mais profunda com a comunidade, conhecendo seus alunos e professores atrav\u00e9s do conv\u00edvio durante a rotina escolar. As atividades foram realizadas em dois turnos com os alunos da professora Xenia Velloso que participam do grupo \u201cPhotographein Vai \u00e0 Escola\u201d que d\u00e1 continuidade \u00e0s nossas atividades.<\/p>\n<p style=\"text-align: center\">2017<\/p>\n<p><a href=\"https:\/\/wp.ufpel.edu.br\/congressoextensao\/files\/2018\/07\/Educa%C3%A7%C3%A3o.pdf\"><strong>A FOTOGRAFIA E A ARTE POSTAL COMO OBJETOS DE REFLEX\u00c3O DENTRO DA REALIDADE ESCOLAR<\/strong><\/a><\/p>\n<p>RESUMO: Este trabalho tem como mote principal relacionar a fotografia como pr\u00e1tica agu\u00e7adora do olhar reflexivo a atividades realizadas em diferentes escolas nas cidades de Pelotas e Rio Grande, integrando as a\u00e7\u00f5es do projeto de extens\u00e3o \u201cPhotoGraphein vai \u00e0 Escola\u201d (CA\/UFPel). Tal projeto se insere no \u00e2mbito das a\u00e7\u00f5es de extens\u00e3o do Photo- Graphein \u2013 N\u00facleo de Pesquisa em Fotografia e Educa\u00e7\u00e3o (UFPel\/CNPq), sediado no Centro de Artes, da Universidade Federal de Pelotas, levando para a realidade escolar o resultado de pesquisas desenvolvidas no N\u00facleo. O \u201cPhotoGraphein vai \u00e0 Escola\u201d tamb\u00e9m integra as a\u00e7\u00f5es do Programa Arte, Educa\u00e7\u00e3o e Cidadania, da referida universidade, coordenado pela professora N\u00e1dia Senna.<\/p>\n<p style=\"text-align: center\">2018<\/p>\n<p style=\"text-align: justify\"><a href=\"https:\/\/wp.ufpel.edu.br\/congressoextensao\/files\/2018\/12\/Educa%C3%A7%C3%A3o.pdf\"><strong>O VER E O OLHAR: A FOTOGRAFIA COMO PROPULSORA DE REFLEX\u00d5ES ACERCA DA PRODU\u00c7\u00c3O DE IMAGENS<\/strong><\/a><\/p>\n<p style=\"text-align: justify\">Este trabalho tem por objetivo apresentar e discutir sobre atividades realizadas em diferentes escolas nas cidades de Pelotas e Rio Grande, que integram as a\u00e7\u00f5es do projeto de extens\u00e3o \u201cPhotoGraphein vai \u00e0 Escola\u201d (CA\/UFPel). O referido projeto, desde 2012, tem como objetivo o de proporcionar aos escolares a constru\u00e7\u00e3o de conhecimentos no campo de Artes Visuais, tendo como tema propulsor a fotografia, utilizando-a como recurso amplificador do olhar sens\u00edvel e cr\u00edtico sobre o cotidiano. Tal projeto se insere no \u00e2mbito das a\u00e7\u00f5es de extens\u00e3o do PhotoGraphein &#8211; N\u00facleo de Pesquisa em Fotografia e Educa\u00e7\u00e3o(UFPel\/CNPq), levando para a realidade escolar o resultado de pesquisas desenvolvidas no N\u00facleo, e propiciando a aproxima\u00e7\u00e3o dos docentes em forma\u00e7\u00e3o do contexto escolar.<\/p>\n<p>&nbsp;<\/p>\n<p style=\"text-align: justify\"><a href=\"https:\/\/wp.ufpel.edu.br\/congressoextensao\/files\/2018\/12\/Educa%C3%A7%C3%A3o.pdf\"><strong>A FOTOGRAFIA E OS SENTIDOS: A OBRA DE EVGEN BAVCAR E PR\u00c1TICAS ART\u00cdSTICAS NA REALIDADE ESCOLAR<\/strong><\/a><\/p>\n<p style=\"text-align: justify\">O presente trabalho tem como objetivo discutir sobre as rela\u00e7\u00f5es entre imagem, fotografia e sentidos na obra do fot\u00f3grafo cego Evgen Bavcar, relacionando com pr\u00e1ticas art\u00edsticas desenvolvidas com um grupo de alunos do ensino fundamental. Por n\u00e3o possuir a fun\u00e7\u00e3o da vis\u00e3o, Evgen acabou subvertendo outros sentidos e os utilizando a favor da produ\u00e7\u00e3o de imagens visuais. Com a refer\u00eancia do artista, foi elaborada uma atividade pr\u00e1tica com a tem\u00e1tica \u2018fotografia de olhos vendados\u2019. A atividade foi desenvolvida no projeto de extens\u00e3o Arteiros do Cotidiano, relacionado \u00e0 disciplina Artes Visuais na Educa\u00e7\u00e3o III, do curso de Artes Visuais \u2013 Licenciatura (CEARTE, UFPel), com uma turma de 5\u00ba ano da EMEF Felix da Cunha, situada em Pelotas (RS) e tinha como objetivo refletir sobre a produ\u00e7\u00e3o de imagens e a percep\u00e7\u00e3o dos sentidos sobre elas.<\/p>\n<p style=\"text-align: center\">2020<\/p>\n<p><a href=\"https:\/\/wp.ufpel.edu.br\/photographeinescola\/files\/2021\/05\/CEC_2020-Ana-B.-R.-Rosse.pdf\"><strong>O \u201cPHOTOGRAPHEIN VAI \u00c0 ESCOLA\u201d EM TEMPOS PAND\u00caMICOS<\/strong><\/a><\/p>\n<p>O projeto de extens\u00e3o \u201cPhotographein Vai \u00e0 Escola\u201d, criado em 2012, inserido \u00e2mbito das a\u00e7\u00f5es de extens\u00e3o do PhotoGraphein \u2013 N\u00facleo de Pesquisa em Fotografia e Educa\u00e7\u00e3o (UFPel\/CNPq), tem o objetivo de levar conhecimentos de forma l\u00fadica e proporcionar discuss\u00f5es cr\u00edticas em torno das leituras visuais do mundo e do consumo consciente das imagens, aos alunos de escolas p\u00fablicas do ensino fundamental dos munic\u00edpios de Pelotas e Rio Grande. Entretanto, por conta das peculiaridades pand\u00eamicas do t\u00e3o chamado \u201cnovo normal\u201d, que nos encontramos nesse ano de 2020, foram necess\u00e1rios o replanejamento e o remodelamento do projeto.Assim, o presente artigo tem por finalidade expor a caminhada, \u00e0s atividades, modifica\u00e7\u00f5es e dificuldades enfrentadas pelo projeto de extens\u00e3o \u201cPhotoGraphein vai \u00e0 Escola\u201d neste ano de 2020, em meio a uma pandemia, um trabalho vinculado \u00e0 bolsa PBA\/Extens\u00e3o\/AAF. Dentre essas, a cria\u00e7\u00e3o de um website para o projeto tamb\u00e9m como espa\u00e7o de mem\u00f3ria, dispon\u00edvel em: https:\/\/wp.ufpel.edu.br\/photographeinescola\/<\/p>\n<p>&nbsp;<\/p>\n<p>&nbsp;<\/p>\n","protected":false},"excerpt":{"rendered":"<p>2015 O PHOTOGRAPHEIN VAI \u00c0 EMEF PEIXOTO PRIMO A partir das pesquisas da equipe do PhotoGraphein \u2013 N\u00facleo de Pesquisa em Fotografia e Educa\u00e7\u00e3o (UFPel\/CNPq) acerca da forma\u00e7\u00e3o da imagem a partir de diversas Tecnologias do Imagin\u00e1rio, levamos aos alunos da EMEF Peixoto Primo no Balne\u00e1rio Cassino (Rio Grande, RS) as a\u00e7\u00f5es extensionistas realizadas pelo [&hellip;]<\/p>\n","protected":false},"author":1026,"featured_media":0,"parent":14,"menu_order":0,"comment_status":"closed","ping_status":"closed","template":"","meta":{"footnotes":""},"class_list":["post-50","page","type-page","status-publish","hentry"],"_links":{"self":[{"href":"https:\/\/wp.ufpel.edu.br\/photographeinescola\/wp-json\/wp\/v2\/pages\/50","targetHints":{"allow":["GET"]}}],"collection":[{"href":"https:\/\/wp.ufpel.edu.br\/photographeinescola\/wp-json\/wp\/v2\/pages"}],"about":[{"href":"https:\/\/wp.ufpel.edu.br\/photographeinescola\/wp-json\/wp\/v2\/types\/page"}],"author":[{"embeddable":true,"href":"https:\/\/wp.ufpel.edu.br\/photographeinescola\/wp-json\/wp\/v2\/users\/1026"}],"replies":[{"embeddable":true,"href":"https:\/\/wp.ufpel.edu.br\/photographeinescola\/wp-json\/wp\/v2\/comments?post=50"}],"version-history":[{"count":7,"href":"https:\/\/wp.ufpel.edu.br\/photographeinescola\/wp-json\/wp\/v2\/pages\/50\/revisions"}],"predecessor-version":[{"id":383,"href":"https:\/\/wp.ufpel.edu.br\/photographeinescola\/wp-json\/wp\/v2\/pages\/50\/revisions\/383"}],"up":[{"embeddable":true,"href":"https:\/\/wp.ufpel.edu.br\/photographeinescola\/wp-json\/wp\/v2\/pages\/14"}],"wp:attachment":[{"href":"https:\/\/wp.ufpel.edu.br\/photographeinescola\/wp-json\/wp\/v2\/media?parent=50"}],"curies":[{"name":"wp","href":"https:\/\/api.w.org\/{rel}","templated":true}]}}