{"id":47,"date":"2020-06-23T14:23:18","date_gmt":"2020-06-23T17:23:18","guid":{"rendered":"https:\/\/wp.ufpel.edu.br\/photographeinescola\/?page_id=47"},"modified":"2020-12-06T20:57:23","modified_gmt":"2020-12-06T23:57:23","slug":"entrevistas","status":"publish","type":"page","link":"https:\/\/wp.ufpel.edu.br\/photographeinescola\/publicacoes\/entrevistas\/","title":{"rendered":"Entrevistas"},"content":{"rendered":"<h3 class=\"single_post_inside\"><a href=\"https:\/\/drive.google.com\/file\/d\/1l44LYc-SFkwZc9hF2-B98MOYubYga38E\/view?usp=sharing\"><strong>Amanda Ribeiro Corr\u00eaa (VOLUNT\u00c1RIA 2012 &#8211; PROFESSORA)<\/strong><\/a><\/h3>\n<h3 class=\"single_post_inside\"><strong>B\u00e1rbara Cezano Rody (BOLSISTA 2014)<\/strong><\/h3>\n<h3 class=\"single_post_inside\"><a href=\"https:\/\/drive.google.com\/file\/d\/1zVLhBC_JO-bxyEuqaZou5DjXw64F_qfP\/view?usp=sharing\"><strong>Gustavo Reginato (BOLSISTA 2015)<\/strong><\/a><\/h3>\n<h3 class=\"single_post_inside\"><a href=\"https:\/\/drive.google.com\/file\/d\/1pUSaawD4CV1_dnAiOUrHcdwHTMX9YWkM\/view?usp=sharing\"><strong>Guilherme Susin Sirtoli (BOLSISTA 2016-2018)<\/strong><\/a><\/h3>\n<article>\n<p style=\"text-align: justify\">\n<\/article>\n<article><\/article>\n","protected":false},"excerpt":{"rendered":"<p>Amanda Ribeiro Corr\u00eaa (VOLUNT\u00c1RIA 2012 &#8211; PROFESSORA) B\u00e1rbara Cezano Rody (BOLSISTA 2014) Gustavo Reginato (BOLSISTA 2015) Guilherme Susin Sirtoli (BOLSISTA 2016-2018)<\/p>\n","protected":false},"author":1026,"featured_media":0,"parent":14,"menu_order":0,"comment_status":"closed","ping_status":"closed","template":"","meta":{"footnotes":""},"class_list":["post-47","page","type-page","status-publish","hentry"],"_links":{"self":[{"href":"https:\/\/wp.ufpel.edu.br\/photographeinescola\/wp-json\/wp\/v2\/pages\/47","targetHints":{"allow":["GET"]}}],"collection":[{"href":"https:\/\/wp.ufpel.edu.br\/photographeinescola\/wp-json\/wp\/v2\/pages"}],"about":[{"href":"https:\/\/wp.ufpel.edu.br\/photographeinescola\/wp-json\/wp\/v2\/types\/page"}],"author":[{"embeddable":true,"href":"https:\/\/wp.ufpel.edu.br\/photographeinescola\/wp-json\/wp\/v2\/users\/1026"}],"replies":[{"embeddable":true,"href":"https:\/\/wp.ufpel.edu.br\/photographeinescola\/wp-json\/wp\/v2\/comments?post=47"}],"version-history":[{"count":12,"href":"https:\/\/wp.ufpel.edu.br\/photographeinescola\/wp-json\/wp\/v2\/pages\/47\/revisions"}],"predecessor-version":[{"id":364,"href":"https:\/\/wp.ufpel.edu.br\/photographeinescola\/wp-json\/wp\/v2\/pages\/47\/revisions\/364"}],"up":[{"embeddable":true,"href":"https:\/\/wp.ufpel.edu.br\/photographeinescola\/wp-json\/wp\/v2\/pages\/14"}],"wp:attachment":[{"href":"https:\/\/wp.ufpel.edu.br\/photographeinescola\/wp-json\/wp\/v2\/media?parent=47"}],"curies":[{"name":"wp","href":"https:\/\/api.w.org\/{rel}","templated":true}]}}

<h3 class="single_post_inside"><a href="https://drive.google.com/file/d/1l44LYc-SFkwZc9hF2-B98MOYubYga38E/view?usp=sharing"><strong>Amanda Ribeiro Corrêa (VOLUNTÁRIA 2012 &#8211; PROFESSORA)</strong></a></h3>
<h3 class="single_post_inside"><strong>Bárbara Cezano Rody (BOLSISTA 2014)</strong></h3>
<h3 class="single_post_inside"><a href="https://drive.google.com/file/d/1zVLhBC_JO-bxyEuqaZou5DjXw64F_qfP/view?usp=sharing"><strong>Gustavo Reginato (BOLSISTA 2015)</strong></a></h3>
<h3 class="single_post_inside"><a href="https://drive.google.com/file/d/1pUSaawD4CV1_dnAiOUrHcdwHTMX9YWkM/view?usp=sharing"><strong>Guilherme Susin Sirtoli (BOLSISTA 2016-2018)</strong></a></h3>
<article>
<p style="text-align: justify">
</article>
<article></article>

<p>Amanda Ribeiro Corrêa (VOLUNTÁRIA 2012 &#8211; PROFESSORA) Bárbara Cezano Rody (BOLSISTA 2014) Gustavo Reginato (BOLSISTA 2015) Guilherme Susin Sirtoli (BOLSISTA 2016-2018)</p>
