{"id":1254,"date":"2013-01-03T13:25:13","date_gmt":"2013-01-03T15:25:13","guid":{"rendered":"http:\/\/ifm.ufpel.edu.br\/pgfisica\/site\/?page_id=1254"},"modified":"2018-04-25T15:54:59","modified_gmt":"2018-04-25T18:54:59","slug":"dissertacoes-2012","status":"publish","type":"page","link":"https:\/\/wp.ufpel.edu.br\/pgfisica\/tesesedissertacoes\/dissertacoes-2012\/","title":{"rendered":"Disserta\u00e7\u00f5es apresentadas em 2012"},"content":{"rendered":"<p>Neste link voc\u00ea poder\u00e1 encontrar a rela\u00e7\u00e3o de todas as disserta\u00e7\u00f5es apresentadas ao Programa de P\u00f3s-Gradua\u00e7\u00e3o em F\u00edsica da UFPel.<\/p>\n<p><a href=\"https:\/\/wp.ufpel.edu.br\/pgfisica\/dissertacoes\/dissertacoes-apresentadas-em-2018\/\">2018<\/a>\u00a0 <a href=\"https:\/\/wp.ufpel.edu.br\/pgfisica\/dissertacoes-2017\/\">2017<\/a> \u00a0<a href=\"https:\/\/wp.ufpel.edu.br\/pgfisica\/dissertacoes-2016\/\">2016<\/a>\u00a0 <a href=\"https:\/\/wp.ufpel.edu.br\/pgfisica\/dissertacoes-2015\/\">2015<\/a> \u00a0<a href=\"https:\/\/wp.ufpel.edu.br\/pgfisica\/dissertacoes-2014\/\">2014<\/a>\u00a0 <a href=\"https:\/\/wp.ufpel.edu.br\/pgfisica\/dissertacoes-2013\/\">2013<\/a>\u00a0 2012\u00a0 <a href=\"https:\/\/wp.ufpel.edu.br\/pgfisica\/dissertacoes-2011\/\">2011<\/a>\u00a0 <a href=\"https:\/\/wp.ufpel.edu.br\/pgfisica\/dissertacoes-2010\/\">2010<\/a><\/p>\n<p>_____________________________________________________________________<\/p>\n<h3><strong>2012<\/strong><\/h3>\n<p><strong><span style=\"color: #000080\">15. <span style=\"color: #000000\"><span style=\"background: #ccffff\">T\u00edtulo: Estudo em simula\u00e7\u00e3o Monte Carlo de sistemas coloidais com descontinuidade diel\u00e9trica <\/span><\/span><\/span><\/strong><br \/>\n<strong>Autor:<\/strong><span style=\"color: #ff0000\"> Ronaldo Adriano da Silva Afonso <\/span><br \/>\n<strong>Orientador:<\/strong> Alexandre Diehl<br \/>\n<strong>Defesa:<\/strong> 31\/10\/2012<br \/>\n<strong>Palavras-Chave:<\/strong> Sistemas coloidais; descontinuidade diel\u00e9trica; simula\u00e7\u00e3o Monte Carlo.<br \/>\n<strong>\u00c1rea de Conhecimento:<\/strong> F\u00edsica Estat\u00edstica e Termodin\u00e2mica<\/p>\n<p><strong><span style=\"color: #000080\">14. <span style=\"color: #000000\"><span style=\"background: #ccffff\">T\u00edtulo: Estudo da microestrutura e da relaxa\u00e7\u00e3o magn\u00e9tica em supercondutores de Y<sub>1-X<\/sub>Ca<sub>X<\/sub>Ba<sub>2<\/sub>Cu<sub>3<\/sub>O<sub>7-<\/sub><sub>\u03b4<\/sub>\u00a0texturizado <\/span><\/span><\/span><\/strong><br \/>\n<strong>Autor:<\/strong><span style=\"color: #ff0000\"> Cristol de Paiva Gouv\u00eaa <\/span><br \/>\n<strong>Orientador:<\/strong> F\u00e1bio Teixeira Dias<br \/>\n<strong><strong>Coorientador<\/strong>:<\/strong> Br\u00e1ulio Soares Archanjo<br \/>\n<strong>Defesa:<\/strong> 05\/10\/2012<br \/>\n<strong>Palavras-Chave:<\/strong> Supercondutividade. Efeito Meissner. Microscopia Eletr\u00f4nica.<br \/>\n<strong>\u00c1rea de Conhecimento:<\/strong> F\u00edsica da Mat\u00e9ria Condensada<\/p>\n<p><strong><span style=\"color: #000080\">13. <span style=\"color: #000000\"><span style=\"background: #ccffff\">T\u00edtulo: Implica\u00e7\u00f5es fenomenol\u00f3gicas da alta densidade part\u00f4nica na produ\u00e7\u00e3o de dil\u00e9ptons para energias de raios c\u00f3smicos <\/span><\/span><\/span><\/strong><br \/>\n<strong>Autor:<\/strong><span style=\"color: #ff0000\"> Ros\u00e1lia Kruger de Castro<\/span><br \/>\n<strong>Orientador:<\/strong> Victor Paulo Barros Gon\u00e7alves<br \/>\n<strong><strong>Coorientador<\/strong>:<\/strong> Marcos Andr\u00e9 Betemps Vaz da Silva<br \/>\n<strong>Defesa:<\/strong> 19\/09\/2012<br \/>\n<strong>Palavras-Chave:<\/strong> Cromodin\u00e2mica Qu\u00e2ntica. Processo Drell-Yan. Efeitos de Alta Densidade, Raios C\u00f3smicos.<br \/>\n<strong>\u00c1rea de Conhecimento:<\/strong> F\u00edsica das Part\u00edculas Elementares e Campos<\/p>\n<p><strong><span style=\"color: #000080\">12. <span style=\"color: #000000\"><span style=\"background: #ccffff\">T\u00edtulo: S\u00edntese e caracteriza\u00e7\u00e3o de \u00f3xidos de van\u00e1dio (V2O5.n_H2O) dopados com \u00e1tomos de cobalto <\/span><\/span><\/span><\/strong><br \/>\n<strong>Autor:<\/strong><span style=\"color: #ff0000\"> L\u00facia Irala Leit\u00e3o <\/span><br \/>\n<strong>Orientador:<\/strong> Douglas Langie da Silva<br \/>\n<strong>Defesa:<\/strong> 31\/07\/2012<br \/>\n<strong>Palavras-Chave:<\/strong> Sol-gel. V2O5. Caracteriza\u00e7\u00e3o Estrutural.<br \/>\n<strong>\u00c1rea de Conhecimento:<\/strong> F\u00edsica da Mat\u00e9ria Condensada<\/p>\n<p><strong><span style=\"color: #000080\">11. <span style=\"color: #000000\"><span style=\"background: #ccffff\">T\u00edtulo: Fotoprodu\u00e7\u00e3o de Pares de L\u00e9ptons em Colis\u00f5es Pr\u00f3ton-N\u00facleo e N\u00facleo-N\u00facleo no Grande Colisor de H\u00e1drons <\/span><\/span><\/span><\/strong><br \/>\n<strong>Autor:<\/strong><span style=\"color: #ff0000\"> Bruno Duarte da Silva Moreira<\/span><br \/>\n<strong>Orientador:<\/strong> Victor Paulo Barros Gon\u00e7alves<br \/>\n<strong><strong>Coorientador<\/strong>:<\/strong> Jo\u00e3o Thiago de Santana Amaral<br \/>\n<strong>Defesa:<\/strong> 26\/07\/2012<br \/>\n<strong>Palavras-Chave:<\/strong> Eletrodin\u00e2mica Qu\u00e2ntica. L\u00e9ptons. Pr\u00f3tons.<br \/>\n<strong>\u00c1rea de Conhecimento:<\/strong> F\u00edsica de Part\u00edculas Elementares e Campos<\/p>\n","protected":false},"excerpt":{"rendered":"<p>Neste link voc\u00ea poder\u00e1 encontrar a rela\u00e7\u00e3o de todas as disserta\u00e7\u00f5es apresentadas ao Programa de P\u00f3s-Gradua\u00e7\u00e3o em F\u00edsica da UFPel. 2018\u00a0 2017 \u00a02016\u00a0 2015 \u00a02014\u00a0 2013\u00a0 2012\u00a0 2011\u00a0 2010 _____________________________________________________________________ 2012 15. T\u00edtulo: Estudo em simula\u00e7\u00e3o Monte Carlo de sistemas coloidais com descontinuidade diel\u00e9trica Autor: Ronaldo Adriano da Silva Afonso Orientador: Alexandre Diehl Defesa: 31\/10\/2012 &hellip; <a href=\"https:\/\/wp.ufpel.edu.br\/pgfisica\/tesesedissertacoes\/dissertacoes-2012\/\" class=\"more-link\">Continue lendo <span class=\"screen-reader-text\">Disserta\u00e7\u00f5es apresentadas em 2012<\/span> <span class=\"meta-nav\">&rarr;<\/span><\/a><\/p>\n","protected":false},"author":220,"featured_media":0,"parent":3811,"menu_order":24,"comment_status":"closed","ping_status":"closed","template":"","meta":{"jetpack_post_was_ever_published":false,"footnotes":""},"class_list":["post-1254","page","type-page","status-publish","hentry"],"jetpack_sharing_enabled":true,"jetpack_shortlink":"https:\/\/wp.me\/P94N8p-ke","_links":{"self":[{"href":"https:\/\/wp.ufpel.edu.br\/pgfisica\/wp-json\/wp\/v2\/pages\/1254","targetHints":{"allow":["GET"]}}],"collection":[{"href":"https:\/\/wp.ufpel.edu.br\/pgfisica\/wp-json\/wp\/v2\/pages"}],"about":[{"href":"https:\/\/wp.ufpel.edu.br\/pgfisica\/wp-json\/wp\/v2\/types\/page"}],"author":[{"embeddable":true,"href":"https:\/\/wp.ufpel.edu.br\/pgfisica\/wp-json\/wp\/v2\/users\/220"}],"replies":[{"embeddable":true,"href":"https:\/\/wp.ufpel.edu.br\/pgfisica\/wp-json\/wp\/v2\/comments?post=1254"}],"version-history":[{"count":3,"href":"https:\/\/wp.ufpel.edu.br\/pgfisica\/wp-json\/wp\/v2\/pages\/1254\/revisions"}],"predecessor-version":[{"id":4137,"href":"https:\/\/wp.ufpel.edu.br\/pgfisica\/wp-json\/wp\/v2\/pages\/1254\/revisions\/4137"}],"up":[{"embeddable":true,"href":"https:\/\/wp.ufpel.edu.br\/pgfisica\/wp-json\/wp\/v2\/pages\/3811"}],"wp:attachment":[{"href":"https:\/\/wp.ufpel.edu.br\/pgfisica\/wp-json\/wp\/v2\/media?parent=1254"}],"curies":[{"name":"wp","href":"https:\/\/api.w.org\/{rel}","templated":true}]}}