{"id":81,"date":"2015-10-16T12:41:47","date_gmt":"2015-10-16T15:41:47","guid":{"rendered":"https:\/\/wp.ufpel.edu.br\/pgenfermagem\/?page_id=81"},"modified":"2025-06-11T03:16:34","modified_gmt":"2025-06-11T06:16:34","slug":"credenciamento","status":"publish","type":"page","link":"https:\/\/wp.ufpel.edu.br\/pgenfermagem\/docentes\/credenciamento\/","title":{"rendered":"Credenciamento"},"content":{"rendered":"<p><!-- \n\n<details id=\"always-open\" open>\n\n<summary style=\"list-style: none; font-weight: normal; text-align: justify;\"><strong><span style=\"font-family: helvetica, arial, sans-serif; font-size: 14pt;\">Credenciamento<\/span><\/strong><\/summary>\n\n --><\/p>\n<details id=\"always-open\" open>\n<summary style=\"list-style: none;\"><\/summary>\n<details id=\"always-open\" open>\n<summary style=\"list-style: none;\"><\/summary>\n<p style=\"font-weight: normal; text-align: justify;\">\nOs professores interessados em se credenciar como docentes permanentes do Programa de P\u00f3s-Gradua\u00e7\u00e3o em Enfermagem devem, no per\u00edodo de inscri\u00e7\u00f5es, apresentar na Secretaria do Programa os documentos que ser\u00e3o solicitados pela Comiss\u00e3o de Credenciamento.<\/p>\n<\/details>\n<\/details>\n<p><!-- <\/details>\n\n --><\/p>\n","protected":false},"excerpt":{"rendered":"<p>Os professores interessados em se credenciar como docentes permanentes do Programa de P\u00f3s-Gradua\u00e7\u00e3o em Enfermagem devem, no per\u00edodo de inscri\u00e7\u00f5es, apresentar na Secretaria do Programa os documentos que ser\u00e3o solicitados pela Comiss\u00e3o de Credenciamento.<\/p>\n","protected":false},"author":576,"featured_media":0,"parent":75,"menu_order":0,"comment_status":"closed","ping_status":"closed","template":"","meta":{"footnotes":""},"class_list":["post-81","page","type-page","status-publish","hentry","post"],"jetpack_sharing_enabled":true,"jetpack_shortlink":"https:\/\/wp.me\/P7ii95-1j","jetpack-related-posts":[],"_links":{"self":[{"href":"https:\/\/wp.ufpel.edu.br\/pgenfermagem\/wp-json\/wp\/v2\/pages\/81","targetHints":{"allow":["GET"]}}],"collection":[{"href":"https:\/\/wp.ufpel.edu.br\/pgenfermagem\/wp-json\/wp\/v2\/pages"}],"about":[{"href":"https:\/\/wp.ufpel.edu.br\/pgenfermagem\/wp-json\/wp\/v2\/types\/page"}],"author":[{"embeddable":true,"href":"https:\/\/wp.ufpel.edu.br\/pgenfermagem\/wp-json\/wp\/v2\/users\/576"}],"replies":[{"embeddable":true,"href":"https:\/\/wp.ufpel.edu.br\/pgenfermagem\/wp-json\/wp\/v2\/comments?post=81"}],"version-history":[{"count":12,"href":"https:\/\/wp.ufpel.edu.br\/pgenfermagem\/wp-json\/wp\/v2\/pages\/81\/revisions"}],"predecessor-version":[{"id":5185,"href":"https:\/\/wp.ufpel.edu.br\/pgenfermagem\/wp-json\/wp\/v2\/pages\/81\/revisions\/5185"}],"up":[{"embeddable":true,"href":"https:\/\/wp.ufpel.edu.br\/pgenfermagem\/wp-json\/wp\/v2\/pages\/75"}],"wp:attachment":[{"href":"https:\/\/wp.ufpel.edu.br\/pgenfermagem\/wp-json\/wp\/v2\/media?parent=81"}],"curies":[{"name":"wp","href":"https:\/\/api.w.org\/{rel}","templated":true}]}}