{"id":2722,"date":"2021-03-30T15:43:18","date_gmt":"2021-03-30T18:43:18","guid":{"rendered":"https:\/\/wp.ufpel.edu.br\/pgenfermagem\/?page_id=2722"},"modified":"2025-06-11T01:41:07","modified_gmt":"2025-06-11T04:41:07","slug":"historico","status":"publish","type":"page","link":"https:\/\/wp.ufpel.edu.br\/pgenfermagem\/historico\/","title":{"rendered":"Hist\u00f3rico"},"content":{"rendered":"<p><!-- \n\n<details id=\"always-open\" open>\n\n<summary style=\"list-style: none; font-weight: normal; text-align: justify;\"><strong><span style=\"font-family: helvetica, arial, sans-serif; font-size: 14pt;\">Hist\u00f3rico<\/span><\/strong><\/summary>\n\n --><\/p>\n<details id=\"always-open\" open>\n<summary style=\"list-style: none;\"><\/summary>\n<details id=\"always-open\" open>\n<summary style=\"list-style: none;\"><\/summary>\n<p style=\"font-weight: normal; text-align: justify;\">O Programa de P\u00f3s-Gradua\u00e7\u00e3o em\u00a0Enfermagem\u00a0da Universidade Federal de Pelotas teve in\u00edcio no ano de 2008, com ingresso da primeira turma de mestrado acad\u00eamico, e conceito 3 pela CAPES. Em 2011, a proposta de doutorado foi aceita e em 2012 teve in\u00edcio a primeira turma deste curso, com avalia\u00e7\u00e3o 4 da CAPES. Na avalia\u00e7\u00e3o trienal 2010-2012 o programa recebeu nota 4, tanto para o mestrado quanto para o doutorado. Na avalia\u00e7\u00e3o seguinte da CAPES (2013-2016), o Programa atingiu a nota 5. Ambos os cursos de P\u00f3s-Gradua\u00e7\u00e3o s\u00e3o multiprofissionais, permitindo o ingresso de docentes e discentes das diversas \u00e1reas da sa\u00fade.<br \/>\nO PPGEnf\/UFPel tem como \u00e1rea de concentra\u00e7\u00e3o \u201cPr\u00e1ticas Sociais em\u00a0Enfermagem\u00a0e Sa\u00fade\u201d e possui duas linhas de pesquisa, a linha 1 \u201cSa\u00fade mental e coletiva, processo do trabalho, gest\u00e3o e educa\u00e7\u00e3o em\u00a0enfermagem\u00a0e sa\u00fade\u201d e a linha 2 \u201cEpidemiologia, pr\u00e1ticas e cuidado na sa\u00fade e\u00a0enfermagem. Para maiores informa\u00e7\u00f5es sobre cada uma das linhas de pesquisa e seus docentes. <a style=\"color: blue;\" href=\"https:\/\/wp.ufpel.edu.br\/pgenfermagem\/docentes\/\">Saiba mais<\/a><br \/>\nAo longo de seus anos de exist\u00eancia, o PPGEnf contou com oito coordena\u00e7\u00f5es, eleitas pelo Colegiado de Curso, sendo elas:<\/p>\n<\/details>\n<details open>\n<summary>GEST\u00d5ES<\/summary>\n<details>\n<summary> 2022 &#8211; Atual<\/summary>\n<details open>\n<summary>Coordena\u00e7\u00e3o<\/summary>\n<p><span>Suele Manjourany Silva Duro<\/details>\n<details open>\n<summary>Coordena\u00e7\u00e3o Adjunta<\/summary>\n<p><span>Clarice Alves Bonow<\/details>\n<\/details>\n<details>\n<summary> 2020 &#8211; 2021<\/summary>\n<details open>\n<summary>Coordena\u00e7\u00e3o<\/summary>\n<p><span>Clarice Alves Bonow<\/details>\n<details open>\n<summary>Coordena\u00e7\u00e3o Adjunta<\/summary>\n<p><span>Suele Manjourany Silva Duro<\/details>\n<\/details>\n<details>\n<summary> 2018 &#8211; 2019<\/summary>\n<details open>\n<summary>Coordena\u00e7\u00e3o<\/summary>\n<p><span>Elaine Thum\u00e9<\/details>\n<details open>\n<summary>Coordena\u00e7\u00e3o Adjunta<\/summary>\n<p><span>Roxana Isabel Cardozo Gonzales<\/details>\n<\/details>\n<details>\n<summary> 2015 &#8211; 2017<\/summary>\n<details open>\n<summary>Coordena\u00e7\u00e3o<\/summary>\n<p><span>Rita Maria Heck<\/details>\n<details open>\n<summary>Coordena\u00e7\u00e3o Adjunta<\/summary>\n<p><span>Elaine Thum\u00e9<\/details>\n<\/details>\n<details>\n<summary> 2013 &#8211; 2014<\/summary>\n<details open>\n<summary>Coordena\u00e7\u00e3o<\/summary>\n<p><span>Eda Schwartz<\/details>\n<details open>\n<summary>Coordena\u00e7\u00e3o Adjunta<\/summary>\n<p><span>Rita Maria Heck<\/details>\n<\/details>\n<details>\n<summary> 2011 &#8211; 2012<\/summary>\n<details open>\n<summary>Coordena\u00e7\u00e3o<\/summary>\n<p><span>Rita Maria Heck<\/details>\n<details open>\n<summary>Coordena\u00e7\u00e3o Adjunta<\/summary>\n<p><span>Elaine Thum\u00e9<\/details>\n<\/details>\n<details>\n<summary> 2009 &#8211; 2010<\/summary>\n<details open>\n<summary>Coordena\u00e7\u00e3o<\/summary>\n<p><span>Rita Maria Heck<\/details>\n<details open>\n<summary>Coordena\u00e7\u00e3o Adjunta<\/summary>\n<p><span>Eda Schwartz<\/details>\n<\/details>\n<details>\n<summary> 2008 &#8211; 2009<\/summary>\n<details open>\n<summary>Coordena\u00e7\u00e3o<\/summary>\n<p><span>Rita Maria Heck<\/details>\n<details open>\n<summary>Coordena\u00e7\u00e3o Adjunta<\/summary>\n<p><span>Luciane Prado Kantorski<\/details>\n<\/details>\n<\/details>\n<p><!-- <\/details>\n\n --><\/p>\n","protected":false},"excerpt":{"rendered":"<p>O Programa de P\u00f3s-Gradua\u00e7\u00e3o em\u00a0Enfermagem\u00a0da Universidade Federal de Pelotas teve in\u00edcio no ano de 2008, com ingresso da primeira turma de mestrado acad\u00eamico, e conceito 3 pela CAPES. Em 2011, a proposta de doutorado foi aceita e em 2012 teve in\u00edcio a primeira turma deste curso, com avalia\u00e7\u00e3o 4 da CAPES. Na avalia\u00e7\u00e3o trienal 2010-2012 [&hellip;]<\/p>\n","protected":false},"author":576,"featured_media":0,"parent":0,"menu_order":0,"comment_status":"closed","ping_status":"closed","template":"","meta":{"footnotes":""},"class_list":["post-2722","page","type-page","status-publish","hentry","post"],"jetpack_sharing_enabled":true,"jetpack_shortlink":"https:\/\/wp.me\/P7ii95-HU","jetpack-related-posts":[],"_links":{"self":[{"href":"https:\/\/wp.ufpel.edu.br\/pgenfermagem\/wp-json\/wp\/v2\/pages\/2722","targetHints":{"allow":["GET"]}}],"collection":[{"href":"https:\/\/wp.ufpel.edu.br\/pgenfermagem\/wp-json\/wp\/v2\/pages"}],"about":[{"href":"https:\/\/wp.ufpel.edu.br\/pgenfermagem\/wp-json\/wp\/v2\/types\/page"}],"author":[{"embeddable":true,"href":"https:\/\/wp.ufpel.edu.br\/pgenfermagem\/wp-json\/wp\/v2\/users\/576"}],"replies":[{"embeddable":true,"href":"https:\/\/wp.ufpel.edu.br\/pgenfermagem\/wp-json\/wp\/v2\/comments?post=2722"}],"version-history":[{"count":11,"href":"https:\/\/wp.ufpel.edu.br\/pgenfermagem\/wp-json\/wp\/v2\/pages\/2722\/revisions"}],"predecessor-version":[{"id":5097,"href":"https:\/\/wp.ufpel.edu.br\/pgenfermagem\/wp-json\/wp\/v2\/pages\/2722\/revisions\/5097"}],"wp:attachment":[{"href":"https:\/\/wp.ufpel.edu.br\/pgenfermagem\/wp-json\/wp\/v2\/media?parent=2722"}],"curies":[{"name":"wp","href":"https:\/\/api.w.org\/{rel}","templated":true}]}}

Histórico

<p><!-- 

<details id="always-open" open>

<summary style="list-style: none; font-weight: normal; text-align: justify;"><strong><span style="font-family: helvetica, arial, sans-serif; font-size: 14pt;">Histórico</span></strong></summary>

 --></p>
<details id="always-open" open>
<summary style="list-style: none;"></summary>
<details id="always-open" open>
<summary style="list-style: none;"></summary>
<p style="font-weight: normal; text-align: justify;">O Programa de Pós-Graduação em Enfermagem da Universidade Federal de Pelotas teve início no ano de 2008, com ingresso da primeira turma de mestrado acadêmico, e conceito 3 pela CAPES. Em 2011, a proposta de doutorado foi aceita e em 2012 teve início a primeira turma deste curso, com avaliação 4 da CAPES. Na avaliação trienal 2010-2012 o programa recebeu nota 4, tanto para o mestrado quanto para o doutorado. Na avaliação seguinte da CAPES (2013-2016), o Programa atingiu a nota 5. Ambos os cursos de Pós-Graduação são multiprofissionais, permitindo o ingresso de docentes e discentes das diversas áreas da saúde.<br />
O PPGEnf/UFPel tem como área de concentração “Práticas Sociais em Enfermagem e Saúde” e possui duas linhas de pesquisa, a linha 1 “Saúde mental e coletiva, processo do trabalho, gestão e educação em enfermagem e saúde” e a linha 2 “Epidemiologia, práticas e cuidado na saúde e enfermagem. Para maiores informações sobre cada uma das linhas de pesquisa e seus docentes. <a style="color: blue;" href="https://wp.ufpel.edu.br/pgenfermagem/docentes/">Saiba mais</a><br />
Ao longo de seus anos de existência, o PPGEnf contou com oito coordenações, eleitas pelo Colegiado de Curso, sendo elas:</p>
</details>
<details open>
<summary>GESTÕES</summary>
<details>
<summary> 2022 &#8211; Atual</summary>
<details open>
<summary>Coordenação</summary>
<p><span>Suele Manjourany Silva Duro</details>
<details open>
<summary>Coordenação Adjunta</summary>
<p><span>Clarice Alves Bonow</details>
</details>
<details>
<summary> 2020 &#8211; 2021</summary>
<details open>
<summary>Coordenação</summary>
<p><span>Clarice Alves Bonow</details>
<details open>
<summary>Coordenação Adjunta</summary>
<p><span>Suele Manjourany Silva Duro</details>
</details>
<details>
<summary> 2018 &#8211; 2019</summary>
<details open>
<summary>Coordenação</summary>
<p><span>Elaine Thumé</details>
<details open>
<summary>Coordenação Adjunta</summary>
<p><span>Roxana Isabel Cardozo Gonzales</details>
</details>
<details>
<summary> 2015 &#8211; 2017</summary>
<details open>
<summary>Coordenação</summary>
<p><span>Rita Maria Heck</details>
<details open>
<summary>Coordenação Adjunta</summary>
<p><span>Elaine Thumé</details>
</details>
<details>
<summary> 2013 &#8211; 2014</summary>
<details open>
<summary>Coordenação</summary>
<p><span>Eda Schwartz</details>
<details open>
<summary>Coordenação Adjunta</summary>
<p><span>Rita Maria Heck</details>
</details>
<details>
<summary> 2011 &#8211; 2012</summary>
<details open>
<summary>Coordenação</summary>
<p><span>Rita Maria Heck</details>
<details open>
<summary>Coordenação Adjunta</summary>
<p><span>Elaine Thumé</details>
</details>
<details>
<summary> 2009 &#8211; 2010</summary>
<details open>
<summary>Coordenação</summary>
<p><span>Rita Maria Heck</details>
<details open>
<summary>Coordenação Adjunta</summary>
<p><span>Eda Schwartz</details>
</details>
<details>
<summary> 2008 &#8211; 2009</summary>
<details open>
<summary>Coordenação</summary>
<p><span>Rita Maria Heck</details>
<details open>
<summary>Coordenação Adjunta</summary>
<p><span>Luciane Prado Kantorski</details>
</details>
</details>
<p><!-- </details>

 --></p>

<p>O Programa de Pós-Graduação em Enfermagem da Universidade Federal de Pelotas teve início no ano de 2008, com ingresso da primeira turma de mestrado acadêmico, e conceito 3 pela CAPES. Em 2011, a proposta de doutorado foi aceita e em 2012 teve início a primeira turma deste curso, com avaliação 4 da CAPES. Na avaliação trienal 2010-2012 [&hellip;]</p>
