{"id":3,"date":"2009-03-20T09:49:13","date_gmt":"2009-03-20T12:49:13","guid":{"rendered":"https:\/\/wp.ufpel.edu.br\/pgca\/?page_id=3"},"modified":"2024-10-09T15:03:03","modified_gmt":"2024-10-09T18:03:03","slug":"contato","status":"publish","type":"page","link":"https:\/\/wp.ufpel.edu.br\/pgca\/contato\/","title":{"rendered":"Contato Coordena\u00e7\u00e3o"},"content":{"rendered":"<h2 style=\"text-align: left\">COORDENADOR<\/h2>\n<p class=\"MsoBodyText\" style=\"margin-top: 0px;margin-bottom: 0px;text-align: left\"><strong><span style=\"color: #000000\">Profa. Dra.\u00a0<\/span><\/strong><strong style=\"color: var(--cor-texto);font-family: var(--fonte-corpo)\"><span style=\"color: #000000\"><strong>Elizangela Gon\u00e7alves de Oliveira<\/strong><\/span><\/strong><\/p>\n<h2>COORDENADOR ADJUNTO<\/h2>\n<p class=\"MsoBodyText\" style=\"margin-top: 0px;margin-bottom: 0px;text-align: left\"><strong><span style=\"color: #000000\"><strong>Profa. Dra. Josiane Freitas Chim<\/strong><br \/>\n<\/span><\/strong><\/p>\n<h2>CONTATO<\/h2>\n<p class=\"MsoBodyText\" style=\"margin-top: 0px;margin-bottom: 0px;text-align: left\"><strong><span style=\"color: #000000\">Fone: 0-xx-(53)3275-7283<br \/>\nCorreio eletr\u00f4nico: <\/span><\/strong><span style=\"color: #e62600\"><span style=\"font-weight: bold;font-family: Verdana\">especializacao.ufpel@gmail.com<\/span><\/span><\/p>\n<p style=\"margin-top: 0px;margin-bottom: 0px\"><strong>Centro de Ci\u00eancias Qu\u00edmicas, Farmac\u00eauticas e de Alimentos &#8211; UFPel<\/strong><\/p>\n<p style=\"margin-top: 0px;margin-bottom: 0px\"><strong>Campus Universit\u00e1rio Cap\u00e3o do Le\u00e3o, pr\u00e9dio 31 &#8211; Cx. Postal, 354 &#8211; 96010-900 &#8211; Pelotas\/RS<\/strong><\/p>\n","protected":false},"excerpt":{"rendered":"<p>COORDENADOR Profa. Dra.\u00a0Elizangela Gon\u00e7alves de Oliveira COORDENADOR ADJUNTO Profa. Dra. Josiane Freitas Chim CONTATO Fone: 0-xx-(53)3275-7283 Correio eletr\u00f4nico: especializacao.ufpel@gmail.com Centro de Ci\u00eancias Qu\u00edmicas, Farmac\u00eauticas e de Alimentos &#8211; UFPel Campus Universit\u00e1rio Cap\u00e3o do Le\u00e3o, pr\u00e9dio 31 &#8211; Cx. Postal, 354 &#8211; 96010-900 &#8211; Pelotas\/RS<\/p>\n","protected":false},"author":1,"featured_media":0,"parent":0,"menu_order":5,"comment_status":"closed","ping_status":"closed","template":"","meta":{"footnotes":""},"class_list":["post-3","page","type-page","status-publish","hentry"],"_links":{"self":[{"href":"https:\/\/wp.ufpel.edu.br\/pgca\/wp-json\/wp\/v2\/pages\/3","targetHints":{"allow":["GET"]}}],"collection":[{"href":"https:\/\/wp.ufpel.edu.br\/pgca\/wp-json\/wp\/v2\/pages"}],"about":[{"href":"https:\/\/wp.ufpel.edu.br\/pgca\/wp-json\/wp\/v2\/types\/page"}],"author":[{"embeddable":true,"href":"https:\/\/wp.ufpel.edu.br\/pgca\/wp-json\/wp\/v2\/users\/1"}],"replies":[{"embeddable":true,"href":"https:\/\/wp.ufpel.edu.br\/pgca\/wp-json\/wp\/v2\/comments?post=3"}],"version-history":[{"count":16,"href":"https:\/\/wp.ufpel.edu.br\/pgca\/wp-json\/wp\/v2\/pages\/3\/revisions"}],"predecessor-version":[{"id":1209,"href":"https:\/\/wp.ufpel.edu.br\/pgca\/wp-json\/wp\/v2\/pages\/3\/revisions\/1209"}],"wp:attachment":[{"href":"https:\/\/wp.ufpel.edu.br\/pgca\/wp-json\/wp\/v2\/media?parent=3"}],"curies":[{"name":"wp","href":"https:\/\/api.w.org\/{rel}","templated":true}]}}