{"id":260,"date":"2010-08-28T18:26:27","date_gmt":"2010-08-28T21:26:27","guid":{"rendered":"https:\/\/wp.ufpel.edu.br\/pgca\/"},"modified":"2010-08-29T12:09:32","modified_gmt":"2010-08-29T15:09:32","slug":"fotos","status":"publish","type":"page","link":"https:\/\/wp.ufpel.edu.br\/pgca\/fotos\/","title":{"rendered":"Fotos"},"content":{"rendered":"<p>No per\u00edodo de 23 a 27 de agosto de 2010\u00a0realizou-se o encontro presencial da segunda turma de 2009 do Curso de Especializa\u00e7\u00e3o em Ci\u00eancia dos Alimentos. Na ocasi\u00e3o realizaram-se provas, defesas dos trabalhos de conclus\u00e3o, palestras, visitas t\u00e9cnicas e um almo\u00e7o de confraterniza\u00e7\u00e3o.<\/p>\n\n\t\t<style type=\"text\/css\">\n\t\t\t#gallery-1 {\n\t\t\t\tmargin: auto;\n\t\t\t}\n\t\t\t#gallery-1 .gallery-item {\n\t\t\t\tfloat: left;\n\t\t\t\tmargin-top: 10px;\n\t\t\t\ttext-align: center;\n\t\t\t\twidth: 33%;\n\t\t\t}\n\t\t\t#gallery-1 img {\n\t\t\t\tborder: 2px solid #cfcfcf;\n\t\t\t}\n\t\t\t#gallery-1 .gallery-caption {\n\t\t\t\tmargin-left: 0;\n\t\t\t}\n\t\t\t\/* see gallery_shortcode() in wp-includes\/media.php *\/\n\t\t<\/style>\n\t\t<div id='gallery-1' class='gallery galleryid-260 gallery-columns-3 gallery-size-thumbnail'><dl class='gallery-item'>\n\t\t\t<dt class='gallery-icon landscape'>\n\t\t\t\t<a href='https:\/\/wp.ufpel.edu.br\/pgca\/fotos\/dsc02243\/'><img width=\"150\" height=\"150\" src=\"https:\/\/wp.ufpel.edu.br\/pgca\/files\/2010\/08\/DSC02243-150x150.jpg\" class=\"attachment-thumbnail size-thumbnail\" alt=\"\" \/><\/a>\n\t\t\t<\/dt><\/dl><dl class='gallery-item'>\n\t\t\t<dt class='gallery-icon landscape'>\n\t\t\t\t<a href='https:\/\/wp.ufpel.edu.br\/pgca\/fotos\/dsc02244\/'><img width=\"150\" height=\"150\" src=\"https:\/\/wp.ufpel.edu.br\/pgca\/files\/2010\/08\/DSC02244-150x150.jpg\" class=\"attachment-thumbnail size-thumbnail\" alt=\"\" \/><\/a>\n\t\t\t<\/dt><\/dl><dl class='gallery-item'>\n\t\t\t<dt class='gallery-icon landscape'>\n\t\t\t\t<a href='https:\/\/wp.ufpel.edu.br\/pgca\/fotos\/dsc02245\/'><img width=\"150\" height=\"150\" src=\"https:\/\/wp.ufpel.edu.br\/pgca\/files\/2010\/08\/DSC02245-150x150.jpg\" class=\"attachment-thumbnail size-thumbnail\" alt=\"\" \/><\/a>\n\t\t\t<\/dt><\/dl><br style=\"clear: both\" \/><dl class='gallery-item'>\n\t\t\t<dt class='gallery-icon landscape'>\n\t\t\t\t<a href='https:\/\/wp.ufpel.edu.br\/pgca\/fotos\/dsc02246\/'><img width=\"150\" height=\"150\" src=\"https:\/\/wp.ufpel.edu.br\/pgca\/files\/2010\/08\/DSC02246-150x150.jpg\" class=\"attachment-thumbnail size-thumbnail\" alt=\"\" \/><\/a>\n\t\t\t<\/dt><\/dl><dl class='gallery-item'>\n\t\t\t<dt class='gallery-icon landscape'>\n\t\t\t\t<a href='https:\/\/wp.ufpel.edu.br\/pgca\/fotos\/dsc02249\/'><img width=\"150\" height=\"150\" src=\"https:\/\/wp.ufpel.edu.br\/pgca\/files\/2010\/08\/DSC02249-150x150.jpg\" class=\"attachment-thumbnail size-thumbnail\" alt=\"\" \/><\/a>\n\t\t\t<\/dt><\/dl><dl class='gallery-item'>\n\t\t\t<dt class='gallery-icon landscape'>\n\t\t\t\t<a href='https:\/\/wp.ufpel.edu.br\/pgca\/fotos\/dsc02250\/'><img width=\"150\" height=\"150\" src=\"https:\/\/wp.ufpel.edu.br\/pgca\/files\/2010\/08\/DSC02250-150x150.jpg\" class=\"attachment-thumbnail size-thumbnail\" alt=\"\" \/><\/a>\n\t\t\t<\/dt><\/dl><br style=\"clear: both\" \/><dl class='gallery-item'>\n\t\t\t<dt class='gallery-icon landscape'>\n\t\t\t\t<a href='https:\/\/wp.ufpel.edu.br\/pgca\/fotos\/dsc02251\/'><img width=\"150\" height=\"150\" src=\"https:\/\/wp.ufpel.edu.br\/pgca\/files\/2010\/08\/DSC02251-150x150.jpg\" class=\"attachment-thumbnail size-thumbnail\" alt=\"\" \/><\/a>\n\t\t\t<\/dt><\/dl><dl class='gallery-item'>\n\t\t\t<dt class='gallery-icon landscape'>\n\t\t\t\t<a href='https:\/\/wp.ufpel.edu.br\/pgca\/fotos\/dsc02252\/'><img width=\"150\" height=\"150\" src=\"https:\/\/wp.ufpel.edu.br\/pgca\/files\/2010\/08\/DSC02252-150x150.jpg\" class=\"attachment-thumbnail size-thumbnail\" alt=\"\" \/><\/a>\n\t\t\t<\/dt><\/dl><dl class='gallery-item'>\n\t\t\t<dt class='gallery-icon landscape'>\n\t\t\t\t<a href='https:\/\/wp.ufpel.edu.br\/pgca\/fotos\/dsc02253\/'><img width=\"150\" height=\"150\" src=\"https:\/\/wp.ufpel.edu.br\/pgca\/files\/2010\/08\/DSC02253-150x150.jpg\" class=\"attachment-thumbnail size-thumbnail\" alt=\"\" \/><\/a>\n\t\t\t<\/dt><\/dl><br style=\"clear: both\" \/><dl class='gallery-item'>\n\t\t\t<dt class='gallery-icon landscape'>\n\t\t\t\t<a href='https:\/\/wp.ufpel.edu.br\/pgca\/fotos\/dsc02254\/'><img width=\"150\" height=\"150\" src=\"https:\/\/wp.ufpel.edu.br\/pgca\/files\/2010\/08\/DSC02254-150x150.jpg\" class=\"attachment-thumbnail size-thumbnail\" alt=\"\" \/><\/a>\n\t\t\t<\/dt><\/dl><dl class='gallery-item'>\n\t\t\t<dt class='gallery-icon landscape'>\n\t\t\t\t<a href='https:\/\/wp.ufpel.edu.br\/pgca\/fotos\/dsc02256\/'><img width=\"150\" height=\"150\" src=\"https:\/\/wp.ufpel.edu.br\/pgca\/files\/2010\/08\/DSC02256-150x150.jpg\" class=\"attachment-thumbnail size-thumbnail\" alt=\"\" \/><\/a>\n\t\t\t<\/dt><\/dl><dl class='gallery-item'>\n\t\t\t<dt class='gallery-icon landscape'>\n\t\t\t\t<a href='https:\/\/wp.ufpel.edu.br\/pgca\/fotos\/dsc02258\/'><img width=\"150\" height=\"150\" src=\"https:\/\/wp.ufpel.edu.br\/pgca\/files\/2010\/08\/DSC02258-150x150.jpg\" class=\"attachment-thumbnail size-thumbnail\" alt=\"\" \/><\/a>\n\t\t\t<\/dt><\/dl><br style=\"clear: both\" \/><dl class='gallery-item'>\n\t\t\t<dt class='gallery-icon landscape'>\n\t\t\t\t<a href='https:\/\/wp.ufpel.edu.br\/pgca\/fotos\/dsc02259\/'><img width=\"150\" height=\"150\" src=\"https:\/\/wp.ufpel.edu.br\/pgca\/files\/2010\/08\/DSC02259-150x150.jpg\" class=\"attachment-thumbnail size-thumbnail\" alt=\"\" \/><\/a>\n\t\t\t<\/dt><\/dl><dl class='gallery-item'>\n\t\t\t<dt class='gallery-icon landscape'>\n\t\t\t\t<a href='https:\/\/wp.ufpel.edu.br\/pgca\/fotos\/dsc02261\/'><img width=\"150\" height=\"150\" src=\"https:\/\/wp.ufpel.edu.br\/pgca\/files\/2010\/08\/DSC02261-150x150.jpg\" class=\"attachment-thumbnail size-thumbnail\" alt=\"\" \/><\/a>\n\t\t\t<\/dt><\/dl><dl class='gallery-item'>\n\t\t\t<dt class='gallery-icon landscape'>\n\t\t\t\t<a href='https:\/\/wp.ufpel.edu.br\/pgca\/fotos\/dsc02262\/'><img width=\"150\" height=\"150\" src=\"https:\/\/wp.ufpel.edu.br\/pgca\/files\/2010\/08\/DSC02262-150x150.jpg\" class=\"attachment-thumbnail size-thumbnail\" alt=\"\" \/><\/a>\n\t\t\t<\/dt><\/dl><br style=\"clear: both\" \/><dl class='gallery-item'>\n\t\t\t<dt class='gallery-icon landscape'>\n\t\t\t\t<a href='https:\/\/wp.ufpel.edu.br\/pgca\/fotos\/dsc02267-2\/'><img width=\"150\" height=\"150\" src=\"https:\/\/wp.ufpel.edu.br\/pgca\/files\/2010\/08\/DSC02267-2-150x150.jpg\" class=\"attachment-thumbnail size-thumbnail\" alt=\"\" \/><\/a>\n\t\t\t<\/dt><\/dl><dl class='gallery-item'>\n\t\t\t<dt class='gallery-icon landscape'>\n\t\t\t\t<a href='https:\/\/wp.ufpel.edu.br\/pgca\/fotos\/dsc02264-2\/'><img width=\"150\" height=\"150\" src=\"https:\/\/wp.ufpel.edu.br\/pgca\/files\/2010\/08\/DSC02264-2-150x150.jpg\" class=\"attachment-thumbnail size-thumbnail\" alt=\"\" \/><\/a>\n\t\t\t<\/dt><\/dl><dl class='gallery-item'>\n\t\t\t<dt class='gallery-icon landscape'>\n\t\t\t\t<a href='https:\/\/wp.ufpel.edu.br\/pgca\/fotos\/dsc02265-2\/'><img width=\"150\" height=\"150\" src=\"https:\/\/wp.ufpel.edu.br\/pgca\/files\/2010\/08\/DSC02265-2-150x150.jpg\" class=\"attachment-thumbnail size-thumbnail\" alt=\"\" \/><\/a>\n\t\t\t<\/dt><\/dl><br style=\"clear: both\" \/>\n\t\t<\/div>\n\n","protected":false},"excerpt":{"rendered":"<p>No per\u00edodo de 23 a 27 de agosto de 2010\u00a0realizou-se o encontro presencial da segunda turma de 2009 do Curso de Especializa\u00e7\u00e3o em Ci\u00eancia dos Alimentos. Na ocasi\u00e3o realizaram-se provas, defesas dos trabalhos de conclus\u00e3o, palestras, visitas t\u00e9cnicas e um almo\u00e7o de confraterniza\u00e7\u00e3o.<\/p>\n","protected":false},"author":11,"featured_media":0,"parent":0,"menu_order":0,"comment_status":"closed","ping_status":"open","template":"","meta":{"footnotes":""},"class_list":["post-260","page","type-page","status-publish","hentry"],"_links":{"self":[{"href":"https:\/\/wp.ufpel.edu.br\/pgca\/wp-json\/wp\/v2\/pages\/260","targetHints":{"allow":["GET"]}}],"collection":[{"href":"https:\/\/wp.ufpel.edu.br\/pgca\/wp-json\/wp\/v2\/pages"}],"about":[{"href":"https:\/\/wp.ufpel.edu.br\/pgca\/wp-json\/wp\/v2\/types\/page"}],"author":[{"embeddable":true,"href":"https:\/\/wp.ufpel.edu.br\/pgca\/wp-json\/wp\/v2\/users\/11"}],"replies":[{"embeddable":true,"href":"https:\/\/wp.ufpel.edu.br\/pgca\/wp-json\/wp\/v2\/comments?post=260"}],"version-history":[{"count":5,"href":"https:\/\/wp.ufpel.edu.br\/pgca\/wp-json\/wp\/v2\/pages\/260\/revisions"}],"predecessor-version":[{"id":282,"href":"https:\/\/wp.ufpel.edu.br\/pgca\/wp-json\/wp\/v2\/pages\/260\/revisions\/282"}],"wp:attachment":[{"href":"https:\/\/wp.ufpel.edu.br\/pgca\/wp-json\/wp\/v2\/media?parent=260"}],"curies":[{"name":"wp","href":"https:\/\/api.w.org\/{rel}","templated":true}]}}