{"id":81,"date":"2018-05-05T10:17:14","date_gmt":"2018-05-05T13:17:14","guid":{"rendered":"https:\/\/wp.ufpel.edu.br\/petterapia\/?page_id=81"},"modified":"2020-03-31T14:47:22","modified_gmt":"2020-03-31T17:47:22","slug":"missao-visao","status":"publish","type":"page","link":"https:\/\/wp.ufpel.edu.br\/petterapia\/missao-visao\/","title":{"rendered":"Miss\u00e3o e Vis\u00e3o"},"content":{"rendered":"<p><strong>Miss\u00e3o<\/strong><\/p>\n<p style=\"text-align: justify\">Promover qualidade de vida, alegria e sa\u00fade aos assistidos e demais pessoas por meio das Interven\u00e7\u00e3o Assistida por Animais.<\/p>\n<p style=\"text-align: justify\">Utilizar da intera\u00e7\u00e3o homem-animal em benef\u00edcio da sa\u00fade e bem-estar dos mesmos, fazendo com que ocorram trocas m\u00fatuas de carinho e estimulando que os discentes da faculdade de veterin\u00e1ria e \u00e1reas afins do projeto sejam inseridos em a\u00e7\u00f5es para o bem social e da sa\u00fade da comunidade dentro de seu \u00e2mbito profissional.<\/p>\n<p><strong>Vis\u00e3o<\/strong><\/p>\n<p style=\"text-align: justify\">Obter reconhecimento como projeto refer\u00eancia em ensino, pesquisa e extens\u00e3o em Interven\u00e7\u00f5es Assistidas por Animais no estado do Rio Grande do Sul, almejando expandir o que conhecimento sobre as IAAs e sobre seus benef\u00edcios as pessoas.<\/p>\n<p>&nbsp;<\/p>\n","protected":false},"excerpt":{"rendered":"<p>Miss\u00e3o Promover qualidade de vida, alegria e sa\u00fade aos assistidos e demais pessoas por meio das Interven\u00e7\u00e3o Assistida por Animais. Utilizar da intera\u00e7\u00e3o homem-animal em benef\u00edcio da sa\u00fade e bem-estar dos mesmos, fazendo com que ocorram trocas m\u00fatuas de carinho e estimulando que os discentes da faculdade de veterin\u00e1ria e \u00e1reas afins do projeto sejam [&hellip;]<\/p>\n","protected":false},"author":658,"featured_media":0,"parent":0,"menu_order":0,"comment_status":"closed","ping_status":"closed","template":"","meta":{"footnotes":""},"class_list":["post-81","page","type-page","status-publish","hentry"],"jetpack_sharing_enabled":true,"_links":{"self":[{"href":"https:\/\/wp.ufpel.edu.br\/petterapia\/wp-json\/wp\/v2\/pages\/81","targetHints":{"allow":["GET"]}}],"collection":[{"href":"https:\/\/wp.ufpel.edu.br\/petterapia\/wp-json\/wp\/v2\/pages"}],"about":[{"href":"https:\/\/wp.ufpel.edu.br\/petterapia\/wp-json\/wp\/v2\/types\/page"}],"author":[{"embeddable":true,"href":"https:\/\/wp.ufpel.edu.br\/petterapia\/wp-json\/wp\/v2\/users\/658"}],"replies":[{"embeddable":true,"href":"https:\/\/wp.ufpel.edu.br\/petterapia\/wp-json\/wp\/v2\/comments?post=81"}],"version-history":[{"count":7,"href":"https:\/\/wp.ufpel.edu.br\/petterapia\/wp-json\/wp\/v2\/pages\/81\/revisions"}],"predecessor-version":[{"id":153,"href":"https:\/\/wp.ufpel.edu.br\/petterapia\/wp-json\/wp\/v2\/pages\/81\/revisions\/153"}],"wp:attachment":[{"href":"https:\/\/wp.ufpel.edu.br\/petterapia\/wp-json\/wp\/v2\/media?parent=81"}],"curies":[{"name":"wp","href":"https:\/\/api.w.org\/{rel}","templated":true}]}}