{"id":588,"date":"2024-10-23T09:40:04","date_gmt":"2024-10-23T12:40:04","guid":{"rendered":"https:\/\/wp.ufpel.edu.br\/petodonto\/?page_id=588"},"modified":"2025-05-29T12:26:43","modified_gmt":"2025-05-29T15:26:43","slug":"regimento","status":"publish","type":"page","link":"https:\/\/wp.ufpel.edu.br\/petodonto\/regimento\/","title":{"rendered":"Regimento"},"content":{"rendered":"<p><strong>Regimento do BDH.<\/strong><\/p>\n<p>&nbsp;<\/p>\n<p>Est\u00e1 em fase de tramita\u00e7\u00e3o junto ao Conselho Departamental.<\/p>\n","protected":false},"excerpt":{"rendered":"<p>Regimento do BDH. &nbsp; Est\u00e1 em fase de tramita\u00e7\u00e3o junto ao Conselho Departamental.<\/p>\n","protected":false},"author":1038,"featured_media":0,"parent":0,"menu_order":0,"comment_status":"closed","ping_status":"closed","template":"","meta":{"footnotes":""},"class_list":["post-588","page","type-page","status-publish","hentry"],"_links":{"self":[{"href":"https:\/\/wp.ufpel.edu.br\/petodonto\/wp-json\/wp\/v2\/pages\/588","targetHints":{"allow":["GET"]}}],"collection":[{"href":"https:\/\/wp.ufpel.edu.br\/petodonto\/wp-json\/wp\/v2\/pages"}],"about":[{"href":"https:\/\/wp.ufpel.edu.br\/petodonto\/wp-json\/wp\/v2\/types\/page"}],"author":[{"embeddable":true,"href":"https:\/\/wp.ufpel.edu.br\/petodonto\/wp-json\/wp\/v2\/users\/1038"}],"replies":[{"embeddable":true,"href":"https:\/\/wp.ufpel.edu.br\/petodonto\/wp-json\/wp\/v2\/comments?post=588"}],"version-history":[{"count":4,"href":"https:\/\/wp.ufpel.edu.br\/petodonto\/wp-json\/wp\/v2\/pages\/588\/revisions"}],"predecessor-version":[{"id":631,"href":"https:\/\/wp.ufpel.edu.br\/petodonto\/wp-json\/wp\/v2\/pages\/588\/revisions\/631"}],"wp:attachment":[{"href":"https:\/\/wp.ufpel.edu.br\/petodonto\/wp-json\/wp\/v2\/media?parent=588"}],"curies":[{"name":"wp","href":"https:\/\/api.w.org\/{rel}","templated":true}]}}