{"id":488,"date":"2024-08-08T09:43:02","date_gmt":"2024-08-08T12:43:02","guid":{"rendered":"https:\/\/wp.ufpel.edu.br\/petodonto\/?page_id=488"},"modified":"2024-08-08T14:56:38","modified_gmt":"2024-08-08T17:56:38","slug":"pbl","status":"publish","type":"page","link":"https:\/\/wp.ufpel.edu.br\/petodonto\/atividades\/ensino\/pbl\/","title":{"rendered":"PROBLEM-BASED LEARNING (PBL)"},"content":{"rendered":"<p style=\"text-align: justify;\">A metodologia de ensino baseado em problemas, conhecida como PBL (do ingl\u00eas Problem-Based Learning), \u00e9 uma abordagem pedag\u00f3gica que se concentra no aprendizado ativo atrav\u00e9s da resolu\u00e7\u00e3o de problemas complexos e reais. Essa metodologia \u00e9 amplamente utilizada em institui\u00e7\u00f5es de ensino superior e est\u00e1 se tornando cada vez mais popular devido aos seus benef\u00edcios comprovados na forma\u00e7\u00e3o de estudantes mais cr\u00edticos e aut\u00f4nomos.<\/p>\n<p style=\"text-align: justify;\"><strong>Principais Caracter\u00edsticas do PBL<\/strong><\/p>\n<p style=\"text-align: justify;\">1. Foco em Problemas Reais: No PBL, os alunos s\u00e3o apresentados a problemas complexos e desafiadores que n\u00e3o t\u00eam uma solu\u00e7\u00e3o \u00fanica ou pr\u00e9-determinada. Esses problemas s\u00e3o frequentemente retirados do mundo real, o que ajuda os estudantes a ver a relev\u00e2ncia do que est\u00e3o aprendendo.<\/p>\n<p style=\"text-align: justify;\">2. Aprendizado Ativo: Os estudantes s\u00e3o colocados no centro do processo de aprendizagem. Eles s\u00e3o respons\u00e1veis por pesquisar, discutir e encontrar solu\u00e7\u00f5es para os problemas apresentados, o que promove um aprendizado mais profundo e significativo.<\/p>\n<p style=\"text-align: justify;\">3. Desenvolvimento de Habilidades de Trabalho em Equipe: Os alunos trabalham em grupos, colaborando para identificar o problema, compartilhar informa\u00e7\u00f5es e desenvolver solu\u00e7\u00f5es. Isso ajuda a desenvolver habilidades de comunica\u00e7\u00e3o, colabora\u00e7\u00e3o e resolu\u00e7\u00e3o de conflitos.<\/p>\n<p style=\"text-align: justify;\">4. Integra\u00e7\u00e3o de Conhecimentos: A PBL incentiva os estudantes a integrar conhecimentos de diferentes disciplinas para resolver problemas, promovendo uma compreens\u00e3o mais hol\u00edstica e interdisciplinar.<\/p>\n<p style=\"text-align: justify;\">5. Habilidades de Pensamento Cr\u00edtico e Resolu\u00e7\u00e3o de Problemas: Ao se deparar com problemas complexos, os alunos desenvolvem habilidades de pensamento cr\u00edtico e resolu\u00e7\u00e3o de problemas, aprendendo a analisar situa\u00e7\u00f5es, avaliar op\u00e7\u00f5es e tomar decis\u00f5es informadas.<\/p>\n<p style=\"text-align: justify;\"><strong>Vantagens do PBL<\/strong><\/p>\n<p style=\"text-align: justify;\">&#8211; Engajamento e Motiva\u00e7\u00e3o: Por envolver problemas que s\u00e3o interessantes e relevantes, os alunos tendem a ser mais engajados e motivados para aprender.<\/p>\n<p style=\"text-align: justify;\">&#8211; Prepara\u00e7\u00e3o para o Mundo Real: O PBL prepara os alunos para o mundo real, onde frequentemente precisam lidar com problemas complexos e trabalhar em equipe.<\/p>\n<p style=\"text-align: justify;\">&#8211; Desenvolvimento de Autonomia: Os alunos desenvolvem uma maior autonomia no aprendizado, tornando-se mais respons\u00e1veis por seu pr\u00f3prio processo de aprendizagem.<\/p>\n<p style=\"text-align: justify;\">&#8211; Aprendizado Significativo: O PBL promove um aprendizado mais significativo e duradouro, pois os alunos aplicam o conhecimento em contextos pr\u00e1ticos.<\/p>\n<p>&nbsp;<\/p>\n<p><span style=\"font-size: 14pt; color: #333399;\"><strong>Quer participar do PBL com a gente???<\/strong><\/span><\/p>\n<p>Se voc\u00ea n\u00e3o \u00e9 membro do PET mas tem interesse em discutir os casos e participar dos exerc\u00edcios PBL, voc\u00ea pode escolher um ou mais casos abaixo e realizar as tarefas apresentadas:<\/p>\n<p><a href=\"https:\/\/wp.ufpel.edu.br\/petodonto\/atividades\/ensino\/pbl\/caso-1-pbl\/\">Caso 1 &#8211; Paciente: Yasmin Costa Silva<\/a><\/p>\n<p><a href=\"https:\/\/wp.ufpel.edu.br\/petodonto\/atividades\/ensino\/pbl\/caso-2-pbl\/\">Caso 2 &#8211; Paciente: Gabriel Lima Gomes<\/a><\/p>\n<p><a href=\"https:\/\/wp.ufpel.edu.br\/petodonto\/atividades\/ensino\/pbl\/caso-3-pbl\/\">Caso 3 &#8211; Paciente: Pedro Alves Torres<\/a><\/p>\n<p><a href=\"https:\/\/wp.ufpel.edu.br\/petodonto\/atividades\/ensino\/pbl\/caso-4-pbl\/\">Caso 4 &#8211; Paciente: Rosa Laura Barbosa Almeida<\/a><\/p>\n","protected":false},"excerpt":{"rendered":"<p>A metodologia de ensino baseado em problemas, conhecida como PBL (do ingl\u00eas Problem-Based Learning), \u00e9 uma abordagem pedag\u00f3gica que se concentra no aprendizado ativo atrav\u00e9s da resolu\u00e7\u00e3o de problemas complexos e reais. Essa metodologia \u00e9 amplamente utilizada em institui\u00e7\u00f5es de &hellip; <a href=\"https:\/\/wp.ufpel.edu.br\/petodonto\/atividades\/ensino\/pbl\/\">Continue lendo <span class=\"meta-nav\">&rarr;<\/span><\/a><\/p>\n","protected":false},"author":1038,"featured_media":0,"parent":87,"menu_order":0,"comment_status":"closed","ping_status":"closed","template":"","meta":{"footnotes":""},"class_list":["post-488","page","type-page","status-publish","hentry"],"_links":{"self":[{"href":"https:\/\/wp.ufpel.edu.br\/petodonto\/wp-json\/wp\/v2\/pages\/488","targetHints":{"allow":["GET"]}}],"collection":[{"href":"https:\/\/wp.ufpel.edu.br\/petodonto\/wp-json\/wp\/v2\/pages"}],"about":[{"href":"https:\/\/wp.ufpel.edu.br\/petodonto\/wp-json\/wp\/v2\/types\/page"}],"author":[{"embeddable":true,"href":"https:\/\/wp.ufpel.edu.br\/petodonto\/wp-json\/wp\/v2\/users\/1038"}],"replies":[{"embeddable":true,"href":"https:\/\/wp.ufpel.edu.br\/petodonto\/wp-json\/wp\/v2\/comments?post=488"}],"version-history":[{"count":10,"href":"https:\/\/wp.ufpel.edu.br\/petodonto\/wp-json\/wp\/v2\/pages\/488\/revisions"}],"predecessor-version":[{"id":542,"href":"https:\/\/wp.ufpel.edu.br\/petodonto\/wp-json\/wp\/v2\/pages\/488\/revisions\/542"}],"up":[{"embeddable":true,"href":"https:\/\/wp.ufpel.edu.br\/petodonto\/wp-json\/wp\/v2\/pages\/87"}],"wp:attachment":[{"href":"https:\/\/wp.ufpel.edu.br\/petodonto\/wp-json\/wp\/v2\/media?parent=488"}],"curies":[{"name":"wp","href":"https:\/\/api.w.org\/{rel}","templated":true}]}}