{"id":107,"date":"2024-06-05T15:50:00","date_gmt":"2024-06-05T18:50:00","guid":{"rendered":"https:\/\/wp.ufpel.edu.br\/petodonto\/?page_id=107"},"modified":"2024-06-26T17:11:24","modified_gmt":"2024-06-26T20:11:24","slug":"pesquisa","status":"publish","type":"page","link":"https:\/\/wp.ufpel.edu.br\/petodonto\/atividades\/pesquisa\/","title":{"rendered":"Pesquisa"},"content":{"rendered":"<div class=\"BL3dva\">\n<div class=\"OSxNQL\">\n<div class=\"OFA52E\">\n<div class=\"cD_92h UitnHM\" tabindex=\"-1\" data-hook=\"post-title\">\n<h1 class=\"UbhFJ7 nkqC0Q blog-post-title-font blog-post-title-color blog-text-color post-title blog-hover-container-element-color FG3qXk blog-post-page-title-font\" data-hook=\"post-title\"><span class=\"post-title__text blog-post-title-font blog-post-title-color\" style=\"font-size: 18pt;\"><span class=\"blog-post-title-font blog-post-title-color\">PROJETOS DE PESQUISA<\/span><\/span><\/h1>\n<h1 class=\"UbhFJ7 nkqC0Q blog-post-title-font blog-post-title-color blog-text-color post-title blog-hover-container-element-color FG3qXk blog-post-page-title-font\" data-hook=\"post-title\"><span style=\"color: #333333; font-weight: 300;\">Os petianos s\u00e3o instru\u00eddos \u00e0 buscarem alguma \u00e1rea de seu interesse e se dedicarem \u00e0 ela com maior aten\u00e7\u00e3o. Dessa forma, cada um faz pesquisas na \u00e1rea que mais lhe atrair!<\/span><\/h1>\n<\/div>\n<\/div>\n<\/div>\n<\/div>\n<div class=\"nLG8d5 F_3u4N\" data-hook=\"post-description\">\n<article class=\"blog-post-page-font\">\n<div class=\"post-content__body stSKMK\">\n<div class=\"moHCnT\">\n<div class=\"moHCnT\">\n<div class=\"fTEXDR\" data-rce-version=\"10.82.0\">\n<div class=\"fziNR\" dir=\"ltr\" data-id=\"content-viewer\">\n<div class=\"xKBwl\">\n<div class=\"o5r2s\">\n<div data-hook=\"rcv-block1\">Algumas pesquisas individuais que est\u00e3o sendo feitas s\u00e3o:<\/div>\n<div data-hook=\"rcv-block1\">&#8211; Considera\u00e7\u00f5es anat\u00f4micas a respeito de altera\u00e7\u00f5es morfol\u00f3gicas em dentes permanentes de interesse periodontal.<\/div>\n<div data-hook=\"rcv-block1\">-Estudo retrospectivo de 10 anos: uma an\u00e1lise dos casos de viol\u00eancia dom\u00e9stica de um servi\u00e7o de refer\u00eancia no Sul do Brasil.<\/div>\n<div data-hook=\"rcv-block1\">-Viol\u00eancia contra o idoso no Brasil &#8211; an\u00e1lise das notifica\u00e7\u00f5es SINAN por macrorregi\u00f5es brasileiras, 2011-2022.<\/div>\n<div data-hook=\"rcv-block1\">-Eventos clim\u00e1ticos e o seu impacto na sa\u00fade bucal e nos servi\u00e7os de sa\u00fade p\u00fablica na \u00e1rea de Odontologia: uma revis\u00e3o de escopo.<\/div>\n<div data-hook=\"rcv-block1\">-Quem s\u00e3o as refer\u00eancias profissionais e cient\u00edficas dos acad\u00eamicos de odontologia? Um estudo avaliando a influ\u00eancia do g\u00eanero.<\/div>\n<div data-hook=\"rcv-block1\">-Estrat\u00e9gias adaptativas do comportamento infantil no atendimento odontol\u00f3gico: dois<br \/>\nensaios cl\u00ednicos randomizados e uma an\u00e1lise qualitativa do comportamento n\u00e3o colaborador.<\/div>\n<div data-hook=\"rcv-block1\">-Pontos-chave na an\u00e1lise de projetos de pesquisa: CEP Faculdade de Odontologia.<\/div>\n<div data-hook=\"rcv-block1\">&#8211; Influ\u00eancia de fatores sist\u00eamicos e locais na perda \u00f3ssea marginal de implantes osseointegrados. Um estudo transversal.<\/div>\n<div data-hook=\"rcv-block1\"><\/div>\n<\/div>\n<\/div>\n<\/div>\n<\/div>\n<\/div>\n<\/div>\n<\/div>\n<\/article>\n<\/div>\n","protected":false},"excerpt":{"rendered":"<p>PROJETOS DE PESQUISA Os petianos s\u00e3o instru\u00eddos \u00e0 buscarem alguma \u00e1rea de seu interesse e se dedicarem \u00e0 ela com maior aten\u00e7\u00e3o. Dessa forma, cada um faz pesquisas na \u00e1rea que mais lhe atrair! Algumas pesquisas individuais que est\u00e3o sendo &hellip; <a href=\"https:\/\/wp.ufpel.edu.br\/petodonto\/atividades\/pesquisa\/\">Continue lendo <span class=\"meta-nav\">&rarr;<\/span><\/a><\/p>\n","protected":false},"author":1371,"featured_media":0,"parent":73,"menu_order":0,"comment_status":"closed","ping_status":"closed","template":"","meta":{"footnotes":""},"class_list":["post-107","page","type-page","status-publish","hentry"],"_links":{"self":[{"href":"https:\/\/wp.ufpel.edu.br\/petodonto\/wp-json\/wp\/v2\/pages\/107","targetHints":{"allow":["GET"]}}],"collection":[{"href":"https:\/\/wp.ufpel.edu.br\/petodonto\/wp-json\/wp\/v2\/pages"}],"about":[{"href":"https:\/\/wp.ufpel.edu.br\/petodonto\/wp-json\/wp\/v2\/types\/page"}],"author":[{"embeddable":true,"href":"https:\/\/wp.ufpel.edu.br\/petodonto\/wp-json\/wp\/v2\/users\/1371"}],"replies":[{"embeddable":true,"href":"https:\/\/wp.ufpel.edu.br\/petodonto\/wp-json\/wp\/v2\/comments?post=107"}],"version-history":[{"count":7,"href":"https:\/\/wp.ufpel.edu.br\/petodonto\/wp-json\/wp\/v2\/pages\/107\/revisions"}],"predecessor-version":[{"id":448,"href":"https:\/\/wp.ufpel.edu.br\/petodonto\/wp-json\/wp\/v2\/pages\/107\/revisions\/448"}],"up":[{"embeddable":true,"href":"https:\/\/wp.ufpel.edu.br\/petodonto\/wp-json\/wp\/v2\/pages\/73"}],"wp:attachment":[{"href":"https:\/\/wp.ufpel.edu.br\/petodonto\/wp-json\/wp\/v2\/media?parent=107"}],"curies":[{"name":"wp","href":"https:\/\/api.w.org\/{rel}","templated":true}]}}