{"id":1205,"date":"2025-01-03T10:16:52","date_gmt":"2025-01-03T13:16:52","guid":{"rendered":"https:\/\/wp.ufpel.edu.br\/petmeteorologia\/?page_id=1205"},"modified":"2025-01-03T10:16:52","modified_gmt":"2025-01-03T13:16:52","slug":"seminarios-do-pet","status":"publish","type":"page","link":"https:\/\/wp.ufpel.edu.br\/petmeteorologia\/seminarios-do-pet\/","title":{"rendered":"SEMIN\u00c1RIOS DO PET"},"content":{"rendered":"<p style=\"text-align: justify;\">O &#8220;Semin\u00e1rios do PET&#8221; \u00e9 uma atividade de ensino em execu\u00e7\u00e3o h\u00e1 v\u00e1rios anos na qual os petianos apresentam temas que mostram a import\u00e2ncia da meteorologia, assim como temas que sejam de \u00e1reas em que a meteorologia \u00e9 aplicada. O p\u00fablico-alvo s\u00e3o, principalmente, alunos da gradua\u00e7\u00e3o e p\u00f3s-gradua\u00e7\u00e3o em meteorologia, mas o intuito do grupo \u00e9, com a divulga\u00e7\u00e3o das datas, hor\u00e1rios e temas dos semin\u00e1rios, atrair participantes de diferentes \u00e1reas. Nos semin\u00e1rios, \u00e9 destinado um tempo para que haja uma troca de ideias entre apresentador e plateia, ocasi\u00e3o em que a atividade torna-se mais efetiva quanto ao entrosamento entre o grupo PET e o p\u00fablico. Al\u00e9m disso, assim como muitas outras atividades do PET-Meteorologia, a participa\u00e7\u00e3o como ouvinte conta como atividade complementar dos alunos de gradua\u00e7\u00e3o. Os semin\u00e1rios ocorrer\u00e3o em hor\u00e1rio a ser definido no in\u00edcio do semestre, organizado de maneira que tenha o maior n\u00famero de participantes poss\u00edvel.<\/p>\n","protected":false},"excerpt":{"rendered":"<p>O &#8220;Semin\u00e1rios do PET&#8221; \u00e9 uma atividade de ensino em execu\u00e7\u00e3o h\u00e1 v\u00e1rios anos na qual os petianos apresentam temas que mostram a import\u00e2ncia da meteorologia, assim como temas que sejam de \u00e1reas em que a meteorologia \u00e9 aplicada. O p\u00fablico-alvo s\u00e3o, principalmente, alunos da gradua\u00e7\u00e3o e p\u00f3s-gradua\u00e7\u00e3o em meteorologia, mas o intuito do grupo &hellip; <a href=\"https:\/\/wp.ufpel.edu.br\/petmeteorologia\/seminarios-do-pet\/\" class=\"more-link\">Continue lendo <span class=\"screen-reader-text\">SEMIN\u00c1RIOS DO PET<\/span> <span class=\"meta-nav\">&rarr;<\/span><\/a><\/p>\n","protected":false},"author":186,"featured_media":0,"parent":0,"menu_order":0,"comment_status":"closed","ping_status":"closed","template":"","meta":{"footnotes":""},"class_list":["post-1205","page","type-page","status-publish","hentry"],"_links":{"self":[{"href":"https:\/\/wp.ufpel.edu.br\/petmeteorologia\/wp-json\/wp\/v2\/pages\/1205","targetHints":{"allow":["GET"]}}],"collection":[{"href":"https:\/\/wp.ufpel.edu.br\/petmeteorologia\/wp-json\/wp\/v2\/pages"}],"about":[{"href":"https:\/\/wp.ufpel.edu.br\/petmeteorologia\/wp-json\/wp\/v2\/types\/page"}],"author":[{"embeddable":true,"href":"https:\/\/wp.ufpel.edu.br\/petmeteorologia\/wp-json\/wp\/v2\/users\/186"}],"replies":[{"embeddable":true,"href":"https:\/\/wp.ufpel.edu.br\/petmeteorologia\/wp-json\/wp\/v2\/comments?post=1205"}],"version-history":[{"count":1,"href":"https:\/\/wp.ufpel.edu.br\/petmeteorologia\/wp-json\/wp\/v2\/pages\/1205\/revisions"}],"predecessor-version":[{"id":1207,"href":"https:\/\/wp.ufpel.edu.br\/petmeteorologia\/wp-json\/wp\/v2\/pages\/1205\/revisions\/1207"}],"wp:attachment":[{"href":"https:\/\/wp.ufpel.edu.br\/petmeteorologia\/wp-json\/wp\/v2\/media?parent=1205"}],"curies":[{"name":"wp","href":"https:\/\/api.w.org\/{rel}","templated":true}]}}

SEMINÁRIOS DO PET

<p style="text-align: justify;">O &#8220;Seminários do PET&#8221; é uma atividade de ensino em execução há vários anos na qual os petianos apresentam temas que mostram a importância da meteorologia, assim como temas que sejam de áreas em que a meteorologia é aplicada. O público-alvo são, principalmente, alunos da graduação e pós-graduação em meteorologia, mas o intuito do grupo é, com a divulgação das datas, horários e temas dos seminários, atrair participantes de diferentes áreas. Nos seminários, é destinado um tempo para que haja uma troca de ideias entre apresentador e plateia, ocasião em que a atividade torna-se mais efetiva quanto ao entrosamento entre o grupo PET e o público. Além disso, assim como muitas outras atividades do PET-Meteorologia, a participação como ouvinte conta como atividade complementar dos alunos de graduação. Os seminários ocorrerão em horário a ser definido no início do semestre, organizado de maneira que tenha o maior número de participantes possível.</p>

<p>O &#8220;Seminários do PET&#8221; é uma atividade de ensino em execução há vários anos na qual os petianos apresentam temas que mostram a importância da meteorologia, assim como temas que sejam de áreas em que a meteorologia é aplicada. O público-alvo são, principalmente, alunos da graduação e pós-graduação em meteorologia, mas o intuito do grupo &hellip; <a href="https://wp.ufpel.edu.br/petmeteorologia/seminarios-do-pet/" class="more-link">Continue lendo <span class="screen-reader-text">SEMINÁRIOS DO PET</span> <span class="meta-nav">&rarr;</span></a></p>
