{"id":1121,"date":"2024-04-21T20:46:34","date_gmt":"2024-04-21T23:46:34","guid":{"rendered":"https:\/\/wp.ufpel.edu.br\/petmeteorologia\/?page_id=1121"},"modified":"2024-04-21T20:57:19","modified_gmt":"2024-04-21T23:57:19","slug":"membros-anteriores","status":"publish","type":"page","link":"https:\/\/wp.ufpel.edu.br\/petmeteorologia\/membros-anteriores\/","title":{"rendered":"MEMBROS ANTERIORES"},"content":{"rendered":"<table style=\"height: 2312px; width: 170.173%; border-collapse: collapse; border-style: none;\" border=\"0\">\n<tbody>\n<tr style=\"border-style: none;\">\n<td style=\"width: 288.594px; height: 26px; text-align: center; border-style: none;\">Aline Bilhalva<\/td>\n<td style=\"width: 324.219px; height: 26px; border-style: none; text-align: center;\">Graciela Redies Fischer<\/td>\n<td style=\"width: 344.625px; height: 26px; border-style: none; text-align: center;\">Mateus da Silva Teixeira<\/td>\n<\/tr>\n<tr style=\"border-style: none;\">\n<td style=\"width: 288.594px; height: 26px; border-style: none; text-align: center;\">Allef Patrick Caetano de Matos<\/td>\n<td style=\"width: 324.219px; height: 26px; border-style: none; text-align: center;\">Helena Barbieri de Azevedo<\/td>\n<td style=\"width: 344.625px; height: 26px; border-style: none; text-align: center;\">Mauro Neutzling Lehn<\/td>\n<\/tr>\n<tr style=\"border-style: none;\">\n<td style=\"width: 288.594px; height: 26px; border-style: none; text-align: center;\">Alvaro Vasconcelos de Avila<\/td>\n<td style=\"width: 324.219px; height: 26px; border-style: none; text-align: center;\">Henri Rossi Pinheiro<\/td>\n<td style=\"width: 344.625px; height: 26px; border-style: none; text-align: center;\">Michel Nobre Muza<\/td>\n<\/tr>\n<tr style=\"border-style: none;\">\n<td style=\"width: 288.594px; height: 26px; border-style: none; text-align: center;\">Andr\u00e9 Becker Nunes<\/td>\n<td style=\"width: 324.219px; height: 26px; border-style: none; text-align: center;\">Hugo Nunes Andrade<\/td>\n<td style=\"width: 344.625px; height: 26px; border-style: none; text-align: center;\">Morgana Vaz da Silva<\/td>\n<\/tr>\n<tr style=\"border-style: none;\">\n<td style=\"width: 288.594px; height: 26px; border-style: none; text-align: center;\">Ang\u00e9lica Schiavom dos Reis<\/td>\n<td style=\"width: 324.219px; height: 26px; border-style: none; text-align: center;\">Janice Freitas Leivas<\/td>\n<td style=\"width: 344.625px; height: 26px; border-style: none; text-align: center;\">Nath\u00e1lia Bissaque Pessota<\/td>\n<\/tr>\n<tr style=\"border-style: none;\">\n<td style=\"width: 288.594px; height: 26px; border-style: none; text-align: center;\">Ariane Frassoni dos Santos<\/td>\n<td style=\"width: 324.219px; height: 26px; border-style: none; text-align: center;\">J\u00e9ssica Lisandra dos Reis<\/td>\n<td style=\"width: 344.625px; height: 26px; border-style: none; text-align: center;\">N\u00e9lia Kainara Rodrigues Cardoso<\/td>\n<\/tr>\n<tr style=\"border-style: none;\">\n<td style=\"width: 288.594px; height: 26px; border-style: none; text-align: center;\">Bianca Buss Maske<\/td>\n<td style=\"width: 324.219px; height: 26px; border-style: none; text-align: center;\">Joana Madruga<\/td>\n<td style=\"width: 344.625px; height: 26px; border-style: none; text-align: center;\">Ot\u00e1vio Costa Acevedo<\/td>\n<\/tr>\n<tr style=\"border-style: none;\">\n<td style=\"width: 288.594px; height: 26px; border-style: none; text-align: center;\">Bruna Rossales Perleberg<\/td>\n<td style=\"width: 324.219px; height: 26px; border-style: none; text-align: center;\">Jo\u00e3o Luiz Martins Basso<\/td>\n<td style=\"width: 344.625px; height: 26px; border-style: none; text-align: center;\">Ot\u00e1vio Medeiros Feitosa<\/td>\n<\/tr>\n<tr style=\"border-style: none;\">\n<td style=\"width: 288.594px; height: 26px; border-style: none; text-align: center;\">Bruna L\u00fcdtke Paim<\/td>\n<td style=\"width: 324.219px; height: 26px; border-style: none; text-align: center;\">Jo\u00e3o Rodrigo de Castro<\/td>\n<td style=\"width: 344.625px; height: 26px; border-style: none; text-align: center;\">Paula Doubrawa Moreira<\/td>\n<\/tr>\n<tr style=\"border-style: none;\">\n<td style=\"width: 288.594px; height: 26px; border-style: none; text-align: center;\">Bruna Segalin<\/td>\n<td style=\"width: 324.219px; height: 26px; border-style: none; text-align: center;\">Jonas da Costa Carvalho<\/td>\n<td style=\"width: 344.625px; height: 26px; border-style: none; text-align: center;\">Paulo Alexandre da Silva Mello<\/td>\n<\/tr>\n<tr style=\"border-style: none;\">\n<td style=\"width: 288.594px; height: 26px; border-style: none; text-align: center;\">Bruno Kabke Bainy<\/td>\n<td style=\"width: 324.219px; height: 26px; border-style: none; text-align: center;\">Juliana George Suleiman<\/td>\n<td style=\"width: 344.625px; height: 26px; border-style: none; text-align: center;\">Ren\u00e3 Moreira Ara\u00fajo<\/td>\n<\/tr>\n<tr style=\"border-style: none;\">\n<td style=\"width: 288.594px; height: 26px; border-style: none; text-align: center;\">Bruno Lisb\u00f4a Medina<\/td>\n<td style=\"width: 324.219px; height: 26px; border-style: none; text-align: center;\">Juliano Vieira Ribeiro<\/td>\n<td style=\"width: 344.625px; height: 26px; border-style: none; text-align: center;\">Ricardo Ant\u00f4nio Mollmann Junior<\/td>\n<\/tr>\n<tr style=\"border-style: none;\">\n<td style=\"width: 288.594px; height: 26px; border-style: none; text-align: center;\">Bruno Maon Fernandes<\/td>\n<td style=\"width: 324.219px; height: 26px; border-style: none; text-align: center;\">Katia de Avila Fernandes<\/td>\n<td style=\"width: 344.625px; height: 26px; border-style: none; text-align: center;\">Rog\u00e9rio de Lima Saldanha<\/td>\n<\/tr>\n<tr style=\"border-style: none;\">\n<td style=\"width: 288.594px; height: 26px; border-style: none; text-align: center;\">Bruno Zanetti Ribeiro<\/td>\n<td style=\"width: 324.219px; height: 26px; border-style: none; text-align: center;\">Kerollyn Andrzejewski de Oliveira<\/td>\n<td style=\"width: 344.625px; height: 26px; border-style: none; text-align: center;\">Rudinei Leal Machado<\/td>\n<\/tr>\n<tr style=\"border-style: none;\">\n<td style=\"width: 288.594px; height: 26px; border-style: none; text-align: center;\">Camila Cossetin Ferreira<\/td>\n<td style=\"width: 324.219px; height: 26px; border-style: none; text-align: center;\">Laiz Cristina Rodrigues Mello<\/td>\n<td style=\"width: 344.625px; height: 26px; border-style: none; text-align: center;\">Samoel Giehl<\/td>\n<\/tr>\n<tr style=\"border-style: none;\">\n<td style=\"width: 288.594px; height: 26px; border-style: none; text-align: center;\">Camila Pinho da Silveira<\/td>\n<td style=\"width: 324.219px; height: 26px; border-style: none; text-align: center;\">Leandro Azevedo Puchalski<\/td>\n<td style=\"width: 344.625px; height: 26px; border-style: none; text-align: center;\">Samuel Braun<\/td>\n<\/tr>\n<tr style=\"border-style: none;\">\n<td style=\"width: 288.594px; height: 26px; border-style: none; text-align: center;\">Camila Tavares Homann<\/td>\n<td style=\"width: 324.219px; height: 26px; border-style: none; text-align: center;\">Let\u00edcia Prechesniuki Alves<\/td>\n<td style=\"width: 344.625px; height: 26px; border-style: none; text-align: center;\">\u00a0Samuel Hosser<\/td>\n<\/tr>\n<tr style=\"border-style: none;\">\n<td style=\"width: 288.594px; height: 26px; border-style: none; text-align: center;\">Carina Klug Padilha Reinke<\/td>\n<td style=\"width: 324.219px; height: 26px; border-style: none; text-align: center;\">Lia Martins Costa do Amaral<\/td>\n<td style=\"width: 344.625px; height: 26px; border-style: none; text-align: center;\">Sandro Pereira<\/td>\n<\/tr>\n<tr style=\"border-style: none;\">\n<td style=\"width: 288.594px; height: 26px; border-style: none; text-align: center;\">Carolina de Aguiar Monteiro<\/td>\n<td style=\"width: 324.219px; height: 26px; border-style: none; text-align: center;\">Lizandro Jacobsen<\/td>\n<td style=\"width: 344.625px; height: 26px; border-style: none; text-align: center;\">Stefane Fonseca Freitas<\/td>\n<\/tr>\n<tr style=\"border-style: none;\">\n<td style=\"width: 288.594px; height: 26px; border-style: none; text-align: center;\">Carolina Pereira Barcellos<\/td>\n<td style=\"width: 324.219px; height: 26px; border-style: none; text-align: center;\">Luana Ribeiro Macedo<\/td>\n<td style=\"width: 344.625px; height: 26px; border-style: none; text-align: center;\">St\u00e9phano dos Reis Freitas<\/td>\n<\/tr>\n<tr style=\"border-style: none;\">\n<td style=\"width: 288.594px; height: 26px; border-style: none; text-align: center;\">C\u00e1tia Pires Valente<\/td>\n<td style=\"width: 324.219px; height: 26px; border-style: none; text-align: center;\">Lucas d&#8217;Avila Marten<\/td>\n<td style=\"width: 344.625px; height: 26px; border-style: none; text-align: center;\">Taisson Ibeiro Furtado<\/td>\n<\/tr>\n<tr style=\"border-style: none;\">\n<td style=\"width: 288.594px; height: 26px; border-style: none; text-align: center;\">Cristiano Costa Machado<\/td>\n<td style=\"width: 324.219px; height: 26px; border-style: none; text-align: center;\">Luis Gustavo Gon\u00e7alves de Gon\u00e7alves<\/td>\n<td style=\"width: 344.625px; height: 26px; border-style: none; text-align: center;\">Van\u00facia Schumacher Pogorzelski<\/td>\n<\/tr>\n<tr style=\"border-style: none;\">\n<td style=\"width: 288.594px; height: 26px; border-style: none; text-align: center;\">Diulio Patrick Pereira Machado<\/td>\n<td style=\"width: 324.219px; height: 26px; border-style: none; text-align: center;\">Luiz Carlos Salgueiro Donato Bacelar<\/td>\n<td style=\"width: 344.625px; height: 26px; border-style: none; text-align: center;\">Viliam Cardoso da Silveira<\/td>\n<\/tr>\n<tr style=\"border-style: none;\">\n<td style=\"width: 288.594px; height: 26px; border-style: none; text-align: center;\">Dionis Mauri Penning Blank<\/td>\n<td style=\"width: 324.219px; height: 26px; border-style: none; text-align: center;\">Luiz Gabriel Cassol Machado<\/td>\n<td style=\"width: 344.625px; height: 26px; border-style: none; text-align: center;\">Vinicio Lima Santos<\/td>\n<\/tr>\n<tr style=\"border-style: none;\">\n<td style=\"width: 288.594px; height: 26px; border-style: none; text-align: center;\">Emily Claudia Pereira Ramos<\/td>\n<td style=\"width: 324.219px; height: 26px; border-style: none; text-align: center;\">Marcelo Brauer Zaicovski<\/td>\n<td style=\"width: 344.625px; height: 26px; border-style: none; text-align: center;\">Virg\u00ednia Piccinini Silveira<\/td>\n<\/tr>\n<tr style=\"border-style: none;\">\n<td style=\"width: 288.594px; height: 26px; border-style: none; text-align: center;\">Estael Kems Sias<\/td>\n<td style=\"width: 324.219px; height: 26px; border-style: none; text-align: center;\">Marcelo Felix Alonso<\/td>\n<td style=\"width: 344.625px; height: 26px; border-style: none; text-align: center;\">William Ferreira Coelho<\/td>\n<\/tr>\n<tr style=\"border-style: none;\">\n<td style=\"width: 288.594px; height: 26px; border-style: none; text-align: center;\">Fabio Luiz Rodrigues Diniz<\/td>\n<td style=\"width: 324.219px; height: 26px; border-style: none; text-align: center;\">Marcia Vetromilla Fuentes<\/td>\n<td style=\"width: 344.625px; height: 26px; border-style: none; text-align: center;\"><\/td>\n<\/tr>\n<tr style=\"border-style: none;\">\n<td style=\"width: 288.594px; height: 26px; border-style: none; text-align: center;\">Fabr\u00edcio Pereira Harter<\/td>\n<td style=\"width: 324.219px; height: 26px; border-style: none; text-align: center;\">Marco Aur\u00e9lio Alvarenga Alves<\/td>\n<td style=\"width: 344.625px; height: 26px; border-style: none; text-align: center;\"><\/td>\n<\/tr>\n<tr style=\"border-style: none;\">\n<td style=\"width: 288.594px; height: 26px; border-style: none; text-align: center;\">Fernando Rafael Batista Ribeiro Junior<\/td>\n<td style=\"width: 324.219px; height: 26px; border-style: none; text-align: center;\">Maria de Souza Cust\u00f3dio<\/td>\n<td style=\"width: 344.625px; height: 26px; border-style: none; text-align: center;\"><\/td>\n<\/tr>\n<tr style=\"border-style: none;\">\n<td style=\"width: 288.594px; height: 26px; border-style: none; text-align: center;\">Gabriel Bonow M\u00fcnchow<\/td>\n<td style=\"width: 324.219px; height: 26px; border-style: none; text-align: center;\">Mariah Sousa Gomes<\/td>\n<td style=\"width: 344.625px; height: 26px; border-style: none; text-align: center;\"><\/td>\n<\/tr>\n<tr style=\"border-style: none;\">\n<td style=\"width: 288.594px; height: 26px; border-style: none; text-align: center;\">Gilsania de Souza Cruz<\/td>\n<td style=\"width: 324.219px; height: 26px; border-style: none; text-align: center;\">Mariangel Fedrizzi<\/td>\n<td style=\"width: 344.625px; height: 26px; border-style: none; text-align: center;\"><\/td>\n<\/tr>\n<tr style=\"border-style: none;\">\n<td style=\"width: 288.594px; height: 26px; border-style: none; text-align: center;\">Gisele dos Santos Zepka<\/td>\n<td style=\"width: 324.219px; height: 26px; border-style: none; text-align: center;\">Marlon Tomaschewski<\/td>\n<td style=\"width: 344.625px; height: 26px; border-style: none; text-align: center;\"><\/td>\n<\/tr>\n<\/tbody>\n<\/table>\n<p>&nbsp;<\/p>\n","protected":false},"excerpt":{"rendered":"<p>Aline Bilhalva Graciela Redies Fischer Mateus da Silva Teixeira Allef Patrick Caetano de Matos Helena Barbieri de Azevedo Mauro Neutzling Lehn Alvaro Vasconcelos de Avila Henri Rossi Pinheiro Michel Nobre Muza Andr\u00e9 Becker Nunes Hugo Nunes Andrade Morgana Vaz da Silva Ang\u00e9lica Schiavom dos Reis Janice Freitas Leivas Nath\u00e1lia Bissaque Pessota Ariane Frassoni dos Santos &hellip; <a href=\"https:\/\/wp.ufpel.edu.br\/petmeteorologia\/membros-anteriores\/\" class=\"more-link\">Continue lendo <span class=\"screen-reader-text\">MEMBROS ANTERIORES<\/span> <span class=\"meta-nav\">&rarr;<\/span><\/a><\/p>\n","protected":false},"author":186,"featured_media":0,"parent":0,"menu_order":0,"comment_status":"closed","ping_status":"closed","template":"","meta":{"footnotes":""},"class_list":["post-1121","page","type-page","status-publish","hentry"],"_links":{"self":[{"href":"https:\/\/wp.ufpel.edu.br\/petmeteorologia\/wp-json\/wp\/v2\/pages\/1121","targetHints":{"allow":["GET"]}}],"collection":[{"href":"https:\/\/wp.ufpel.edu.br\/petmeteorologia\/wp-json\/wp\/v2\/pages"}],"about":[{"href":"https:\/\/wp.ufpel.edu.br\/petmeteorologia\/wp-json\/wp\/v2\/types\/page"}],"author":[{"embeddable":true,"href":"https:\/\/wp.ufpel.edu.br\/petmeteorologia\/wp-json\/wp\/v2\/users\/186"}],"replies":[{"embeddable":true,"href":"https:\/\/wp.ufpel.edu.br\/petmeteorologia\/wp-json\/wp\/v2\/comments?post=1121"}],"version-history":[{"count":14,"href":"https:\/\/wp.ufpel.edu.br\/petmeteorologia\/wp-json\/wp\/v2\/pages\/1121\/revisions"}],"predecessor-version":[{"id":1125,"href":"https:\/\/wp.ufpel.edu.br\/petmeteorologia\/wp-json\/wp\/v2\/pages\/1121\/revisions\/1125"}],"wp:attachment":[{"href":"https:\/\/wp.ufpel.edu.br\/petmeteorologia\/wp-json\/wp\/v2\/media?parent=1121"}],"curies":[{"name":"wp","href":"https:\/\/api.w.org\/{rel}","templated":true}]}}