{"id":408,"date":"2015-04-08T09:30:43","date_gmt":"2015-04-08T12:30:43","guid":{"rendered":"https:\/\/wp.ufpel.edu.br\/pethidrica\/?page_id=408"},"modified":"2026-03-27T11:50:46","modified_gmt":"2026-03-27T14:50:46","slug":"relatorios","status":"publish","type":"page","link":"https:\/\/wp.ufpel.edu.br\/pethidrica\/relatorios\/","title":{"rendered":"Relat\u00f3rios"},"content":{"rendered":"<p><a href=\"https:\/\/wp.ufpel.edu.br\/pethidrica\/files\/2026\/03\/relatorio-2025.pdf\">Relat\u00f3rio- 2025- PET H\u00eddrica<\/a><\/p>\n<p><a href=\"https:\/\/wp.ufpel.edu.br\/pethidrica\/files\/2025\/07\/relatorio-2024.pdf\">Relat\u00f3rio- 2024- PET H\u00eddrica<\/a><\/p>\n<p><a href=\"https:\/\/wp.ufpel.edu.br\/pethidrica\/files\/2025\/07\/relatorio-2022.pdf\">Relat\u00f3rio- 2022- PET H\u00eddrica<\/a><\/p>\n<p><a href=\"https:\/\/wp.ufpel.edu.br\/pethidrica\/files\/2025\/07\/relatorio-2021.pdf\">Relat\u00f3rio- 2021- PET H\u00eddrica<\/a><\/p>\n<p><a href=\"https:\/\/wp.ufpel.edu.br\/pethidrica\/files\/2025\/07\/relatorio-2020.pdf\">Relat\u00f3rio- 2020- PET H\u00eddrica<\/a><\/p>\n<p><a href=\"https:\/\/wp.ufpel.edu.br\/pethidrica\/files\/2021\/03\/Relatorio-2019-PET-Hidrica.pdf\">Relat\u00f3rio- 2019- PET H\u00eddrica<\/a><\/p>\n<p><a href=\"https:\/\/wp.ufpel.edu.br\/pethidrica\/files\/2019\/04\/Relat\u00f3rio_2018.pdf\">Relat\u00f3rio-2018 &#8211; PET H\u00eddrica<\/a><\/p>\n<p><a href=\"https:\/\/wp.ufpel.edu.br\/pethidrica\/files\/2019\/01\/Relat\u00f3rio_2017.pdf\">Relat\u00f3rio-2017 &#8211; PET H\u00eddrica<\/a><\/p>\n<p><a href=\"https:\/\/wp.ufpel.edu.br\/pethidrica\/files\/2019\/01\/Relat\u00f3rio_2016.pdf\">Relat\u00f3rio-2016 &#8211; PET H\u00eddrica<\/a><\/p>\n<p><a href=\"https:\/\/wp.ufpel.edu.br\/pethidrica\/files\/2019\/01\/Relatorio-2015-PET-H\u00eddrica.pdf\">Relat\u00f3rio-2015 &#8211; PET H\u00eddrica<\/a><\/p>\n<p><a href=\"https:\/\/wp.ufpel.edu.br\/pethidrica\/files\/2019\/01\/SIGPET-Relatorio_Anual_2014.pdf\">Relat\u00f3rio-2014 &#8211; PET H\u00eddrica<\/a><\/p>\n<p><a href=\"https:\/\/wp.ufpel.edu.br\/pethidrica\/files\/2019\/01\/SIGPET-Relatorio_Anual_2013.pdf\">Relat\u00f3rio-2013 &#8211; PET H\u00eddrica<\/a><\/p>\n<p>&nbsp;<\/p>\n<p>&nbsp;<\/p>\n<p>&nbsp;<\/p>\n","protected":false},"excerpt":{"rendered":"<p>Relat\u00f3rio- 2025- PET H\u00eddrica Relat\u00f3rio- 2024- PET H\u00eddrica Relat\u00f3rio- 2022- PET H\u00eddrica Relat\u00f3rio- 2021- PET H\u00eddrica Relat\u00f3rio- 2020- PET H\u00eddrica Relat\u00f3rio- 2019- PET H\u00eddrica Relat\u00f3rio-2018 &#8211; PET H\u00eddrica Relat\u00f3rio-2017 &#8211; PET H\u00eddrica Relat\u00f3rio-2016 &#8211; PET H\u00eddrica Relat\u00f3rio-2015 &#8211; PET H\u00eddrica Relat\u00f3rio-2014 &#8211; PET H\u00eddrica Relat\u00f3rio-2013 &#8211; PET H\u00eddrica &nbsp; &nbsp; &nbsp;<\/p>\n","protected":false},"author":405,"featured_media":0,"parent":0,"menu_order":0,"comment_status":"closed","ping_status":"closed","template":"","meta":{"footnotes":""},"class_list":["post-408","page","type-page","status-publish","hentry","post"],"_links":{"self":[{"href":"https:\/\/wp.ufpel.edu.br\/pethidrica\/wp-json\/wp\/v2\/pages\/408","targetHints":{"allow":["GET"]}}],"collection":[{"href":"https:\/\/wp.ufpel.edu.br\/pethidrica\/wp-json\/wp\/v2\/pages"}],"about":[{"href":"https:\/\/wp.ufpel.edu.br\/pethidrica\/wp-json\/wp\/v2\/types\/page"}],"author":[{"embeddable":true,"href":"https:\/\/wp.ufpel.edu.br\/pethidrica\/wp-json\/wp\/v2\/users\/405"}],"replies":[{"embeddable":true,"href":"https:\/\/wp.ufpel.edu.br\/pethidrica\/wp-json\/wp\/v2\/comments?post=408"}],"version-history":[{"count":4,"href":"https:\/\/wp.ufpel.edu.br\/pethidrica\/wp-json\/wp\/v2\/pages\/408\/revisions"}],"predecessor-version":[{"id":2016,"href":"https:\/\/wp.ufpel.edu.br\/pethidrica\/wp-json\/wp\/v2\/pages\/408\/revisions\/2016"}],"wp:attachment":[{"href":"https:\/\/wp.ufpel.edu.br\/pethidrica\/wp-json\/wp\/v2\/media?parent=408"}],"curies":[{"name":"wp","href":"https:\/\/api.w.org\/{rel}","templated":true}]}}