{"id":364,"date":"2014-11-11T10:28:52","date_gmt":"2014-11-11T12:28:52","guid":{"rendered":"https:\/\/wp.ufpel.edu.br\/pethidrica\/?page_id=364"},"modified":"2026-03-27T11:49:24","modified_gmt":"2026-03-27T14:49:24","slug":"planejamentos","status":"publish","type":"page","link":"https:\/\/wp.ufpel.edu.br\/pethidrica\/planejamentos\/","title":{"rendered":"Planejamentos"},"content":{"rendered":"<p><a href=\"https:\/\/wp.ufpel.edu.br\/pethidrica\/files\/2026\/03\/Planejamento-PET-2026-submetido-no-Sigpet-em-09.12.25.pdf\">Planejamento-2026 &#8211; PET H\u00eddrica<\/a><\/p>\n<p><a href=\"https:\/\/wp.ufpel.edu.br\/pethidrica\/files\/2025\/07\/planejamento-2025.pdf\">Planejamento-2025 &#8211; PET H\u00eddrica<\/a><\/p>\n<p><a href=\"https:\/\/wp.ufpel.edu.br\/pethidrica\/files\/2025\/07\/planejamento-2024.pdf\">Planejamento-2024 &#8211; PET H\u00eddrica<\/a><\/p>\n<p><a href=\"https:\/\/wp.ufpel.edu.br\/pethidrica\/files\/2025\/07\/Planejamento_2023.pdf\">Planejamento-2023 &#8211; PET H\u00eddrica<\/a><\/p>\n<p><a href=\"https:\/\/wp.ufpel.edu.br\/pethidrica\/files\/2025\/07\/Planejamento_2021.pdf\">Planejamento-2021 &#8211; PET H\u00eddrica<\/a><\/p>\n<p><a href=\"https:\/\/wp.ufpel.edu.br\/pethidrica\/files\/2020\/03\/Planejamento_2020.pdf\">Planejamento-2020 &#8211; PET H\u00eddrica<\/a><\/p>\n<p><a href=\"https:\/\/wp.ufpel.edu.br\/pethidrica\/files\/2019\/03\/planejamento.pdf\">Planejamento-2019 &#8211; PET H\u00eddrica<\/a><\/p>\n<p><a href=\"https:\/\/wp.ufpel.edu.br\/pethidrica\/files\/2018\/05\/Planejamento-2018-PET-H\u00eddrica.pdf\">Planejamento-2018 &#8211; PET H\u00eddrica<\/a><\/p>\n<p><a href=\"https:\/\/wp.ufpel.edu.br\/pethidrica\/files\/2017\/05\/Planejamento-2017-PET-H\u00eddrica.pdf\" target=\"_blank\" rel=\"noopener noreferrer\">Planejamento-2017 &#8211; PET H\u00eddrica<\/a><\/p>\n<p><a href=\"https:\/\/wp.ufpel.edu.br\/pethidrica\/files\/2019\/01\/planejamento_anual_2016-04-11.pdf\">Planejamento-2016 &#8211; PET H\u00eddrica<\/a><\/p>\n<p><a href=\"https:\/\/wp.ufpel.edu.br\/pethidrica\/files\/2019\/01\/Planejamento_Anual_2015_SIGPET.pdf\">Planejamento-2015 &#8211; PET H\u00eddrica<\/a><\/p>\n<p><a href=\"https:\/\/wp.ufpel.edu.br\/pethidrica\/files\/2019\/01\/planejamento_anual_2014-05-22.pdf\">Planejamento-2014 &#8211; PET H\u00eddrica<\/a><\/p>\n<p><a href=\"https:\/\/wp.ufpel.edu.br\/pethidrica\/files\/2019\/01\/Planejamento-PET-EH-2013-1-.pdf\">Planejamento-2013 &#8211; PET H\u00eddrica<\/a><\/p>\n<p>&nbsp;<\/p>\n<p>&nbsp;<\/p>\n","protected":false},"excerpt":{"rendered":"<p>Planejamento-2026 &#8211; PET H\u00eddrica Planejamento-2025 &#8211; PET H\u00eddrica Planejamento-2024 &#8211; PET H\u00eddrica Planejamento-2023 &#8211; PET H\u00eddrica Planejamento-2021 &#8211; PET H\u00eddrica Planejamento-2020 &#8211; PET H\u00eddrica Planejamento-2019 &#8211; PET H\u00eddrica Planejamento-2018 &#8211; PET H\u00eddrica Planejamento-2017 &#8211; PET H\u00eddrica Planejamento-2016 &#8211; PET H\u00eddrica Planejamento-2015 &#8211; PET H\u00eddrica Planejamento-2014 &#8211; PET H\u00eddrica Planejamento-2013 &#8211; PET H\u00eddrica &nbsp; &nbsp;<\/p>\n","protected":false},"author":405,"featured_media":0,"parent":0,"menu_order":0,"comment_status":"closed","ping_status":"closed","template":"","meta":{"footnotes":""},"class_list":["post-364","page","type-page","status-publish","hentry","post"],"_links":{"self":[{"href":"https:\/\/wp.ufpel.edu.br\/pethidrica\/wp-json\/wp\/v2\/pages\/364","targetHints":{"allow":["GET"]}}],"collection":[{"href":"https:\/\/wp.ufpel.edu.br\/pethidrica\/wp-json\/wp\/v2\/pages"}],"about":[{"href":"https:\/\/wp.ufpel.edu.br\/pethidrica\/wp-json\/wp\/v2\/types\/page"}],"author":[{"embeddable":true,"href":"https:\/\/wp.ufpel.edu.br\/pethidrica\/wp-json\/wp\/v2\/users\/405"}],"replies":[{"embeddable":true,"href":"https:\/\/wp.ufpel.edu.br\/pethidrica\/wp-json\/wp\/v2\/comments?post=364"}],"version-history":[{"count":4,"href":"https:\/\/wp.ufpel.edu.br\/pethidrica\/wp-json\/wp\/v2\/pages\/364\/revisions"}],"predecessor-version":[{"id":2014,"href":"https:\/\/wp.ufpel.edu.br\/pethidrica\/wp-json\/wp\/v2\/pages\/364\/revisions\/2014"}],"wp:attachment":[{"href":"https:\/\/wp.ufpel.edu.br\/pethidrica\/wp-json\/wp\/v2\/media?parent=364"}],"curies":[{"name":"wp","href":"https:\/\/api.w.org\/{rel}","templated":true}]}}