{"id":28,"date":"2014-08-01T10:02:47","date_gmt":"2014-08-01T13:02:47","guid":{"rendered":"https:\/\/wp.ufpel.edu.br\/pethidrica\/?page_id=28"},"modified":"2019-01-11T22:08:40","modified_gmt":"2019-01-12T00:08:40","slug":"dia-mundial-da-agua","status":"publish","type":"page","link":"https:\/\/wp.ufpel.edu.br\/pethidrica\/atividades\/dia-mundial-da-agua\/","title":{"rendered":"Dia Mundial da \u00c1gua"},"content":{"rendered":"<p style=\"text-align: justify\">\u00a0 \u00a0 \u00a0O dia mundial da \u00e1gua se comemora em 22 de mar\u00e7o, bem este inevit\u00e1vel para a sobreviv\u00eancia das mais diversas formas de vida e indispens\u00e1vel para processos produtivos. Sabendo da import\u00e2ncia deste recurso, o grupo PET Engenharia H\u00eddrica realiza a\u00e7\u00f5es neste dia para conscientizar a popula\u00e7\u00e3o e a comunidade acad\u00eamica de forma a disseminar informa\u00e7\u00f5es que atendam a este objetivo. A a\u00e7\u00e3o elaborada neste dia retrata assuntos que vir\u00e3o a apresentar a popula\u00e7\u00e3o informa\u00e7\u00f5es as quais as far\u00e3o repensar seu modo de uso. Desde pr\u00e1ticas dom\u00e9sticas corriqueiras, at\u00e9 formas de uso sustent\u00e1vel que atendam n\u00e3o s\u00f3 a preocupa\u00e7\u00e3o da quantidade de \u00e1gua desperdi\u00e7ada como a qualidade em que a temos e a teremos.<\/p>\n<p><a href=\"https:\/\/wp.ufpel.edu.br\/pethidrica\/files\/2014\/08\/dia-mundial-da-\u00e1gua.jpg\"><img loading=\"lazy\" decoding=\"async\" class=\"size-medium wp-image-158 aligncenter\" src=\"https:\/\/wp.ufpel.edu.br\/pethidrica\/files\/2014\/08\/dia-mundial-da-\u00e1gua-424x318.jpg\" alt=\"dia mundial da \u00e1gua\" width=\"424\" height=\"318\" srcset=\"https:\/\/wp.ufpel.edu.br\/pethidrica\/files\/2014\/08\/dia-mundial-da-\u00e1gua-424x318.jpg 424w, https:\/\/wp.ufpel.edu.br\/pethidrica\/files\/2014\/08\/dia-mundial-da-\u00e1gua-212x159.jpg 212w, https:\/\/wp.ufpel.edu.br\/pethidrica\/files\/2014\/08\/dia-mundial-da-\u00e1gua.jpg 800w\" sizes=\"auto, (max-width: 424px) 100vw, 424px\" \/><\/a><\/p>\n<p>&nbsp;<\/p>\n","protected":false},"excerpt":{"rendered":"<p>\u00a0 \u00a0 \u00a0O dia mundial da \u00e1gua se comemora em 22 de mar\u00e7o, bem este inevit\u00e1vel para a sobreviv\u00eancia das mais diversas formas de vida e indispens\u00e1vel para processos produtivos. Sabendo da import\u00e2ncia deste recurso, o grupo PET Engenharia H\u00eddrica realiza a\u00e7\u00f5es neste dia para conscientizar a popula\u00e7\u00e3o e a comunidade acad\u00eamica de forma a [&hellip;]<\/p>\n","protected":false},"author":405,"featured_media":0,"parent":18,"menu_order":0,"comment_status":"closed","ping_status":"closed","template":"","meta":{"footnotes":""},"class_list":["post-28","page","type-page","status-publish","hentry","post"],"_links":{"self":[{"href":"https:\/\/wp.ufpel.edu.br\/pethidrica\/wp-json\/wp\/v2\/pages\/28","targetHints":{"allow":["GET"]}}],"collection":[{"href":"https:\/\/wp.ufpel.edu.br\/pethidrica\/wp-json\/wp\/v2\/pages"}],"about":[{"href":"https:\/\/wp.ufpel.edu.br\/pethidrica\/wp-json\/wp\/v2\/types\/page"}],"author":[{"embeddable":true,"href":"https:\/\/wp.ufpel.edu.br\/pethidrica\/wp-json\/wp\/v2\/users\/405"}],"replies":[{"embeddable":true,"href":"https:\/\/wp.ufpel.edu.br\/pethidrica\/wp-json\/wp\/v2\/comments?post=28"}],"version-history":[{"count":3,"href":"https:\/\/wp.ufpel.edu.br\/pethidrica\/wp-json\/wp\/v2\/pages\/28\/revisions"}],"predecessor-version":[{"id":915,"href":"https:\/\/wp.ufpel.edu.br\/pethidrica\/wp-json\/wp\/v2\/pages\/28\/revisions\/915"}],"up":[{"embeddable":true,"href":"https:\/\/wp.ufpel.edu.br\/pethidrica\/wp-json\/wp\/v2\/pages\/18"}],"wp:attachment":[{"href":"https:\/\/wp.ufpel.edu.br\/pethidrica\/wp-json\/wp\/v2\/media?parent=28"}],"curies":[{"name":"wp","href":"https:\/\/api.w.org\/{rel}","templated":true}]}}