{"id":112,"date":"2014-08-01T11:04:19","date_gmt":"2014-08-01T14:04:19","guid":{"rendered":"https:\/\/wp.ufpel.edu.br\/pethidrica\/?page_id=112"},"modified":"2020-03-25T16:17:30","modified_gmt":"2020-03-25T19:17:30","slug":"manual-do-pet","status":"publish","type":"page","link":"https:\/\/wp.ufpel.edu.br\/pethidrica\/o-grupo\/manual-do-pet\/","title":{"rendered":"Manual do PET"},"content":{"rendered":"<p>O Manual do PET com as orienta\u00e7\u00f5es b\u00e1sicas seguidas por todos os grupos no Brasil se encontra p\u00fablico e de livre acesso no seguinte link:<\/p>\n<p><a href=\"https:\/\/wp.ufpel.edu.br\/pethidrica\/files\/2014\/08\/manualorientabasicas.pdf\">Manual de Orienta\u00e7\u00f5es B\u00e1sicas<\/a> [LINK]<\/p>\n","protected":false},"excerpt":{"rendered":"<p>O Manual do PET com as orienta\u00e7\u00f5es b\u00e1sicas seguidas por todos os grupos no Brasil se encontra p\u00fablico e de livre acesso no seguinte link: Manual de Orienta\u00e7\u00f5es B\u00e1sicas [LINK]<\/p>\n","protected":false},"author":405,"featured_media":0,"parent":60,"menu_order":0,"comment_status":"closed","ping_status":"closed","template":"","meta":{"footnotes":""},"class_list":["post-112","page","type-page","status-publish","hentry","post"],"_links":{"self":[{"href":"https:\/\/wp.ufpel.edu.br\/pethidrica\/wp-json\/wp\/v2\/pages\/112","targetHints":{"allow":["GET"]}}],"collection":[{"href":"https:\/\/wp.ufpel.edu.br\/pethidrica\/wp-json\/wp\/v2\/pages"}],"about":[{"href":"https:\/\/wp.ufpel.edu.br\/pethidrica\/wp-json\/wp\/v2\/types\/page"}],"author":[{"embeddable":true,"href":"https:\/\/wp.ufpel.edu.br\/pethidrica\/wp-json\/wp\/v2\/users\/405"}],"replies":[{"embeddable":true,"href":"https:\/\/wp.ufpel.edu.br\/pethidrica\/wp-json\/wp\/v2\/comments?post=112"}],"version-history":[{"count":5,"href":"https:\/\/wp.ufpel.edu.br\/pethidrica\/wp-json\/wp\/v2\/pages\/112\/revisions"}],"predecessor-version":[{"id":1259,"href":"https:\/\/wp.ufpel.edu.br\/pethidrica\/wp-json\/wp\/v2\/pages\/112\/revisions\/1259"}],"up":[{"embeddable":true,"href":"https:\/\/wp.ufpel.edu.br\/pethidrica\/wp-json\/wp\/v2\/pages\/60"}],"wp:attachment":[{"href":"https:\/\/wp.ufpel.edu.br\/pethidrica\/wp-json\/wp\/v2\/media?parent=112"}],"curies":[{"name":"wp","href":"https:\/\/api.w.org\/{rel}","templated":true}]}}