{"id":108,"date":"2014-08-01T11:03:35","date_gmt":"2014-08-01T14:03:35","guid":{"rendered":"https:\/\/wp.ufpel.edu.br\/pethidrica\/?page_id=108"},"modified":"2026-03-27T12:02:21","modified_gmt":"2026-03-27T15:02:21","slug":"integrantes-atuais","status":"publish","type":"page","link":"https:\/\/wp.ufpel.edu.br\/pethidrica\/o-grupo\/integrantes-atuais\/","title":{"rendered":"Integrantes Atuais"},"content":{"rendered":"<p>Adrian Henrique Santos da Silva Barbosa de Oliveira<\/p>\n<p>Anna Isabel Furtado<\/p>\n<p>Lessandra Villela Saldanha<\/p>\n<p>Lucas Donizete da Silva Alves<\/p>\n<p>Lu\u00eds Fernando Racanelli Freitas Lima<\/p>\n<p>Lu\u00eds Paulo Garcia Rodrigues<\/p>\n<p>Mamoru Bruno Dias Saito<\/p>\n<p>P\u00e2mela Soares Gomes<\/p>\n<p>Rafael Pires Caldeira<\/p>\n<p>Sandra Beatriz Pereira da Silva<\/p>\n<p style=\"text-align: left;\">Luis Eduardo A.S. Suzuki (Tutor)<\/p>\n<p>&nbsp;<\/p>\n<p>&nbsp;<\/p>\n<p>&nbsp;<\/p>\n","protected":false},"excerpt":{"rendered":"<p>Adrian Henrique Santos da Silva Barbosa de Oliveira Anna Isabel Furtado Lessandra Villela Saldanha Lucas Donizete da Silva Alves Lu\u00eds Fernando Racanelli Freitas Lima Lu\u00eds Paulo Garcia Rodrigues Mamoru Bruno Dias Saito P\u00e2mela Soares Gomes Rafael Pires Caldeira Sandra Beatriz Pereira da Silva Luis Eduardo A.S. Suzuki (Tutor) &nbsp; &nbsp; &nbsp;<\/p>\n","protected":false},"author":405,"featured_media":0,"parent":60,"menu_order":0,"comment_status":"closed","ping_status":"closed","template":"","meta":{"footnotes":""},"class_list":["post-108","page","type-page","status-publish","hentry","post"],"_links":{"self":[{"href":"https:\/\/wp.ufpel.edu.br\/pethidrica\/wp-json\/wp\/v2\/pages\/108","targetHints":{"allow":["GET"]}}],"collection":[{"href":"https:\/\/wp.ufpel.edu.br\/pethidrica\/wp-json\/wp\/v2\/pages"}],"about":[{"href":"https:\/\/wp.ufpel.edu.br\/pethidrica\/wp-json\/wp\/v2\/types\/page"}],"author":[{"embeddable":true,"href":"https:\/\/wp.ufpel.edu.br\/pethidrica\/wp-json\/wp\/v2\/users\/405"}],"replies":[{"embeddable":true,"href":"https:\/\/wp.ufpel.edu.br\/pethidrica\/wp-json\/wp\/v2\/comments?post=108"}],"version-history":[{"count":4,"href":"https:\/\/wp.ufpel.edu.br\/pethidrica\/wp-json\/wp\/v2\/pages\/108\/revisions"}],"predecessor-version":[{"id":2017,"href":"https:\/\/wp.ufpel.edu.br\/pethidrica\/wp-json\/wp\/v2\/pages\/108\/revisions\/2017"}],"up":[{"embeddable":true,"href":"https:\/\/wp.ufpel.edu.br\/pethidrica\/wp-json\/wp\/v2\/pages\/60"}],"wp:attachment":[{"href":"https:\/\/wp.ufpel.edu.br\/pethidrica\/wp-json\/wp\/v2\/media?parent=108"}],"curies":[{"name":"wp","href":"https:\/\/api.w.org\/{rel}","templated":true}]}}