{"id":163,"date":"2025-03-26T10:22:12","date_gmt":"2025-03-26T13:22:12","guid":{"rendered":"https:\/\/wp.ufpel.edu.br\/petfronteiras\/?page_id=163"},"modified":"2025-09-21T18:10:56","modified_gmt":"2025-09-21T21:10:56","slug":"membros","status":"publish","type":"page","link":"https:\/\/wp.ufpel.edu.br\/petfronteiras\/sobre-nos\/membros\/","title":{"rendered":"Membros"},"content":{"rendered":"\n<head> \n  <link rel=\"preconnect\" href=\"https:\/\/fonts.googleapis.com\" \/> \n  <link rel=\"preconnect\" href=\"https:\/\/fonts.gstatic.com\" crossorigin \/> \n  <link href=\"https:\/\/fonts.googleapis.com\/css2?family=Anton&#038;display=swap\" rel=\"stylesheet\" \/> \n<\/head> \n\n<div style=\"position: relative; width: 100%; height: auto\"> \n  <div style=\"\n      position: relative; \n      top: 0; \n      left: 7%; \n      max-width: 45%; \n      color: #504801; \n      font-family: sans-serif; \n      padding-top: 40px;\n    \" \n    class=\"pet-projetos-box\"\n  > \n    <h1 style=\"\n        font-family: 'Anton', sans-serif; \n        font-size: 4em; \n        font-weight: 400; \n        margin: 0 0 0.5em 0; \n        line-height: 1.1em; \n        color: #504801;\n      \" \n      class=\"pet-projetos-title\"\n    >\n      JUNTOS SOMOS N\u00d3S<br>\n      E N\u00d3S QUE NINGU\u00c9M DESATA\n    <\/h1> \n  <\/div> \n<\/div> \n\n<style> \n@media screen and (max-width: 1024px) { \n  .pet-projetos-box { \n    max-width: 90% !important; \n    left: 5% !important; \n    padding-top: 30px !important; \n  } \n  .pet-projetos-title { \n    font-size: 3em !important; \n  } \n} \n\n@media screen and (max-width: 600px) { \n  .pet-projetos-box { \n    max-width: 95% !important; \n    left: 2.5% !important; \n    padding-top: 25px !important; \n  } \n  .pet-projetos-title { \n    font-size: 2.5em !important; \n  } \n} \n<\/style>\n\n\n\n<div class=\"membros-grid\">\n    <div class=\"membro\">\n        <img decoding=\"async\" src=\"https:\/\/wp.ufpel.edu.br\/petfronteiras\/files\/2025\/05\/Elizandra-Perez.jpg\" alt=\"Elizandra Perez\">\n        <div class=\"membro-info\">\n            <h3>Elizandra Perez<\/h3>\n            <p>Design Gr\u00e1fico<\/p>\n            <div class=\"circulos-separadores\">\n                <span class=\"circulo\" style=\"background-color: #d65f69;\"><\/span>\n                <span class=\"circulo\" style=\"background-color: #fe930c;\"><\/span>\n                <span class=\"circulo\" style=\"background-color: #6e6b2b;\"><\/span>\n            <\/div>\n            <p class=\"bio\">Sou professora de ingl\u00eas e futura designer. Amo pedalar, cozinhar, assistir The Office. Tenho um cachorro chamado Ronaldinho e um ap\u00ea que parece uma floresta.<\/p>\n        <\/div>\n    <\/div>\n    <div class=\"membro\">\n        <img decoding=\"async\" src=\"https:\/\/wp.ufpel.edu.br\/petfronteiras\/files\/2025\/07\/IMG_0634-Gabriel-Lima-scaled.jpeg\" alt=\"Gabriel Lima\">\n        <div class=\"membro-info\">\n            <h3>Gabriel Lima<\/h3>\n            <p>Psicologia<\/p>\n            <div class=\"circulos-separadores\">\n                <span class=\"circulo\" style=\"background-color: #d65f69;\"><\/span>\n                <span class=\"circulo\" style=\"background-color: #fe930c;\"><\/span>\n                <span class=\"circulo\" style=\"background-color: #6e6b2b;\"><\/span>\n            <\/div>\n            <p class=\"bio\">Acredito no poder da educa\u00e7\u00e3o como ferramenta de transforma\u00e7\u00e3o social.<\/p>\n        <\/div>\n    <\/div>\n    <div class=\"membro\">\n        <img decoding=\"async\" src=\"https:\/\/wp.ufpel.edu.br\/petfronteiras\/files\/2025\/05\/Gabriela-Lara.jpg\" alt=\"Gabriela Lara\">\n        <div class=\"membro-info\">\n            <h3>Gabriela Lara<\/h3>\n            <p>Psicologia<\/p>\n            <div class=\"circulos-separadores\">\n                <span class=\"circulo\" style=\"background-color: #d65f69;\"><\/span>\n                <span class=\"circulo\" style=\"background-color: #fe930c;\"><\/span>\n                <span class=\"circulo\" style=\"background-color: #6e6b2b;\"><\/span>\n            <\/div>\n            <p class=\"bio\">Me interesso por g\u00eanero, sa\u00fade mental e movimentos sociais. Amo o l\u00fadico e me conectar com quem amo. Heeey, tudo bem? xD<\/p>\n        <\/div>\n    <\/div>\n    <div class=\"membro\">\n        <img decoding=\"async\" src=\"https:\/\/wp.ufpel.edu.br\/petfronteiras\/files\/2025\/07\/Helena-Amaral.png\" alt=\"Helena Amaral\">\n        <div class=\"membro-info\">\n            <h3>Helena Amaral<\/h3>\n            <p>Terapia Ocupacional<\/p>\n            <div class=\"circulos-separadores\">\n                <span class=\"circulo\" style=\"background-color: #d65f69;\"><\/span>\n                <span class=\"circulo\" style=\"background-color: #fe930c;\"><\/span>\n                <span class=\"circulo\" style=\"background-color: #6e6b2b;\"><\/span>\n            <\/div>\n            <p class=\"bio\">Militante, estudante e eterna indignada<\/p>\n        <\/div>\n    <\/div>\n    <div class=\"membro\">\n        <img decoding=\"async\" src=\"https:\/\/wp.ufpel.edu.br\/petfronteiras\/files\/2025\/05\/Joao-Miguel.jpg\" alt=\"Jo\u00e3o Miguel\">\n        <div class=\"membro-info\">\n            <h3>Jo\u00e3o Miguel<\/h3>\n            <p>Jornalismo<\/p>\n            <div class=\"circulos-separadores\">\n                <span class=\"circulo\" style=\"background-color: #d65f69;\"><\/span>\n                <span class=\"circulo\" style=\"background-color: #fe930c;\"><\/span>\n                <span class=\"circulo\" style=\"background-color: #6e6b2b;\"><\/span>\n            <\/div>\n            <p class=\"bio\">Me tornei estudante de Jornalsimo porque nunca fui um bom rapper<\/p>\n        <\/div>\n    <\/div>\n    <div class=\"membro\">\n        <img decoding=\"async\" src=\"https:\/\/wp.ufpel.edu.br\/petfronteiras\/files\/2025\/05\/Karoline-Duarte.jpg\" alt=\"Karoline Duarte\">\n        <div class=\"membro-info\">\n            <h3>Karoline Duarte<\/h3>\n            <p>Psicologia<\/p>\n            <div class=\"circulos-separadores\">\n                <span class=\"circulo\" style=\"background-color: #d65f69;\"><\/span>\n                <span class=\"circulo\" style=\"background-color: #fe930c;\"><\/span>\n                <span class=\"circulo\" style=\"background-color: #6e6b2b;\"><\/span>\n            <\/div>\n            <p class=\"bio\">Amo moda, comportamento humano, animais e plantas. No PET, uno meus interesses pessoais aos profissionais.<\/p>\n        <\/div>\n    <\/div>\n    <div class=\"membro\">\n        <img decoding=\"async\" src=\"https:\/\/wp.ufpel.edu.br\/petfronteiras\/files\/2025\/05\/Lucas-Almeida.jpg\" alt=\"Lucas Almeida\">\n        <div class=\"membro-info\">\n            <h3>Lucas Almeida<\/h3>\n            <p>Psicologia<\/p>\n            <div class=\"circulos-separadores\">\n                <span class=\"circulo\" style=\"background-color: #d65f69;\"><\/span>\n                <span class=\"circulo\" style=\"background-color: #fe930c;\"><\/span>\n                <span class=\"circulo\" style=\"background-color: #6e6b2b;\"><\/span>\n            <\/div>\n            <p class=\"bio\">Sou movido por hist\u00f3rias e utopias. Amo mitologia, m\u00fasica, tons esverdeados e vivo com Lucie, minha cadela que colore meus dias.<\/p>\n        <\/div>\n    <\/div>\n    <div class=\"membro\">\n        <img decoding=\"async\" src=\"https:\/\/wp.ufpel.edu.br\/petfronteiras\/files\/2025\/09\/Imagem-do-WhatsApp-de-2025-09-21-as-18.09.09_707cd6e2.jpg\" alt=\"Madu Costa\">\n        <div class=\"membro-info\">\n            <h3>Madu Costa<\/h3>\n            <p>Design Gr\u00e1fico<\/p>\n            <div class=\"circulos-separadores\">\n                <span class=\"circulo\" style=\"background-color: #d65f69;\"><\/span>\n                <span class=\"circulo\" style=\"background-color: #fe930c;\"><\/span>\n                <span class=\"circulo\" style=\"background-color: #6e6b2b;\"><\/span>\n            <\/div>\n            <p class=\"bio\">Enxergo no design uma forma de reescrever o mundo. Me interesso por tecnologia, sociedade e colagens cr\u00edticas. Como mulher negra, acredito no design como abrigo, arma e semente.<\/p>\n        <\/div>\n    <\/div>\n    <div class=\"membro\">\n        <img decoding=\"async\" src=\"https:\/\/wp.ufpel.edu.br\/petfronteiras\/files\/2025\/05\/Maira-Goncalves-Coelho.jpg\" alt=\"Ma\u00edra Gon\u00e7alves Coelho\">\n        <div class=\"membro-info\">\n            <h3>Ma\u00edra Gon\u00e7alves Coelho<\/h3>\n            <p>M\u00fasica Licenciatura<\/p>\n            <div class=\"circulos-separadores\">\n                <span class=\"circulo\" style=\"background-color: #d65f69;\"><\/span>\n                <span class=\"circulo\" style=\"background-color: #fe930c;\"><\/span>\n                <span class=\"circulo\" style=\"background-color: #6e6b2b;\"><\/span>\n            <\/div>\n            <p class=\"bio\">Trilho a m\u00fasica desde 2013. Atuo em coletivos como Batucantada e Escola de samba General Telles e a Banda carnavalesca Dona da Noite .<\/p>\n        <\/div>\n    <\/div>\n<\/div>\n\n<style>\n.membros-grid {\n    display: grid;\n    grid-template-columns: repeat(auto-fit, minmax(250px, 1fr));\n    gap: 20px;\n    justify-content: center;\n    padding: 20px;\n}\n.membro {\n    text-align: center;\n    background: transparent;\n    padding: 15px;\n    border-radius: 10px;\n    box-shadow: 0 4px 6px rgba(0, 0, 0, 0.1);\n    display: flex;\n    flex-direction: column;\n    align-items: center;\n    justify-content: flex-start;\n    min-height: 350px;\n    transition: all 0.3s ease;\n}\n.membro:hover {\n    transform: translateY(-5px);\n}\n.membro img {\n    width: 100px;\n    height: 100px;\n    border-radius: 50%;\n    object-fit: cover;\n    margin-bottom: 10px;\n}\n.membro-info {\n    font-family: Arial, sans-serif;\n}\n.membro-info h3 {\n    margin: 5px 0;\n    font-size: 16px;\n}\n.membro-info p {\n    font-size: 14px;\n    margin: 3px 0;\n}\n.circulos-separadores {\n    margin: 10px 0;\n    display: flex;\n    justify-content: center;\n    gap: 10px;\n}\n.circulo {\n    width: 10px;\n    height: 10px;\n    border-radius: 50%;\n    display: inline-block;\n}\n.bio {\n    font-style: italic;\n    font-size: 13px;\n}\n<\/style>\n\n\n\n<p>Ex-petianos<\/p>\n\n\n<style>.kb-row-layout-id163_381614-e3 > .kt-row-column-wrap{align-content:start;}:where(.kb-row-layout-id163_381614-e3 > .kt-row-column-wrap) > .wp-block-kadence-column{justify-content:start;}.kb-row-layout-id163_381614-e3 > .kt-row-column-wrap{column-gap:var(--global-kb-gap-md, 2rem);row-gap:var(--global-kb-gap-md, 2rem);padding-top:var(--global-kb-spacing-sm, 1.5rem);padding-bottom:var(--global-kb-spacing-sm, 1.5rem);}.kb-row-layout-id163_381614-e3 > .kt-row-column-wrap > div:not(.added-for-specificity){grid-column:initial;}.kb-row-layout-id163_381614-e3 > .kt-row-column-wrap{grid-template-columns:repeat(4, minmax(0, 1fr));}.kb-row-layout-id163_381614-e3 > .kt-row-layout-overlay{opacity:0.30;}@media all and (max-width: 1024px){.kb-row-layout-id163_381614-e3 > .kt-row-column-wrap > div:not(.added-for-specificity){grid-column:initial;}}@media all and (max-width: 1024px){.kb-row-layout-id163_381614-e3 > .kt-row-column-wrap{grid-template-columns:repeat(4, minmax(0, 1fr));}}@media all and (max-width: 767px){.kb-row-layout-id163_381614-e3 > .kt-row-column-wrap > div:not(.added-for-specificity){grid-column:initial;}.kb-row-layout-id163_381614-e3 > .kt-row-column-wrap{grid-template-columns:minmax(0, 1fr);}}<\/style><div class=\"kb-row-layout-wrap kb-row-layout-id163_381614-e3 alignnone wp-block-kadence-rowlayout\"><div class=\"kt-row-column-wrap kt-has-4-columns kt-row-layout-equal kt-tab-layout-inherit kt-mobile-layout-row kt-row-valign-top\">\n<style>.kadence-column163_c36b72-9a > .kt-inside-inner-col,.kadence-column163_c36b72-9a > .kt-inside-inner-col:before{border-top-left-radius:0px;border-top-right-radius:0px;border-bottom-right-radius:0px;border-bottom-left-radius:0px;}.kadence-column163_c36b72-9a > .kt-inside-inner-col{column-gap:var(--global-kb-gap-sm, 1rem);}.kadence-column163_c36b72-9a > .kt-inside-inner-col{flex-direction:column;}.kadence-column163_c36b72-9a > .kt-inside-inner-col > .aligncenter{width:100%;}.kadence-column163_c36b72-9a > .kt-inside-inner-col:before{opacity:0.3;}.kadence-column163_c36b72-9a{position:relative;}@media all and (max-width: 1024px){.kadence-column163_c36b72-9a > .kt-inside-inner-col{flex-direction:column;justify-content:center;}}@media all and (max-width: 767px){.kadence-column163_c36b72-9a > .kt-inside-inner-col{flex-direction:column;justify-content:center;}}<\/style>\n<div class=\"wp-block-kadence-column kadence-column163_c36b72-9a\"><div class=\"kt-inside-inner-col\">\n<p>2013<\/p>\n\n\n\n<p>Andre Gomes de Almeida<br>Camila Martins de Souza<br>EDINALDO JOHNSON DOMINGOS SILVA DO NASCIMENTO<br>ELIANE DE OLIVEIRA RUBIM<br>EWERTON DE MELLO SANTOS<br>GUILHERME AUGUSTO CABREIRA<br>LUANA DE CARVALHO KRUGER<br>PATRICIA ANDRE DOS SANTOS<br>RYAN HAFYD DE CARVALHO<br>TATIANI MULLER KOHLS<br>THALITA FERREIRA MOREIRA<\/p>\n\n\n\n<p>2014<\/p>\n\n\n\n<p>FRANCIELE RODRIGUES DA SILVA GARCIA<br>ELEMAR RAPACHI PUHL<br>RAFAELA DIAS BARBOSA<\/p>\n\n\n\n<p>2022<br>AMANDA FERREIRA MOREIRA<br>BIANCA BICHET RAMIRES<br>EDGAR SIQUEIRA DO NASCIMENTO<br>ENDRIGO LOURENCO PEREIRA<br>EVELIN NASCIMENTO LIMA<br>GABRIEL PINHEIRO FREITAS<br>JULIA MARIA NEUTZLING SCHULZ<br>LUCAS FERREIRA SANTOS DE MELO<br>PAULO SAULO ALVES BERNARDES<br>TALITA ANTIQUEIRA BARBOSA<\/p>\n<\/div><\/div>\n\n\n<style>.kadence-column163_459c88-11 > .kt-inside-inner-col,.kadence-column163_459c88-11 > .kt-inside-inner-col:before{border-top-left-radius:0px;border-top-right-radius:0px;border-bottom-right-radius:0px;border-bottom-left-radius:0px;}.kadence-column163_459c88-11 > .kt-inside-inner-col{column-gap:var(--global-kb-gap-sm, 1rem);}.kadence-column163_459c88-11 > .kt-inside-inner-col{flex-direction:column;}.kadence-column163_459c88-11 > .kt-inside-inner-col > .aligncenter{width:100%;}.kadence-column163_459c88-11 > .kt-inside-inner-col:before{opacity:0.3;}.kadence-column163_459c88-11{position:relative;}@media all and (max-width: 1024px){.kadence-column163_459c88-11 > .kt-inside-inner-col{flex-direction:column;justify-content:center;}}@media all and (max-width: 767px){.kadence-column163_459c88-11 > .kt-inside-inner-col{flex-direction:column;justify-content:center;}}<\/style>\n<div class=\"wp-block-kadence-column kadence-column163_459c88-11\"><div class=\"kt-inside-inner-col\">\n<p>2015<\/p>\n\n\n\n<p>ALISSON MESSIAS DA ROCHA<br>ANDRE GILBERTO TEIXEIRA GOMES<br>BRUNA BORGES RODRIGUES<br>LUCAS ROCHA DE PAULA<br>POLYANA ROCHA DE OLIVEIRA SANTOS<br>SUSANE MARTINELI<\/p>\n\n\n\n<p>2016<\/p>\n\n\n\n<p>DAVI DOMINGUES DOS SANTOS<br>JHONATA CUNHA BUENO<br>LORRAINE CLARA DOS SANTOS<\/p>\n\n\n\n<p>2023<br>LEANDRO MOREIRA HERNANDES JUNIOR<\/p>\n<\/div><\/div>\n\n\n<style>.kadence-column163_266f43-7b > .kt-inside-inner-col,.kadence-column163_266f43-7b > .kt-inside-inner-col:before{border-top-left-radius:0px;border-top-right-radius:0px;border-bottom-right-radius:0px;border-bottom-left-radius:0px;}.kadence-column163_266f43-7b > .kt-inside-inner-col{column-gap:var(--global-kb-gap-sm, 1rem);}.kadence-column163_266f43-7b > .kt-inside-inner-col{flex-direction:column;}.kadence-column163_266f43-7b > .kt-inside-inner-col > .aligncenter{width:100%;}.kadence-column163_266f43-7b > .kt-inside-inner-col:before{opacity:0.3;}.kadence-column163_266f43-7b{position:relative;}@media all and (max-width: 1024px){.kadence-column163_266f43-7b > .kt-inside-inner-col{flex-direction:column;justify-content:center;}}@media all and (max-width: 767px){.kadence-column163_266f43-7b > .kt-inside-inner-col{flex-direction:column;justify-content:center;}}<\/style>\n<div class=\"wp-block-kadence-column kadence-column163_266f43-7b\"><div class=\"kt-inside-inner-col\">\n<p>2017<\/p>\n\n\n\n<p>ALESSANDRO PEREIRA DE SOUZA<br>ANA CAROLINA SILVEIRA PAES<br>CAYQUE ALVES PEREIRA<br>EWERTON DE MELLO SANTOS<br>PEDRO JOSE XAVIER DA SILVEIRA<br>RENATA BEHLING DE MELLO<br>YURI AMORIM SANTOS<\/p>\n\n\n\n<p>2018<br>DORA ELISA DUARTE DA ROCHA<br>NAYLSON RODRIGUES COSTA<\/p>\n<\/div><\/div>\n\n\n<style>.kadence-column163_0e81e9-34 > .kt-inside-inner-col,.kadence-column163_0e81e9-34 > .kt-inside-inner-col:before{border-top-left-radius:0px;border-top-right-radius:0px;border-bottom-right-radius:0px;border-bottom-left-radius:0px;}.kadence-column163_0e81e9-34 > .kt-inside-inner-col{column-gap:var(--global-kb-gap-sm, 1rem);}.kadence-column163_0e81e9-34 > .kt-inside-inner-col{flex-direction:column;}.kadence-column163_0e81e9-34 > .kt-inside-inner-col > .aligncenter{width:100%;}.kadence-column163_0e81e9-34 > .kt-inside-inner-col:before{opacity:0.3;}.kadence-column163_0e81e9-34{position:relative;}@media all and (max-width: 1024px){.kadence-column163_0e81e9-34 > .kt-inside-inner-col{flex-direction:column;justify-content:center;}}@media all and (max-width: 767px){.kadence-column163_0e81e9-34 > .kt-inside-inner-col{flex-direction:column;justify-content:center;}}<\/style>\n<div class=\"wp-block-kadence-column kadence-column163_0e81e9-34\"><div class=\"kt-inside-inner-col\">\n<p>2019<\/p>\n\n\n\n<p>BEATRIZ DE CASTRO BARROSA<br>CAROLINA DE MACEDO MARTINS<br>IZAQUE LUCAS DE LIMA ALMEIDA<\/p>\n\n\n\n<p>2020<br>ALEX CAVALHEIRO MOREIRA<br>JHONE LUGAO LIMA<\/p>\n\n\n\n<p>2021<br>EVERTON TERCIOTE<\/p>\n\n\n\n<p>2024<br>ANDERSON ROBERTO CRUZ DA SILVEIRA<br>CARLOS FELIPE MACEDO DA SILVA<br>ENDRIGO LOURENCO PEREIRA<br>LEONIDAS BARBOSA DE ALMEIDA<br>PATRICIA AFONSO NEVES<br><\/p>\n<\/div><\/div>\n\n<\/div><\/div>\n\n\n<p><\/p>\n","protected":false},"excerpt":{"rendered":"<p>JUNTOS SOMOS N\u00d3S E N\u00d3S QUE NINGU\u00c9M DESATA Elizandra Perez Design Gr\u00e1fico Sou professora de ingl\u00eas e futura designer. Amo pedalar, cozinhar, assistir The Office. Tenho um cachorro chamado Ronaldinho e um ap\u00ea que parece uma floresta. Gabriel Lima Psicologia Acredito no poder da educa\u00e7\u00e3o como ferramenta de transforma\u00e7\u00e3o social. Gabriela Lara Psicologia Me interesso [&hellip;]<\/p>\n","protected":false},"author":1402,"featured_media":0,"parent":111,"menu_order":0,"comment_status":"closed","ping_status":"closed","template":"templates\/template-full.php","meta":{"footnotes":""},"class_list":["post-163","page","type-page","status-publish","hentry","post"],"jetpack_sharing_enabled":true,"_links":{"self":[{"href":"https:\/\/wp.ufpel.edu.br\/petfronteiras\/wp-json\/wp\/v2\/pages\/163","targetHints":{"allow":["GET"]}}],"collection":[{"href":"https:\/\/wp.ufpel.edu.br\/petfronteiras\/wp-json\/wp\/v2\/pages"}],"about":[{"href":"https:\/\/wp.ufpel.edu.br\/petfronteiras\/wp-json\/wp\/v2\/types\/page"}],"author":[{"embeddable":true,"href":"https:\/\/wp.ufpel.edu.br\/petfronteiras\/wp-json\/wp\/v2\/users\/1402"}],"replies":[{"embeddable":true,"href":"https:\/\/wp.ufpel.edu.br\/petfronteiras\/wp-json\/wp\/v2\/comments?post=163"}],"version-history":[{"count":3,"href":"https:\/\/wp.ufpel.edu.br\/petfronteiras\/wp-json\/wp\/v2\/pages\/163\/revisions"}],"predecessor-version":[{"id":1157,"href":"https:\/\/wp.ufpel.edu.br\/petfronteiras\/wp-json\/wp\/v2\/pages\/163\/revisions\/1157"}],"up":[{"embeddable":true,"href":"https:\/\/wp.ufpel.edu.br\/petfronteiras\/wp-json\/wp\/v2\/pages\/111"}],"wp:attachment":[{"href":"https:\/\/wp.ufpel.edu.br\/petfronteiras\/wp-json\/wp\/v2\/media?parent=163"}],"curies":[{"name":"wp","href":"https:\/\/api.w.org\/{rel}","templated":true}]}}