{"id":2989,"date":"2024-12-03T00:53:58","date_gmt":"2024-12-03T03:53:58","guid":{"rendered":"https:\/\/wp.ufpel.edu.br\/petfisica\/?page_id=2989"},"modified":"2024-12-03T00:57:38","modified_gmt":"2024-12-03T03:57:38","slug":"semana-de-previas-2024","status":"publish","type":"page","link":"https:\/\/wp.ufpel.edu.br\/petfisica\/fotos-2\/fotos-do-2024\/semana-de-previas-2024\/","title":{"rendered":"Semana de pr\u00e9vias 2024"},"content":{"rendered":"<p>A Semana de Pr\u00e9vias do 2024 aconteceu nos dias 19, 21 e 22 de novembro, contando com um total de 08 apresenta\u00e7\u00f5es.<\/p>\n\n\t\t<style type=\"text\/css\">\n\t\t\t#gallery-1 {\n\t\t\t\tmargin: auto;\n\t\t\t}\n\t\t\t#gallery-1 .gallery-item {\n\t\t\t\tfloat: left;\n\t\t\t\tmargin-top: 10px;\n\t\t\t\ttext-align: center;\n\t\t\t\twidth: 100%;\n\t\t\t}\n\t\t\t#gallery-1 img {\n\t\t\t\tborder: 2px solid #cfcfcf;\n\t\t\t}\n\t\t\t#gallery-1 .gallery-caption {\n\t\t\t\tmargin-left: 0;\n\t\t\t}\n\t\t\t\/* see gallery_shortcode() in wp-includes\/media.php *\/\n\t\t<\/style>\n\t\t<div id='gallery-1' class='gallery galleryid-2989 gallery-columns-1 gallery-size-full'><dl class='gallery-item'>\n\t\t\t<dt class='gallery-icon landscape'>\n\t\t\t\t<a href='https:\/\/wp.ufpel.edu.br\/petfisica\/files\/2024\/12\/4e693476-c943-4c23-8338-904b665b8541.jpg'><img loading=\"lazy\" decoding=\"async\" width=\"1280\" height=\"720\" src=\"https:\/\/wp.ufpel.edu.br\/petfisica\/files\/2024\/12\/4e693476-c943-4c23-8338-904b665b8541.jpg\" class=\"attachment-full size-full\" alt=\"\" srcset=\"https:\/\/wp.ufpel.edu.br\/petfisica\/files\/2024\/12\/4e693476-c943-4c23-8338-904b665b8541.jpg 1280w, https:\/\/wp.ufpel.edu.br\/petfisica\/files\/2024\/12\/4e693476-c943-4c23-8338-904b665b8541-400x225.jpg 400w, https:\/\/wp.ufpel.edu.br\/petfisica\/files\/2024\/12\/4e693476-c943-4c23-8338-904b665b8541-1024x576.jpg 1024w, https:\/\/wp.ufpel.edu.br\/petfisica\/files\/2024\/12\/4e693476-c943-4c23-8338-904b665b8541-768x432.jpg 768w, https:\/\/wp.ufpel.edu.br\/petfisica\/files\/2024\/12\/4e693476-c943-4c23-8338-904b665b8541-816x459.jpg 816w\" sizes=\"auto, (max-width: 1280px) 100vw, 1280px\" \/><\/a>\n\t\t\t<\/dt><\/dl><br style=\"clear: both\" \/><dl class='gallery-item'>\n\t\t\t<dt class='gallery-icon landscape'>\n\t\t\t\t<a href='https:\/\/wp.ufpel.edu.br\/petfisica\/files\/2024\/12\/15fe6342-5413-4f77-b4f3-e74b5d595b0e.jpg'><img loading=\"lazy\" decoding=\"async\" width=\"1280\" height=\"720\" src=\"https:\/\/wp.ufpel.edu.br\/petfisica\/files\/2024\/12\/15fe6342-5413-4f77-b4f3-e74b5d595b0e.jpg\" class=\"attachment-full size-full\" alt=\"\" srcset=\"https:\/\/wp.ufpel.edu.br\/petfisica\/files\/2024\/12\/15fe6342-5413-4f77-b4f3-e74b5d595b0e.jpg 1280w, https:\/\/wp.ufpel.edu.br\/petfisica\/files\/2024\/12\/15fe6342-5413-4f77-b4f3-e74b5d595b0e-400x225.jpg 400w, https:\/\/wp.ufpel.edu.br\/petfisica\/files\/2024\/12\/15fe6342-5413-4f77-b4f3-e74b5d595b0e-1024x576.jpg 1024w, https:\/\/wp.ufpel.edu.br\/petfisica\/files\/2024\/12\/15fe6342-5413-4f77-b4f3-e74b5d595b0e-768x432.jpg 768w, https:\/\/wp.ufpel.edu.br\/petfisica\/files\/2024\/12\/15fe6342-5413-4f77-b4f3-e74b5d595b0e-816x459.jpg 816w\" sizes=\"auto, (max-width: 1280px) 100vw, 1280px\" \/><\/a>\n\t\t\t<\/dt><\/dl><br style=\"clear: both\" \/><dl class='gallery-item'>\n\t\t\t<dt class='gallery-icon landscape'>\n\t\t\t\t<a href='https:\/\/wp.ufpel.edu.br\/petfisica\/files\/2024\/12\/80eb5bca-6bb9-4afb-839d-2076974c188d.jpg'><img loading=\"lazy\" decoding=\"async\" width=\"1280\" height=\"720\" src=\"https:\/\/wp.ufpel.edu.br\/petfisica\/files\/2024\/12\/80eb5bca-6bb9-4afb-839d-2076974c188d.jpg\" class=\"attachment-full size-full\" alt=\"\" srcset=\"https:\/\/wp.ufpel.edu.br\/petfisica\/files\/2024\/12\/80eb5bca-6bb9-4afb-839d-2076974c188d.jpg 1280w, https:\/\/wp.ufpel.edu.br\/petfisica\/files\/2024\/12\/80eb5bca-6bb9-4afb-839d-2076974c188d-400x225.jpg 400w, https:\/\/wp.ufpel.edu.br\/petfisica\/files\/2024\/12\/80eb5bca-6bb9-4afb-839d-2076974c188d-1024x576.jpg 1024w, https:\/\/wp.ufpel.edu.br\/petfisica\/files\/2024\/12\/80eb5bca-6bb9-4afb-839d-2076974c188d-768x432.jpg 768w, https:\/\/wp.ufpel.edu.br\/petfisica\/files\/2024\/12\/80eb5bca-6bb9-4afb-839d-2076974c188d-816x459.jpg 816w\" sizes=\"auto, (max-width: 1280px) 100vw, 1280px\" \/><\/a>\n\t\t\t<\/dt><\/dl><br style=\"clear: both\" \/><dl class='gallery-item'>\n\t\t\t<dt class='gallery-icon landscape'>\n\t\t\t\t<a href='https:\/\/wp.ufpel.edu.br\/petfisica\/files\/2024\/12\/ab651e9d-6f1f-4c4d-9fd7-732a4ae9e5d6.jpg'><img loading=\"lazy\" decoding=\"async\" width=\"1600\" height=\"1201\" src=\"https:\/\/wp.ufpel.edu.br\/petfisica\/files\/2024\/12\/ab651e9d-6f1f-4c4d-9fd7-732a4ae9e5d6.jpg\" class=\"attachment-full size-full\" alt=\"\" srcset=\"https:\/\/wp.ufpel.edu.br\/petfisica\/files\/2024\/12\/ab651e9d-6f1f-4c4d-9fd7-732a4ae9e5d6.jpg 1600w, https:\/\/wp.ufpel.edu.br\/petfisica\/files\/2024\/12\/ab651e9d-6f1f-4c4d-9fd7-732a4ae9e5d6-400x300.jpg 400w, https:\/\/wp.ufpel.edu.br\/petfisica\/files\/2024\/12\/ab651e9d-6f1f-4c4d-9fd7-732a4ae9e5d6-1024x769.jpg 1024w, https:\/\/wp.ufpel.edu.br\/petfisica\/files\/2024\/12\/ab651e9d-6f1f-4c4d-9fd7-732a4ae9e5d6-768x576.jpg 768w, https:\/\/wp.ufpel.edu.br\/petfisica\/files\/2024\/12\/ab651e9d-6f1f-4c4d-9fd7-732a4ae9e5d6-1536x1153.jpg 1536w, https:\/\/wp.ufpel.edu.br\/petfisica\/files\/2024\/12\/ab651e9d-6f1f-4c4d-9fd7-732a4ae9e5d6-816x613.jpg 816w\" sizes=\"auto, (max-width: 1600px) 100vw, 1600px\" \/><\/a>\n\t\t\t<\/dt><\/dl><br style=\"clear: both\" \/><dl class='gallery-item'>\n\t\t\t<dt class='gallery-icon portrait'>\n\t\t\t\t<a href='https:\/\/wp.ufpel.edu.br\/petfisica\/files\/2024\/12\/WhatsApp-Image-2024-11-19-at-13.12.57.jpeg'><img loading=\"lazy\" decoding=\"async\" width=\"1201\" height=\"1600\" src=\"https:\/\/wp.ufpel.edu.br\/petfisica\/files\/2024\/12\/WhatsApp-Image-2024-11-19-at-13.12.57.jpeg\" class=\"attachment-full size-full\" alt=\"\" srcset=\"https:\/\/wp.ufpel.edu.br\/petfisica\/files\/2024\/12\/WhatsApp-Image-2024-11-19-at-13.12.57.jpeg 1201w, https:\/\/wp.ufpel.edu.br\/petfisica\/files\/2024\/12\/WhatsApp-Image-2024-11-19-at-13.12.57-300x400.jpeg 300w, https:\/\/wp.ufpel.edu.br\/petfisica\/files\/2024\/12\/WhatsApp-Image-2024-11-19-at-13.12.57-769x1024.jpeg 769w, https:\/\/wp.ufpel.edu.br\/petfisica\/files\/2024\/12\/WhatsApp-Image-2024-11-19-at-13.12.57-768x1023.jpeg 768w, https:\/\/wp.ufpel.edu.br\/petfisica\/files\/2024\/12\/WhatsApp-Image-2024-11-19-at-13.12.57-1153x1536.jpeg 1153w, https:\/\/wp.ufpel.edu.br\/petfisica\/files\/2024\/12\/WhatsApp-Image-2024-11-19-at-13.12.57-816x1087.jpeg 816w\" sizes=\"auto, (max-width: 1201px) 100vw, 1201px\" \/><\/a>\n\t\t\t<\/dt><\/dl><br style=\"clear: both\" \/><dl class='gallery-item'>\n\t\t\t<dt class='gallery-icon landscape'>\n\t\t\t\t<a href='https:\/\/wp.ufpel.edu.br\/petfisica\/files\/2024\/12\/WhatsApp-Image-2024-11-19-at-13.12.58-2.jpeg'><img loading=\"lazy\" decoding=\"async\" width=\"1600\" height=\"721\" src=\"https:\/\/wp.ufpel.edu.br\/petfisica\/files\/2024\/12\/WhatsApp-Image-2024-11-19-at-13.12.58-2.jpeg\" class=\"attachment-full size-full\" alt=\"\" srcset=\"https:\/\/wp.ufpel.edu.br\/petfisica\/files\/2024\/12\/WhatsApp-Image-2024-11-19-at-13.12.58-2.jpeg 1600w, https:\/\/wp.ufpel.edu.br\/petfisica\/files\/2024\/12\/WhatsApp-Image-2024-11-19-at-13.12.58-2-400x180.jpeg 400w, https:\/\/wp.ufpel.edu.br\/petfisica\/files\/2024\/12\/WhatsApp-Image-2024-11-19-at-13.12.58-2-1024x461.jpeg 1024w, https:\/\/wp.ufpel.edu.br\/petfisica\/files\/2024\/12\/WhatsApp-Image-2024-11-19-at-13.12.58-2-768x346.jpeg 768w, https:\/\/wp.ufpel.edu.br\/petfisica\/files\/2024\/12\/WhatsApp-Image-2024-11-19-at-13.12.58-2-1536x692.jpeg 1536w, https:\/\/wp.ufpel.edu.br\/petfisica\/files\/2024\/12\/WhatsApp-Image-2024-11-19-at-13.12.58-2-816x368.jpeg 816w\" sizes=\"auto, (max-width: 1600px) 100vw, 1600px\" \/><\/a>\n\t\t\t<\/dt><\/dl><br style=\"clear: both\" \/><dl class='gallery-item'>\n\t\t\t<dt class='gallery-icon landscape'>\n\t\t\t\t<a href='https:\/\/wp.ufpel.edu.br\/petfisica\/files\/2024\/12\/WhatsApp-Image-2024-11-19-at-13.12.58-3.jpeg'><img loading=\"lazy\" decoding=\"async\" width=\"1600\" height=\"719\" src=\"https:\/\/wp.ufpel.edu.br\/petfisica\/files\/2024\/12\/WhatsApp-Image-2024-11-19-at-13.12.58-3.jpeg\" class=\"attachment-full size-full\" alt=\"\" srcset=\"https:\/\/wp.ufpel.edu.br\/petfisica\/files\/2024\/12\/WhatsApp-Image-2024-11-19-at-13.12.58-3.jpeg 1600w, https:\/\/wp.ufpel.edu.br\/petfisica\/files\/2024\/12\/WhatsApp-Image-2024-11-19-at-13.12.58-3-400x180.jpeg 400w, https:\/\/wp.ufpel.edu.br\/petfisica\/files\/2024\/12\/WhatsApp-Image-2024-11-19-at-13.12.58-3-1024x460.jpeg 1024w, https:\/\/wp.ufpel.edu.br\/petfisica\/files\/2024\/12\/WhatsApp-Image-2024-11-19-at-13.12.58-3-768x345.jpeg 768w, https:\/\/wp.ufpel.edu.br\/petfisica\/files\/2024\/12\/WhatsApp-Image-2024-11-19-at-13.12.58-3-1536x690.jpeg 1536w, https:\/\/wp.ufpel.edu.br\/petfisica\/files\/2024\/12\/WhatsApp-Image-2024-11-19-at-13.12.58-3-816x367.jpeg 816w\" sizes=\"auto, (max-width: 1600px) 100vw, 1600px\" \/><\/a>\n\t\t\t<\/dt><\/dl><br style=\"clear: both\" \/><dl class='gallery-item'>\n\t\t\t<dt class='gallery-icon landscape'>\n\t\t\t\t<a href='https:\/\/wp.ufpel.edu.br\/petfisica\/files\/2024\/12\/WhatsApp-Image-2024-11-19-at-13.12.58.jpeg'><img loading=\"lazy\" decoding=\"async\" width=\"1600\" height=\"1201\" src=\"https:\/\/wp.ufpel.edu.br\/petfisica\/files\/2024\/12\/WhatsApp-Image-2024-11-19-at-13.12.58.jpeg\" class=\"attachment-full size-full\" alt=\"\" srcset=\"https:\/\/wp.ufpel.edu.br\/petfisica\/files\/2024\/12\/WhatsApp-Image-2024-11-19-at-13.12.58.jpeg 1600w, https:\/\/wp.ufpel.edu.br\/petfisica\/files\/2024\/12\/WhatsApp-Image-2024-11-19-at-13.12.58-400x300.jpeg 400w, https:\/\/wp.ufpel.edu.br\/petfisica\/files\/2024\/12\/WhatsApp-Image-2024-11-19-at-13.12.58-1024x769.jpeg 1024w, https:\/\/wp.ufpel.edu.br\/petfisica\/files\/2024\/12\/WhatsApp-Image-2024-11-19-at-13.12.58-768x576.jpeg 768w, https:\/\/wp.ufpel.edu.br\/petfisica\/files\/2024\/12\/WhatsApp-Image-2024-11-19-at-13.12.58-1536x1153.jpeg 1536w, https:\/\/wp.ufpel.edu.br\/petfisica\/files\/2024\/12\/WhatsApp-Image-2024-11-19-at-13.12.58-816x613.jpeg 816w\" sizes=\"auto, (max-width: 1600px) 100vw, 1600px\" \/><\/a>\n\t\t\t<\/dt><\/dl><br style=\"clear: both\" \/><dl class='gallery-item'>\n\t\t\t<dt class='gallery-icon portrait'>\n\t\t\t\t<a href='https:\/\/wp.ufpel.edu.br\/petfisica\/files\/2024\/12\/d878ce96-cdea-4e17-ab3f-79ddad759880.jpg'><img loading=\"lazy\" decoding=\"async\" width=\"720\" height=\"1280\" src=\"https:\/\/wp.ufpel.edu.br\/petfisica\/files\/2024\/12\/d878ce96-cdea-4e17-ab3f-79ddad759880.jpg\" class=\"attachment-full size-full\" alt=\"\" srcset=\"https:\/\/wp.ufpel.edu.br\/petfisica\/files\/2024\/12\/d878ce96-cdea-4e17-ab3f-79ddad759880.jpg 720w, https:\/\/wp.ufpel.edu.br\/petfisica\/files\/2024\/12\/d878ce96-cdea-4e17-ab3f-79ddad759880-225x400.jpg 225w, https:\/\/wp.ufpel.edu.br\/petfisica\/files\/2024\/12\/d878ce96-cdea-4e17-ab3f-79ddad759880-576x1024.jpg 576w\" sizes=\"auto, (max-width: 720px) 100vw, 720px\" \/><\/a>\n\t\t\t<\/dt><\/dl><br style=\"clear: both\" \/>\n\t\t<\/div>\n\n","protected":false},"excerpt":{"rendered":"<p>A Semana de Pr\u00e9vias do 2024 aconteceu nos dias 19, 21 e 22 de novembro, contando com um total de 08 apresenta\u00e7\u00f5es.<\/p>\n","protected":false},"author":1246,"featured_media":0,"parent":2755,"menu_order":0,"comment_status":"closed","ping_status":"closed","template":"","meta":{"footnotes":""},"class_list":["post-2989","page","type-page","status-publish","hentry"],"_links":{"self":[{"href":"https:\/\/wp.ufpel.edu.br\/petfisica\/wp-json\/wp\/v2\/pages\/2989","targetHints":{"allow":["GET"]}}],"collection":[{"href":"https:\/\/wp.ufpel.edu.br\/petfisica\/wp-json\/wp\/v2\/pages"}],"about":[{"href":"https:\/\/wp.ufpel.edu.br\/petfisica\/wp-json\/wp\/v2\/types\/page"}],"author":[{"embeddable":true,"href":"https:\/\/wp.ufpel.edu.br\/petfisica\/wp-json\/wp\/v2\/users\/1246"}],"replies":[{"embeddable":true,"href":"https:\/\/wp.ufpel.edu.br\/petfisica\/wp-json\/wp\/v2\/comments?post=2989"}],"version-history":[{"count":4,"href":"https:\/\/wp.ufpel.edu.br\/petfisica\/wp-json\/wp\/v2\/pages\/2989\/revisions"}],"predecessor-version":[{"id":3005,"href":"https:\/\/wp.ufpel.edu.br\/petfisica\/wp-json\/wp\/v2\/pages\/2989\/revisions\/3005"}],"up":[{"embeddable":true,"href":"https:\/\/wp.ufpel.edu.br\/petfisica\/wp-json\/wp\/v2\/pages\/2755"}],"wp:attachment":[{"href":"https:\/\/wp.ufpel.edu.br\/petfisica\/wp-json\/wp\/v2\/media?parent=2989"}],"curies":[{"name":"wp","href":"https:\/\/api.w.org\/{rel}","templated":true}]}}