{"id":2769,"date":"2024-04-26T08:43:34","date_gmt":"2024-04-26T11:43:34","guid":{"rendered":"https:\/\/wp.ufpel.edu.br\/petfisica\/?page_id=2769"},"modified":"2024-06-24T10:07:44","modified_gmt":"2024-06-24T13:07:44","slug":"edital-n-01-2024-1","status":"publish","type":"page","link":"https:\/\/wp.ufpel.edu.br\/petfisica\/selecao-de-bolsistas-2\/edital-n-01-2024-1\/","title":{"rendered":"Edital N\u00b0 01\/2024-1"},"content":{"rendered":"<p><strong>Resultado do processo seletivo Edital 01\/2024-1<\/strong><\/p>\n<p><img loading=\"lazy\" decoding=\"async\" class=\"alignnone size-full wp-image-2832\" src=\"https:\/\/wp.ufpel.edu.br\/petfisica\/files\/2024\/06\/Screenshot-2024-06-24-at-10-01-23-Caixa-de-entrada-2-petfisica2019@gmail.com-Gmail.png\" alt=\"\" width=\"535\" height=\"338\" srcset=\"https:\/\/wp.ufpel.edu.br\/petfisica\/files\/2024\/06\/Screenshot-2024-06-24-at-10-01-23-Caixa-de-entrada-2-petfisica2019@gmail.com-Gmail.png 535w, https:\/\/wp.ufpel.edu.br\/petfisica\/files\/2024\/06\/Screenshot-2024-06-24-at-10-01-23-Caixa-de-entrada-2-petfisica2019@gmail.com-Gmail-400x253.png 400w\" sizes=\"auto, (max-width: 535px) 100vw, 535px\" \/><\/p>\n<p>Os aprovados (bolsista e n\u00e3o bolsista) dever\u00e3o manifestar interesse na vaga at\u00e9 o dia 27\/06\/2024 atrav\u00e9s do e-mail diasft@gmail.com, al\u00e9m de comparecer na sala do grupo PET-F\u00edsica na ter\u00e7a-feira dia 02\/07\/2024 \u00e0s 13:00 horas para a reuni\u00e3o administrativa. Em caso de desist\u00eancia de algum dos aprovados at\u00e9 o dia 28\/06\/2024, a vaga ser\u00e1 destinada para quem estiver com prioridade na lista de<br \/>\nespera.<\/p>\n<p>&nbsp;<\/p>\n<h6><strong>#######################################################<\/strong><\/h6>\n<p><strong>Retifica\u00e7\u00e3o &#8211; Edital 01\/2024-1<\/strong> (homologa\u00e7\u00e3o das inscri\u00e7\u00f5es)<\/p>\n\n<table id=\"tablepress-5\" class=\"tablepress tablepress-id-5\">\n<thead>\n<tr class=\"row-1\">\n\t<th class=\"column-1\">Candidato<\/th><th class=\"column-2\">Status<\/th><th class=\"column-3\">Data e hora da entrevista <\/th>\n<\/tr>\n<\/thead>\n<tbody class=\"row-striping row-hover\">\n<tr class=\"row-2\">\n\t<td class=\"column-1\">Alexandra Gouv\u00eaa Lucatelli<\/td><td class=\"column-2\">Homologado<\/td><td class=\"column-3\">21\/06 \u00e0s 13:00 horas<\/td>\n<\/tr>\n<tr class=\"row-3\">\n\t<td class=\"column-1\">Bruno de Oliveira Bentos<\/td><td class=\"column-2\">Homologado<\/td><td class=\"column-3\">20\/06 \u00e0s 13:00 horas<\/td>\n<\/tr>\n<tr class=\"row-4\">\n\t<td class=\"column-1\">Eduardo Ferreira da Silva<\/td><td class=\"column-2\">Homologado<\/td><td class=\"column-3\">20\/06 \u00e0s 13:30 horas<\/td>\n<\/tr>\n<tr class=\"row-5\">\n\t<td class=\"column-1\">Felipe Gabriel Rodrigues Paes<\/td><td class=\"column-2\">Homologado<\/td><td class=\"column-3\">20\/06 \u00e0s 14:00 horas<\/td>\n<\/tr>\n<tr class=\"row-6\">\n\t<td class=\"column-1\">Jonathan Ribeiro Avila<\/td><td class=\"column-2\">N\u00e3o homologado<\/td><td class=\"column-3\">---<\/td>\n<\/tr>\n<tr class=\"row-7\">\n\t<td class=\"column-1\">Marcelo Augusto Pereira dos Santos<\/td><td class=\"column-2\">N\u00e3o homologado<\/td><td class=\"column-3\">---<\/td>\n<\/tr>\n<tr class=\"row-8\">\n\t<td class=\"column-1\">Maruan Silva dos Santos<\/td><td class=\"column-2\">Homologado<\/td><td class=\"column-3\">21\/06 \u00e0s 13:30 horas<\/td>\n<\/tr>\n<tr class=\"row-9\">\n\t<td class=\"column-1\">Miguel Lima da Silva<\/td><td class=\"column-2\">Homologado<\/td><td class=\"column-3\">20\/06 \u00e0s 15:00 horas<\/td>\n<\/tr>\n<tr class=\"row-10\">\n\t<td class=\"column-1\">Rafael Oliveira Alves<\/td><td class=\"column-2\">Homologado<\/td><td class=\"column-3\">21\/06 \u00e0s 14:00 horas<\/td>\n<\/tr>\n<tr class=\"row-11\">\n\t<td class=\"column-1\">Samantha Alves Lameiro<\/td><td class=\"column-2\">Homologado<\/td><td class=\"column-3\">20\/06 \u00e0s 15:30 horas<\/td>\n<\/tr>\n<tr class=\"row-12\">\n\t<td class=\"column-1\">S\u00e9rgio Ant\u00f4nio Miranda de Albuquerque<\/td><td class=\"column-2\">N\u00e3o homologado<\/td><td class=\"column-3\">---<\/td>\n<\/tr>\n<\/tbody>\n<\/table>\n<!-- #tablepress-5 from cache -->\n<p>&nbsp;<\/p>\n<p>O processo seletivo, conforme definido no <strong>Edital 01\/2024<\/strong>, ocorrer\u00e1 na sala 101 do pr\u00e9dio 16 do IFM, na UFPel, nos dias 20 e 21 de junho nos hor\u00e1rios de acordo com o cronograma da tabela.<\/p>\n<p>O cronograma do dia 21 com os demais candidatos que forem homologados, ser\u00e1 divulgado na quarta-feira, dia 19.<\/p>\n<p><span style=\"color: #ff0000;\"><strong>OBS<\/strong><\/span>: O n\u00e3o comparecimento na hora marcada, implicar\u00e1 na desclassifica\u00e7\u00e3o do candidato.<\/p>\n<h6><\/h6>\n<h6>################################################################<\/h6>\n<p>&nbsp;<\/p>\n<p><strong>O Grupo PET-F\u00edsica torna p\u00fablico o edital para a sele\u00e7\u00e3o de novos petianos 2024-1\u00a0 (sete vagas)<\/strong><\/p>\n<p align=\"justify\">Edital para o preenchimento de <b>07 (<\/b><b>sete<\/b><b>)\u00a0<\/b>vagas, das quais\u00a0<strong>05<\/strong><b>\u00a0(<\/b><b>cinco<\/b><b>) na qualidade de bolsista<\/b> (remunera\u00e7\u00e3o de R$ 700,00) e <strong>02<\/strong><b>\u00a0(<\/b><b>duas<\/b><b>) na qualidade\u00a0<\/b><strong>de n\u00e3o bolsistas<\/strong>.<b>\u00a0<\/b>Poder\u00e3o participar do processo acad\u00eamicos dos cursos de\u00a0<u>Licenciatura em F\u00edsica\u00a0<\/u><u>e<\/u><u>\u00a0Bacharelado em F\u00edsica,<\/u>\u00a0devidamente matriculados.<\/p>\n<p align=\"justify\">O per\u00edodo de inscri\u00e7\u00e3o \u00e9 <strong>a partir das 08:00 horas do dia <\/strong><strong>27 de abril de 2024 \u00e0 05 de maio de 2024 at\u00e9 \u00e0s 23:59 horas, atrav\u00e9s do site do pet-f\u00edsica, <a href=\"https:\/\/wp.ufpel.edu.br\/petfisica\/\">wp.ufpel.edu.br\/petfisica<\/a>\u00a0na aba sele\u00e7\u00e3o de bolsistas.<\/strong><\/p>\n<p align=\"justify\">A\u00a0<strong>Ficha de inscri\u00e7\u00e3o<\/strong>\u00a0deve ser preenchida no google docs (<a href=\"https:\/\/forms.gle\/7uPXbwhxkk7UPo4SA\">Ficha de Inscri\u00e7\u00e3o<\/a>), com a\u00a0<strong>documenta\u00e7\u00e3o encaminhada por e-mail<\/strong>, conforme item 1 do edital abaixo.<\/p>\n<p align=\"justify\">Para mais informa\u00e7\u00f5es, consultar o\u00a0<strong>edital completo<\/strong>. (<a href=\"https:\/\/wp.ufpel.edu.br\/petfisica\/files\/2024\/04\/PET_Fisica-edital_selecao2024-1.pdf\">Edital-2024-1<\/a>)<\/p>\n","protected":false},"excerpt":{"rendered":"<p>Resultado do processo seletivo Edital 01\/2024-1 Os aprovados (bolsista e n\u00e3o bolsista) dever\u00e3o manifestar interesse na vaga at\u00e9 o dia 27\/06\/2024 atrav\u00e9s do e-mail diasft@gmail.com, al\u00e9m de comparecer na sala do grupo PET-F\u00edsica na ter\u00e7a-feira dia 02\/07\/2024 \u00e0s 13:00 horas para a reuni\u00e3o administrativa. Em caso de desist\u00eancia de algum dos aprovados at\u00e9 o dia [&hellip;]<\/p>\n","protected":false},"author":1246,"featured_media":1462,"parent":1087,"menu_order":-3,"comment_status":"closed","ping_status":"closed","template":"","meta":{"footnotes":""},"class_list":["post-2769","page","type-page","status-publish","has-post-thumbnail","hentry"],"_links":{"self":[{"href":"https:\/\/wp.ufpel.edu.br\/petfisica\/wp-json\/wp\/v2\/pages\/2769","targetHints":{"allow":["GET"]}}],"collection":[{"href":"https:\/\/wp.ufpel.edu.br\/petfisica\/wp-json\/wp\/v2\/pages"}],"about":[{"href":"https:\/\/wp.ufpel.edu.br\/petfisica\/wp-json\/wp\/v2\/types\/page"}],"author":[{"embeddable":true,"href":"https:\/\/wp.ufpel.edu.br\/petfisica\/wp-json\/wp\/v2\/users\/1246"}],"replies":[{"embeddable":true,"href":"https:\/\/wp.ufpel.edu.br\/petfisica\/wp-json\/wp\/v2\/comments?post=2769"}],"version-history":[{"count":9,"href":"https:\/\/wp.ufpel.edu.br\/petfisica\/wp-json\/wp\/v2\/pages\/2769\/revisions"}],"predecessor-version":[{"id":2833,"href":"https:\/\/wp.ufpel.edu.br\/petfisica\/wp-json\/wp\/v2\/pages\/2769\/revisions\/2833"}],"up":[{"embeddable":true,"href":"https:\/\/wp.ufpel.edu.br\/petfisica\/wp-json\/wp\/v2\/pages\/1087"}],"wp:featuredmedia":[{"embeddable":true,"href":"https:\/\/wp.ufpel.edu.br\/petfisica\/wp-json\/wp\/v2\/media\/1462"}],"wp:attachment":[{"href":"https:\/\/wp.ufpel.edu.br\/petfisica\/wp-json\/wp\/v2\/media?parent=2769"}],"curies":[{"name":"wp","href":"https:\/\/api.w.org\/{rel}","templated":true}]}}