{"id":2755,"date":"2024-04-22T12:38:19","date_gmt":"2024-04-22T15:38:19","guid":{"rendered":"https:\/\/wp.ufpel.edu.br\/petfisica\/?page_id=2755"},"modified":"2024-12-04T00:00:59","modified_gmt":"2024-12-04T03:00:59","slug":"fotos-do-2024","status":"publish","type":"page","link":"https:\/\/wp.ufpel.edu.br\/petfisica\/fotos-2\/fotos-do-2024\/","title":{"rendered":"Fotos de 2024"},"content":{"rendered":"<p><a href=\"https:\/\/wp.ufpel.edu.br\/petfisica\/fotos-2\/fotos-do-2024\/semana-de-previas-2024\/\">Semana de pr\u00e9vias<\/a><\/p>\n<p><a href=\"https:\/\/wp.ufpel.edu.br\/petfisica\/atividades\/apresentacoes-em-eventos\/v-semana-academica-integrada-da-fisica\/\">V Semana Acad\u00eamica Integrada da F\u00edsica<\/a><\/p>\n<p><a href=\"https:\/\/wp.ufpel.edu.br\/petfisica\/fotos-2\/fotos-do-2024\/fenadoce\/\">Fenadoce<\/a><\/p>\n<p><a href=\"https:\/\/wp.ufpel.edu.br\/petfisica\/fotos-2\/fotos-do-2024\/recepcao-dos-ingressantes-semestre-2024-01\/\">Recep\u00e7\u00e3o dos ingressantes semestre 2024\/01<\/a><\/p>\n<p><a href=\"https:\/\/wp.ufpel.edu.br\/petfisica\/fotos-2\/fotos-do-2024\/oficinas-2024\/\">Oficinas 2024<\/a><\/p>\n<p><a href=\"https:\/\/wp.ufpel.edu.br\/petfisica\/fotos-2\/fotos-do-2024\/interpets-2024\/\">InterPETs<\/a><\/p>\n","protected":false},"excerpt":{"rendered":"<p>Semana de pr\u00e9vias V Semana Acad\u00eamica Integrada da F\u00edsica Fenadoce Recep\u00e7\u00e3o dos ingressantes semestre 2024\/01 Oficinas 2024 InterPETs<\/p>\n","protected":false},"author":1246,"featured_media":0,"parent":1373,"menu_order":-3,"comment_status":"closed","ping_status":"closed","template":"","meta":{"footnotes":""},"class_list":["post-2755","page","type-page","status-publish","hentry"],"_links":{"self":[{"href":"https:\/\/wp.ufpel.edu.br\/petfisica\/wp-json\/wp\/v2\/pages\/2755","targetHints":{"allow":["GET"]}}],"collection":[{"href":"https:\/\/wp.ufpel.edu.br\/petfisica\/wp-json\/wp\/v2\/pages"}],"about":[{"href":"https:\/\/wp.ufpel.edu.br\/petfisica\/wp-json\/wp\/v2\/types\/page"}],"author":[{"embeddable":true,"href":"https:\/\/wp.ufpel.edu.br\/petfisica\/wp-json\/wp\/v2\/users\/1246"}],"replies":[{"embeddable":true,"href":"https:\/\/wp.ufpel.edu.br\/petfisica\/wp-json\/wp\/v2\/comments?post=2755"}],"version-history":[{"count":9,"href":"https:\/\/wp.ufpel.edu.br\/petfisica\/wp-json\/wp\/v2\/pages\/2755\/revisions"}],"predecessor-version":[{"id":3019,"href":"https:\/\/wp.ufpel.edu.br\/petfisica\/wp-json\/wp\/v2\/pages\/2755\/revisions\/3019"}],"up":[{"embeddable":true,"href":"https:\/\/wp.ufpel.edu.br\/petfisica\/wp-json\/wp\/v2\/pages\/1373"}],"wp:attachment":[{"href":"https:\/\/wp.ufpel.edu.br\/petfisica\/wp-json\/wp\/v2\/media?parent=2755"}],"curies":[{"name":"wp","href":"https:\/\/api.w.org\/{rel}","templated":true}]}}