{"id":2279,"date":"2021-11-16T21:09:12","date_gmt":"2021-11-17T00:09:12","guid":{"rendered":"https:\/\/wp.ufpel.edu.br\/petfisica\/?page_id=2279"},"modified":"2021-12-01T14:50:58","modified_gmt":"2021-12-01T17:50:58","slug":"minicurso-de-escrita-cientifica-latex-2021","status":"publish","type":"page","link":"https:\/\/wp.ufpel.edu.br\/petfisica\/atividades\/minicursos-do-pet\/minicurso-de-escrita-cientifica-latex-2021\/","title":{"rendered":"Minicurso de Escrita Cient\u00edfica &#8211; LaTeX (2021)"},"content":{"rendered":"<p>Sejam bem vindos para uma nova edi\u00e7\u00e3o da atividade <strong>Minicursos do PET<\/strong>, o\u00a0<strong>Minicurso de Escrita Cient\u00edfica &#8211; LaTeX<\/strong>!<\/p>\n<p>Neste minicurso os integrantes do grupo <strong>PET-F\u00edsica <\/strong>demonstrar\u00e3o os conceitos e conhecimentos\u00a0 b\u00e1sicos de escrita cient\u00edfica utilizando <strong>LaTeX<\/strong>.\u00a0 O minicurso ser\u00e1 ministrado em formato remoto, come\u00e7ando no dia<strong> 29 de novembro<\/strong> e t\u00e9rmino no dia<strong> 3 de dezembro<\/strong>. Sua dura\u00e7\u00e3o m\u00e9dia ser\u00e1 de 2 horas por aula com in\u00edcio \u00e0s 15 horas at\u00e9 \u00e0s 17 horas. Ser\u00e3o disponibilizadas <strong>12 (Doze) vagas<\/strong> para a inscri\u00e7\u00e3o no minicurso, a inscri\u00e7\u00e3o pode ser realizada pelo seguinte link:\u00a0 <a href=\"https:\/\/docs.google.com\/forms\/d\/e\/1FAIpQLSfX3rTvDZ-xO98OdS_KQ7WpfbGMw3GOBE77IKbaIN2-LwQJpw\/viewform\">Minicurso de Escrita Cient\u00edfica &#8211; LaTeX <\/a>.<\/p>\n<p>Para mais informa\u00e7\u00f5es entre em contato com o grupo.<\/p>\n<p>&#8212;&#8212;&#8212;&#8212;&#8212;&#8212;&#8212;&#8212;&#8212;&#8212;&#8212;&#8212;&#8212;&#8212;&#8212;&#8212;&#8212;&#8212;&#8212;&#8212;&#8212;&#8212;&#8212;&#8212;&#8212;&#8212;&#8212;&#8212;&#8212;&#8212;&#8212;&#8212;&#8212;-<\/p>\n<p><span style=\"font-family: arial, helvetica, sans-serif\">O curso come\u00e7ar\u00e1 no dia 29\/11\/2021 at\u00e9 03\/12\/21, das 15:00 \u00e0s 17:00 horas<\/span><\/p>\n<p><span style=\"font-family: arial, helvetica, sans-serif\">Come\u00e7ando dia 30\/10\/2019 at\u00e9 20\/11\/19<\/span><\/p>\n<p>&#8212;&#8212;&#8212;&#8212;&#8212;&#8212;&#8212;&#8212;&#8212;&#8212;&#8212;&#8212;&#8212;&#8212;&#8212;&#8212;&#8212;&#8212;&#8212;&#8212;&#8212;&#8212;&#8212;&#8212;&#8212;&#8212;&#8212;&#8212;&#8212;&#8212;&#8212;&#8212;&#8212;-<\/p>\n<p style=\"text-align: center\">Bom dia, Boa tarde e Boa noite a todos!<br \/>\nEstamos disponibilizando a primeira parte dos slides do minicurso em pdf.<br \/>\n<a href=\"https:\/\/wp.ufpel.edu.br\/petfisica\/files\/2021\/12\/Minicurso-LATEX_parte_12021.pdf\">Minicurso de LaTeX parte 1<\/a><\/p>\n","protected":false},"excerpt":{"rendered":"<p>Sejam bem vindos para uma nova edi\u00e7\u00e3o da atividade Minicursos do PET, o\u00a0Minicurso de Escrita Cient\u00edfica &#8211; LaTeX! Neste minicurso os integrantes do grupo PET-F\u00edsica demonstrar\u00e3o os conceitos e conhecimentos\u00a0 b\u00e1sicos de escrita cient\u00edfica utilizando LaTeX.\u00a0 O minicurso ser\u00e1 ministrado em formato remoto, come\u00e7ando no dia 29 de novembro e t\u00e9rmino no dia 3 de [&hellip;]<\/p>\n","protected":false},"author":684,"featured_media":2273,"parent":1393,"menu_order":0,"comment_status":"closed","ping_status":"closed","template":"","meta":{"footnotes":""},"class_list":["post-2279","page","type-page","status-publish","has-post-thumbnail","hentry"],"_links":{"self":[{"href":"https:\/\/wp.ufpel.edu.br\/petfisica\/wp-json\/wp\/v2\/pages\/2279","targetHints":{"allow":["GET"]}}],"collection":[{"href":"https:\/\/wp.ufpel.edu.br\/petfisica\/wp-json\/wp\/v2\/pages"}],"about":[{"href":"https:\/\/wp.ufpel.edu.br\/petfisica\/wp-json\/wp\/v2\/types\/page"}],"author":[{"embeddable":true,"href":"https:\/\/wp.ufpel.edu.br\/petfisica\/wp-json\/wp\/v2\/users\/684"}],"replies":[{"embeddable":true,"href":"https:\/\/wp.ufpel.edu.br\/petfisica\/wp-json\/wp\/v2\/comments?post=2279"}],"version-history":[{"count":2,"href":"https:\/\/wp.ufpel.edu.br\/petfisica\/wp-json\/wp\/v2\/pages\/2279\/revisions"}],"predecessor-version":[{"id":2290,"href":"https:\/\/wp.ufpel.edu.br\/petfisica\/wp-json\/wp\/v2\/pages\/2279\/revisions\/2290"}],"up":[{"embeddable":true,"href":"https:\/\/wp.ufpel.edu.br\/petfisica\/wp-json\/wp\/v2\/pages\/1393"}],"wp:featuredmedia":[{"embeddable":true,"href":"https:\/\/wp.ufpel.edu.br\/petfisica\/wp-json\/wp\/v2\/media\/2273"}],"wp:attachment":[{"href":"https:\/\/wp.ufpel.edu.br\/petfisica\/wp-json\/wp\/v2\/media?parent=2279"}],"curies":[{"name":"wp","href":"https:\/\/api.w.org\/{rel}","templated":true}]}}