{"id":2231,"date":"2021-09-27T09:48:19","date_gmt":"2021-09-27T12:48:19","guid":{"rendered":"https:\/\/wp.ufpel.edu.br\/petfisica\/?page_id=2231"},"modified":"2021-10-09T11:18:08","modified_gmt":"2021-10-09T14:18:08","slug":"edital-n-02-2021-3","status":"publish","type":"page","link":"https:\/\/wp.ufpel.edu.br\/petfisica\/selecao-de-bolsistas-2\/edital-n-02-2021-3\/","title":{"rendered":"Edital N\u00b0 03\/2021-3"},"content":{"rendered":"<p>Resultado do processo seletivo <strong>Edital 2021-03<\/strong><\/p>\n<table border=\"1\">\n<tbody>\n<tr>\n<td style=\"width: 241px;text-align: center\"><strong>Candidato<\/strong><\/td>\n<td style=\"width: 139px;text-align: center\"><strong>Nota<\/strong><\/td>\n<td style=\"width: 235px;text-align: center\"><strong>Motivo<\/strong><\/td>\n<\/tr>\n<tr>\n<td style=\"width: 241px;text-align: center\">Noely Rosa Maria Perez Brito<\/td>\n<td style=\"width: 139px;text-align: center\">9,1<\/td>\n<td style=\"width: 235px;text-align: center\">Aprovado<\/td>\n<\/tr>\n<tr>\n<td style=\"width: 241px;text-align: center\">Iuri Louren\u00e7o Pessanha<\/td>\n<td style=\"width: 139px;text-align: center\">7,7<\/td>\n<td style=\"width: 235px;text-align: center\">Aprovado<\/td>\n<\/tr>\n<\/tbody>\n<\/table>\n<p>Os candidatos aprovados est\u00e3o habilitados a participar do PET com bolsa.<\/p>\n<p>Os aprovados devem manifestar interesse na vaga at\u00e9 o dia <strong>13\/10\/2021<\/strong> atrav\u00e9s do email petfisica@ufpel.edu.br para dar andamento no processo de ingresso no Programa PET.<\/p>\n<p><strong>######################<\/strong><\/p>\n<p><strong>Edital 2021-3<\/strong> (homologa\u00e7\u00e3o das inscri\u00e7\u00f5es)<\/p>\n<table style=\"height: 427px\" border=\"1\">\n<tbody>\n<tr style=\"height: 43px\">\n<td style=\"width: 181px;height: 43px;text-align: center\"><strong>Candidato<\/strong><\/td>\n<td style=\"width: 135px;text-align: center;height: 43px\"><strong>Status<\/strong><\/td>\n<td style=\"width: 299px;text-align: center;height: 43px\"><strong>Motivo<\/strong><\/td>\n<\/tr>\n<tr style=\"height: 92px\">\n<td style=\"width: 181px;height: 92px\">\n<p style=\"text-align: center\">Iuri Louren\u00e7o Pessanha<\/p>\n<\/td>\n<td style=\"width: 135px;text-align: center;height: 92px\">homologado<\/td>\n<td style=\"width: 299px;text-align: center;height: 92px\">&#8212;<\/td>\n<\/tr>\n<tr style=\"height: 92px\">\n<td style=\"width: 181px;height: 92px\">\n<p style=\"text-align: center\">Noely Rosa Maria Perez Brito<\/p>\n<\/td>\n<td style=\"width: 135px;text-align: center;height: 92px\">homologado<\/td>\n<td style=\"width: 299px;text-align: center;height: 92px\">&#8212;<\/td>\n<\/tr>\n<tr style=\"height: 108px\">\n<td style=\"width: 181px;height: 108px;text-align: center\">Lara Rosario Mota<\/td>\n<td style=\"width: 135px;text-align: center;height: 108px\">N\u00e3o homologado<\/td>\n<td style=\"width: 299px;height: 108px\">\n<p style=\"text-align: center\">N\u00e3o enviou os documentos.<\/p>\n<\/td>\n<\/tr>\n<tr style=\"height: 92px\">\n<td style=\"width: 181px;height: 92px\">\n<p style=\"text-align: center\">Mellanys Christini Rodrigues Santos<\/p>\n<\/td>\n<td style=\"width: 135px;text-align: center;height: 92px\">N\u00e3o homologado<\/td>\n<td style=\"width: 299px;text-align: center;height: 92px\">N\u00e3o enviou os documentos.<\/td>\n<\/tr>\n<\/tbody>\n<\/table>\n<p>O processo seletivo, conforme definido no <strong>Edital 2021-3<\/strong> , ocorrer\u00e1 no dia 07 de outubro em local e hor\u00e1rios conforme o cronograma a seguir:<\/p>\n<p>Iuri Louren\u00e7o Pessanha &#8211; dia 07\/10 \u00e0s 16:00 horas na sala virtual (<a href=\"https:\/\/webconf.ufpel.edu.br\/b\/fer-x33-mxv\">https:\/\/webconf.ufpel.edu.br\/b\/fer-x33-mxv<\/a>)<\/p>\n<p>Noely Rosa Maria Perez Brito &#8211; dia 07\/10 \u00e0s 16:30 horas na sala virtual (<a href=\"https:\/\/webconf.ufpel.edu.br\/b\/fer-x33-mxv\">https:\/\/webconf.ufpel.edu.br\/b\/fer-x33-mxv<\/a>)<\/p>\n<p>OBS: O n\u00e3o comparecimento na hora marcada, implicar\u00e1 na desclassifica\u00e7\u00e3o do candidato<\/p>\n<p>&nbsp;<\/p>\n<h6>######################<\/h6>\n<p><strong>O Grupo PET-F\u00edsica torna p\u00fablico o edital para a sele\u00e7\u00e3o de novos petianos 2021-3\u00a0 (seis vagas)<\/strong><\/p>\n<p align=\"justify\">Edital para o preenchimento de 6<b> <\/b><b>(<\/b><b>seis<\/b><b>) <\/b>vagas, das quais <strong>04<\/strong><b> (<\/b><b>quatro<\/b><b>) na qualidade de bolsista<\/b> (provimentos de R$ 400,00) e <strong>02<\/strong><b> (<\/b><b>duas<\/b><b>) na qualidade <\/b><strong>de n\u00e3o bolsistas<\/strong>.<b> <\/b>Poder\u00e3o participar do processo acad\u00eamicos dos cursos de <u>Licenciatura em F\u00edsica <\/u><u>e<\/u><u> Bacharelado em F\u00edsica,<\/u> devidamente matriculados.<\/p>\n<p align=\"justify\">O per\u00edodo de inscri\u00e7\u00e3o \u00e9 de<strong> 27 de setembro de 2021, at\u00e9 04 de outubro de 2021 atrav\u00e9s do site do pet-f\u00edsica, <a href=\"https:\/\/wp.ufpel.edu.br\/petfisica\/\">wp.ufpel.edu.br\/petfisica<\/a> na aba sele\u00e7\u00e3o de bolsistas.<\/strong><\/p>\n<p align=\"justify\"><strong>A documenta\u00e7\u00e3o<\/strong> dever\u00e1 ser encaminhada em formato digital, em um <strong>\u00fanico arquivo<\/strong> pdf ou jpg para o e-mail <strong>petfisica@ufpel.edu.br<\/strong>, e n\u00e3o deve ultrapassar o total de <strong>3MB<\/strong>. No campo assunto: deve constar <strong>Sele\u00e7\u00e3o PET 03\/2021<\/strong> com o <strong>nome completo do candidato no corpo da mensagem<\/strong>, al\u00e9m dos documentos.<\/p>\n<p align=\"justify\">A <strong>Ficha de inscri\u00e7\u00e3o<\/strong> deve ser preenchida no google docs (<a href=\"https:\/\/docs.google.com\/forms\/d\/e\/1FAIpQLSd41tgSK5XZ_LEJbFQa8xUHO1kqOL2kckcnngvicF5FxNc4tw\/viewform\">Ficha de Inscri\u00e7\u00e3o<\/a>), com a <strong>documenta\u00e7\u00e3o encaminhada por e-mail<\/strong>, conforme item 1 do edital abaixo.<\/p>\n<p align=\"justify\">Para mais informa\u00e7\u00f5es, consultar o <strong>edital completo<\/strong>. (<a href=\"https:\/\/wp.ufpel.edu.br\/petfisica\/files\/2021\/09\/Fisica-edital_selecao-2021-3.pdf\">Edital-2021-3<\/a>)<\/p>\n","protected":false},"excerpt":{"rendered":"<p>Resultado do processo seletivo Edital 2021-03 Candidato Nota Motivo Noely Rosa Maria Perez Brito 9,1 Aprovado Iuri Louren\u00e7o Pessanha 7,7 Aprovado Os candidatos aprovados est\u00e3o habilitados a participar do PET com bolsa. Os aprovados devem manifestar interesse na vaga at\u00e9 o dia 13\/10\/2021 atrav\u00e9s do email petfisica@ufpel.edu.br para dar andamento no processo de ingresso no [&hellip;]<\/p>\n","protected":false},"author":684,"featured_media":0,"parent":1087,"menu_order":0,"comment_status":"closed","ping_status":"closed","template":"","meta":{"footnotes":""},"class_list":["post-2231","page","type-page","status-publish","hentry"],"_links":{"self":[{"href":"https:\/\/wp.ufpel.edu.br\/petfisica\/wp-json\/wp\/v2\/pages\/2231","targetHints":{"allow":["GET"]}}],"collection":[{"href":"https:\/\/wp.ufpel.edu.br\/petfisica\/wp-json\/wp\/v2\/pages"}],"about":[{"href":"https:\/\/wp.ufpel.edu.br\/petfisica\/wp-json\/wp\/v2\/types\/page"}],"author":[{"embeddable":true,"href":"https:\/\/wp.ufpel.edu.br\/petfisica\/wp-json\/wp\/v2\/users\/684"}],"replies":[{"embeddable":true,"href":"https:\/\/wp.ufpel.edu.br\/petfisica\/wp-json\/wp\/v2\/comments?post=2231"}],"version-history":[{"count":5,"href":"https:\/\/wp.ufpel.edu.br\/petfisica\/wp-json\/wp\/v2\/pages\/2231\/revisions"}],"predecessor-version":[{"id":2248,"href":"https:\/\/wp.ufpel.edu.br\/petfisica\/wp-json\/wp\/v2\/pages\/2231\/revisions\/2248"}],"up":[{"embeddable":true,"href":"https:\/\/wp.ufpel.edu.br\/petfisica\/wp-json\/wp\/v2\/pages\/1087"}],"wp:attachment":[{"href":"https:\/\/wp.ufpel.edu.br\/petfisica\/wp-json\/wp\/v2\/media?parent=2231"}],"curies":[{"name":"wp","href":"https:\/\/api.w.org\/{rel}","templated":true}]}}