{"id":2124,"date":"2021-07-21T10:15:52","date_gmt":"2021-07-21T13:15:52","guid":{"rendered":"https:\/\/wp.ufpel.edu.br\/petfisica\/?page_id=2124"},"modified":"2021-07-21T14:43:23","modified_gmt":"2021-07-21T17:43:23","slug":"influencia-da-optica-na-pintura-europeia","status":"publish","type":"page","link":"https:\/\/wp.ufpel.edu.br\/petfisica\/atividades\/seminarios-do-pet\/seminarios-2020\/influencia-da-optica-na-pintura-europeia\/","title":{"rendered":"Influ\u00eancia da \u00f3ptica na pintura europeia"},"content":{"rendered":"<div><\/div>\n<div><\/div>\n<div>\n<div id=\"attachment_2127\" style=\"width: 950px\" class=\"wp-caption alignnone\"><img loading=\"lazy\" decoding=\"async\" aria-describedby=\"caption-attachment-2127\" class=\"size-full wp-image-2127\" src=\"https:\/\/wp.ufpel.edu.br\/petfisica\/files\/2021\/07\/j.jpeg\" alt=\"\" width=\"940\" height=\"585\" srcset=\"https:\/\/wp.ufpel.edu.br\/petfisica\/files\/2021\/07\/j.jpeg 940w, https:\/\/wp.ufpel.edu.br\/petfisica\/files\/2021\/07\/j-400x249.jpeg 400w, https:\/\/wp.ufpel.edu.br\/petfisica\/files\/2021\/07\/j-768x478.jpeg 768w, https:\/\/wp.ufpel.edu.br\/petfisica\/files\/2021\/07\/j-816x508.jpeg 816w\" sizes=\"auto, (max-width: 940px) 100vw, 940px\" \/><p id=\"caption-attachment-2127\" class=\"wp-caption-text\">Semin\u00e1rio sobre &#8220;Influ\u00eancia da \u00f3ptica na pintura europeia&#8221;.<\/p><\/div>\n<p>O Grupo PET-F\u00edsica promove o 3\u00b0 Semin\u00e1rio online, que ser\u00e1 transmitido ao vivo na pagina do facebook do grupo, <a href=\"http:\/\/www.facebook.com\/ufpelpetfisica\" target=\"_blank\" rel=\"noopener noreferrer\" data-saferedirecturl=\"https:\/\/www.google.com\/url?q=http:\/\/www.facebook.com\/ufpelpetfisica&amp;source=gmail&amp;ust=1593024058709000&amp;usg=AFQjCNGjv8UPb4ztIeGwzv40VUAWG89fng\">www.facebook.com\/ufpelpetfisica<\/a>, no dia 25\/06 \u00e0s 18:00.<\/p>\n<\/div>\n<div>Dando continuidade a s\u00e9rie de semin\u00e1rios online, nessa quinta-feira ser\u00e1 apresentado o trabalho \u201cINFLU\u00caNCIA DA \u00d3PTICA NA PINTURA EUROPEIA\u201d pelo petiano Jo\u00e3o E. de M. Salvador.<\/div>\n<div>A apresenta\u00e7\u00e3o trata sobre a rela\u00e7\u00e3o entre artif\u00edcios e\u00a0conhecimentos de \u00f3ptica utilizados por pintores do sec XV e posteriores.<br \/>\nEssa atividade do PET-F\u00edsica, assim como as outras promovidas nesse per\u00edodo, \u00e9 elaborado com o objetivo de promover\u00a0atividades acad\u00eamicas no per\u00edodo de distanciamento social. No semin\u00e1rio, ser\u00e3o tratados aspectos cient\u00edficos de alguns artistas que utilizaram a \u00f3ptica para produzir obras de arte com conceitos a frente de suas \u00e9pocas. Os conceitos ser\u00e3o abordados de maneira\u00a0simplificada e em linguagem acess\u00edvel visando todos os p\u00fablicos, conectando \u00e1reas normalmente consideradas distintas, como a Arte e a F\u00edsica.<\/div>\n","protected":false},"excerpt":{"rendered":"<p>O Grupo PET-F\u00edsica promove o 3\u00b0 Semin\u00e1rio online, que ser\u00e1 transmitido ao vivo na pagina do facebook do grupo, www.facebook.com\/ufpelpetfisica, no dia 25\/06 \u00e0s 18:00. Dando continuidade a s\u00e9rie de semin\u00e1rios online, nessa quinta-feira ser\u00e1 apresentado o trabalho \u201cINFLU\u00caNCIA DA \u00d3PTICA NA PINTURA EUROPEIA\u201d pelo petiano Jo\u00e3o E. de M. Salvador. A apresenta\u00e7\u00e3o trata sobre [&hellip;]<\/p>\n","protected":false},"author":684,"featured_media":0,"parent":2147,"menu_order":0,"comment_status":"closed","ping_status":"closed","template":"","meta":{"footnotes":""},"class_list":["post-2124","page","type-page","status-publish","hentry"],"_links":{"self":[{"href":"https:\/\/wp.ufpel.edu.br\/petfisica\/wp-json\/wp\/v2\/pages\/2124","targetHints":{"allow":["GET"]}}],"collection":[{"href":"https:\/\/wp.ufpel.edu.br\/petfisica\/wp-json\/wp\/v2\/pages"}],"about":[{"href":"https:\/\/wp.ufpel.edu.br\/petfisica\/wp-json\/wp\/v2\/types\/page"}],"author":[{"embeddable":true,"href":"https:\/\/wp.ufpel.edu.br\/petfisica\/wp-json\/wp\/v2\/users\/684"}],"replies":[{"embeddable":true,"href":"https:\/\/wp.ufpel.edu.br\/petfisica\/wp-json\/wp\/v2\/comments?post=2124"}],"version-history":[{"count":7,"href":"https:\/\/wp.ufpel.edu.br\/petfisica\/wp-json\/wp\/v2\/pages\/2124\/revisions"}],"predecessor-version":[{"id":2196,"href":"https:\/\/wp.ufpel.edu.br\/petfisica\/wp-json\/wp\/v2\/pages\/2124\/revisions\/2196"}],"up":[{"embeddable":true,"href":"https:\/\/wp.ufpel.edu.br\/petfisica\/wp-json\/wp\/v2\/pages\/2147"}],"wp:attachment":[{"href":"https:\/\/wp.ufpel.edu.br\/petfisica\/wp-json\/wp\/v2\/media?parent=2124"}],"curies":[{"name":"wp","href":"https:\/\/api.w.org\/{rel}","templated":true}]}}