{"id":2065,"date":"2021-04-12T09:42:23","date_gmt":"2021-04-12T12:42:23","guid":{"rendered":"https:\/\/wp.ufpel.edu.br\/petfisica\/?page_id=2065"},"modified":"2021-04-19T18:35:50","modified_gmt":"2021-04-19T21:35:50","slug":"edital-n-01-2021-1","status":"publish","type":"page","link":"https:\/\/wp.ufpel.edu.br\/petfisica\/selecao-de-bolsistas-2\/edital-n-01-2021-1\/","title":{"rendered":"Edital N\u00b0 01\/2021-1"},"content":{"rendered":"<p>############################<\/p>\n<p>Edital 2021-1 (homologa\u00e7\u00e3o das inscri\u00e7\u00f5es)<\/p>\n<table style=\"border-collapse: collapse;width: 100%\" border=\"1\">\n<tbody>\n<tr>\n<td style=\"width: 39.9891%;text-align: center\"><strong>Candidato<\/strong><\/td>\n<td style=\"width: 29.1126%;text-align: center\"><strong>Status<\/strong><\/td>\n<td style=\"width: 30.8982%;text-align: center\"><strong>Motivo<\/strong><\/td>\n<\/tr>\n<tr>\n<td style=\"width: 39.9891%;text-align: center\">Samantha Cardoso Alves<\/td>\n<td style=\"width: 29.1126%;text-align: center\">N\u00e3o homologado<\/td>\n<td style=\"width: 30.8982%;text-align: center\">Documenta\u00e7\u00e3o em desacordo com o edital de sele\u00e7\u00e3o.<\/td>\n<\/tr>\n<tr>\n<td style=\"width: 39.9891%;text-align: center\">Neilson Lopes de Sousa<\/td>\n<td style=\"width: 29.1126%;text-align: center\">N\u00e3o homologado<\/td>\n<td style=\"width: 30.8982%;text-align: center\">Documenta\u00e7\u00e3o em desacordo com o edital de sele\u00e7\u00e3o.<\/td>\n<\/tr>\n<\/tbody>\n<\/table>\n<p>&nbsp;<\/p>\n<p>############################<\/p>\n<p><strong>O Grupo PET-F\u00edsica torna p\u00fablico o edital para a sele\u00e7\u00e3o de novos petianos 2021-1\u00a0 (quatro vagas)<\/strong><\/p>\n<p align=\"justify\">Edital para o preenchimento de 4<b> <\/b><b>(<\/b><b>quatro<\/b><b>) <\/b>vagas, das quais <strong>01<\/strong><b> (<\/b><b>uma<\/b><b>) na qualidade de bolsista<\/b> (provimentos de R$ 400,00) e <strong>03<\/strong><b> (<\/b><b>tr\u00eas<\/b><b>) na qualidade <\/b><strong>de n\u00e3o bolsistas<\/strong>.<b> <\/b>Poder\u00e3o participar do processo acad\u00eamicos dos cursos de <u>Licenciatura em F\u00edsica <\/u><u>e<\/u><u> Bacharelado em F\u00edsica,<\/u> devidamente matriculados.<\/p>\n<p align=\"justify\">O per\u00edodo de inscri\u00e7\u00e3o \u00e9 de<strong> 12 \u00e0 16 de abril de 2021, at\u00e9 \u00e0s 23:59 horas.\u00a0<\/strong><\/p>\n<p align=\"justify\"><strong>A documenta\u00e7\u00e3o<\/strong> dever\u00e1 ser encaminhada em formato digital, em um <strong>\u00fanico arquivo<\/strong> pdf ou jpg para o e-mail <strong>petfisica@ufpel.edu.br<\/strong>, e n\u00e3o deve ultrapassar o total de <strong>3MB<\/strong>. No campo assunto: deve constar <strong>Sele\u00e7\u00e3o PET 01\/2021<\/strong> com o <strong>nome completo do candidato no corpo da mensagem<\/strong>, al\u00e9m dos documentos.<\/p>\n<p align=\"justify\">A <strong>Ficha de inscri\u00e7\u00e3o<\/strong> deve ser preenchida no google docs (<a href=\"https:\/\/docs.google.com\/forms\/d\/e\/1FAIpQLSdWZTXaYjRGKHd6zZp1z2TFiVniuJO6QTUYwTXzerfOJSdTXw\/viewform?usp=sf_link\">Ficha de Inscri\u00e7\u00e3o<\/a>), com a <strong>documenta\u00e7\u00e3o encaminhada por e-mail<\/strong>, conforme item 1 do edital abaixo.<\/p>\n<p align=\"justify\">Para mais informa\u00e7\u00f5es, consultar o <strong>edital completo<\/strong>. (<a href=\"https:\/\/wp.ufpel.edu.br\/petfisica\/files\/2021\/04\/Fisica-edital_selecao-2021-1.pdf\">Edital-2021-1<\/a>)<\/p>\n","protected":false},"excerpt":{"rendered":"<p>############################ Edital 2021-1 (homologa\u00e7\u00e3o das inscri\u00e7\u00f5es) Candidato Status Motivo Samantha Cardoso Alves N\u00e3o homologado Documenta\u00e7\u00e3o em desacordo com o edital de sele\u00e7\u00e3o. Neilson Lopes de Sousa N\u00e3o homologado Documenta\u00e7\u00e3o em desacordo com o edital de sele\u00e7\u00e3o. &nbsp; ############################ O Grupo PET-F\u00edsica torna p\u00fablico o edital para a sele\u00e7\u00e3o de novos petianos 2021-1\u00a0 (quatro vagas) Edital [&hellip;]<\/p>\n","protected":false},"author":684,"featured_media":0,"parent":1087,"menu_order":92,"comment_status":"closed","ping_status":"closed","template":"","meta":{"footnotes":""},"class_list":["post-2065","page","type-page","status-publish","hentry"],"_links":{"self":[{"href":"https:\/\/wp.ufpel.edu.br\/petfisica\/wp-json\/wp\/v2\/pages\/2065","targetHints":{"allow":["GET"]}}],"collection":[{"href":"https:\/\/wp.ufpel.edu.br\/petfisica\/wp-json\/wp\/v2\/pages"}],"about":[{"href":"https:\/\/wp.ufpel.edu.br\/petfisica\/wp-json\/wp\/v2\/types\/page"}],"author":[{"embeddable":true,"href":"https:\/\/wp.ufpel.edu.br\/petfisica\/wp-json\/wp\/v2\/users\/684"}],"replies":[{"embeddable":true,"href":"https:\/\/wp.ufpel.edu.br\/petfisica\/wp-json\/wp\/v2\/comments?post=2065"}],"version-history":[{"count":10,"href":"https:\/\/wp.ufpel.edu.br\/petfisica\/wp-json\/wp\/v2\/pages\/2065\/revisions"}],"predecessor-version":[{"id":2080,"href":"https:\/\/wp.ufpel.edu.br\/petfisica\/wp-json\/wp\/v2\/pages\/2065\/revisions\/2080"}],"up":[{"embeddable":true,"href":"https:\/\/wp.ufpel.edu.br\/petfisica\/wp-json\/wp\/v2\/pages\/1087"}],"wp:attachment":[{"href":"https:\/\/wp.ufpel.edu.br\/petfisica\/wp-json\/wp\/v2\/media?parent=2065"}],"curies":[{"name":"wp","href":"https:\/\/api.w.org\/{rel}","templated":true}]}}