{"id":1400,"date":"2020-02-11T23:11:05","date_gmt":"2020-02-12T02:11:05","guid":{"rendered":"https:\/\/wp.ufpel.edu.br\/petfisica\/?page_id=1400"},"modified":"2025-05-28T00:44:25","modified_gmt":"2025-05-28T03:44:25","slug":"seminarios-do-pet","status":"publish","type":"page","link":"https:\/\/wp.ufpel.edu.br\/petfisica\/atividades\/seminarios-do-pet\/","title":{"rendered":"Semin\u00e1rios do PET"},"content":{"rendered":"<p>___________________________________________________________________________________________<\/p>\n<p>Na \u00e1rea cient\u00edfica e acad\u00eamica, inevitavelmente temos que apresentar resultados e defender teorias, nesse sentido, praticar a orat\u00f3ria representa uma parte importante do processo de forma\u00e7\u00e3o dos estudantes. Partindo dessa percep\u00e7\u00e3o, o grupo idealizou uma atividade com base na rela\u00e7\u00e3o tutorial, que possibilita o treinamento de orat\u00f3ria e a exposi\u00e7\u00e3o da produ\u00e7\u00e3o individual do petiano, tornando poss\u00edvel o envolvimento do grupo com os saberes e interesses de cada petiano.<\/p>\n<p>A atividade tem com objetivo o treinamento de orat\u00f3ria e o incentivo a pesquisa, uma vez que com a realiza\u00e7\u00e3o de semin\u00e1rios pretende-se que ocorra a amplifica\u00e7\u00e3o da vis\u00e3o acad\u00eamica dos petianos e a fixa\u00e7\u00e3o de conte\u00fados e conceitos f\u00edsicos, utilizando-se de diferentes temas e que sejam promovidas discuss\u00f5es acad\u00eamicas a partir de perspectivas pessoais dos integrantes do grupo.<\/p>\n<p>_________________________________________________________________<\/p>\n<p><a href=\"https:\/\/wp.ufpel.edu.br\/petfisica\/atividades\/seminarios-do-pet\/seminarios-2025\/\">Semin\u00e1rios desenvolvidos pelo grupo PET-F\u00edsica em 2025<\/a><\/p>\n<p><a href=\"https:\/\/wp.ufpel.edu.br\/petfisica\/?page_id=2935&amp;preview=true\">Semin\u00e1rios desenvolvidos pelo grupo PET-F\u00edsica em 2024<\/a><\/p>\n<p>_________________________________________________________________<\/p>\n<p>Semin\u00e1rios desenvolvidos pelo grupo PET-F\u00edsica em 2021:<\/p>\n<p><a href=\"https:\/\/wp.ufpel.edu.br\/petfisica\/atividades\/seminarios-do-pet\/levitacao-magnetica\/\">Levita\u00e7\u00e3o Magn\u00e9tica<\/a>;<\/p>\n<p><a href=\"https:\/\/wp.ufpel.edu.br\/petfisica\/magnetosferas-planetarias\/\">Magnetosferas Planet\u00e1rias<\/a>;<\/p>\n<p><a href=\"https:\/\/wp.ufpel.edu.br\/petfisica\/atividades\/seminarios-do-pet\/ondas-maritimas-e-tsunami\/\">Ondas mar\u00edtimas e tsunami<\/a>.<\/p>\n<p>_________________________________________________________________<\/p>\n<p>Semin\u00e1rios desenvolvidos pelo grupo PET-F\u00edsica no ano de <a href=\"https:\/\/wp.ufpel.edu.br\/petfisica\/atividades\/seminarios-do-pet\/seminarios-2020\/\">2020<\/a>.<\/p>\n<p style=\"text-align: center;\"><span style=\"font-family: times new roman, times, serif;\"><strong id=\"cch_f3117cc8ab2cba8\" class=\"_mh6\">\u00a0<\/strong><\/span><\/p>\n<p><strong>\u00a0<\/strong><\/p>\n<p>&nbsp;<\/p>\n<p>&nbsp;<\/p>\n","protected":false},"excerpt":{"rendered":"<p>___________________________________________________________________________________________ Na \u00e1rea cient\u00edfica e acad\u00eamica, inevitavelmente temos que apresentar resultados e defender teorias, nesse sentido, praticar a orat\u00f3ria representa uma parte importante do processo de forma\u00e7\u00e3o dos estudantes. Partindo dessa percep\u00e7\u00e3o, o grupo idealizou uma atividade com base na rela\u00e7\u00e3o tutorial, que possibilita o treinamento de orat\u00f3ria e a exposi\u00e7\u00e3o da produ\u00e7\u00e3o individual do [&hellip;]<\/p>\n","protected":false},"author":684,"featured_media":0,"parent":1251,"menu_order":0,"comment_status":"closed","ping_status":"closed","template":"","meta":{"footnotes":""},"class_list":["post-1400","page","type-page","status-publish","hentry"],"_links":{"self":[{"href":"https:\/\/wp.ufpel.edu.br\/petfisica\/wp-json\/wp\/v2\/pages\/1400","targetHints":{"allow":["GET"]}}],"collection":[{"href":"https:\/\/wp.ufpel.edu.br\/petfisica\/wp-json\/wp\/v2\/pages"}],"about":[{"href":"https:\/\/wp.ufpel.edu.br\/petfisica\/wp-json\/wp\/v2\/types\/page"}],"author":[{"embeddable":true,"href":"https:\/\/wp.ufpel.edu.br\/petfisica\/wp-json\/wp\/v2\/users\/684"}],"replies":[{"embeddable":true,"href":"https:\/\/wp.ufpel.edu.br\/petfisica\/wp-json\/wp\/v2\/comments?post=1400"}],"version-history":[{"count":30,"href":"https:\/\/wp.ufpel.edu.br\/petfisica\/wp-json\/wp\/v2\/pages\/1400\/revisions"}],"predecessor-version":[{"id":3158,"href":"https:\/\/wp.ufpel.edu.br\/petfisica\/wp-json\/wp\/v2\/pages\/1400\/revisions\/3158"}],"up":[{"embeddable":true,"href":"https:\/\/wp.ufpel.edu.br\/petfisica\/wp-json\/wp\/v2\/pages\/1251"}],"wp:attachment":[{"href":"https:\/\/wp.ufpel.edu.br\/petfisica\/wp-json\/wp\/v2\/media?parent=1400"}],"curies":[{"name":"wp","href":"https:\/\/api.w.org\/{rel}","templated":true}]}}