{"id":1198,"date":"2019-08-30T23:17:36","date_gmt":"2019-08-31T02:17:36","guid":{"rendered":"https:\/\/wp.ufpel.edu.br\/petfisica\/?page_id=1198"},"modified":"2020-05-15T17:08:04","modified_gmt":"2020-05-15T20:08:04","slug":"edital-2019-2","status":"publish","type":"page","link":"https:\/\/wp.ufpel.edu.br\/petfisica\/selecao-de-bolsistas-2\/edital-2019-2\/","title":{"rendered":"Edital N\u00b0 02\/2019-2"},"content":{"rendered":"<p><span style=\"font-family: arial, helvetica, sans-serif;font-size: 14pt\"><strong>Sele\u00e7\u00e3o de novos petianos Edital 2019-2<\/strong><\/span><\/p>\n<p><span style=\"font-family: arial, helvetica, sans-serif;font-size: 14pt\"><strong>RESULTADO FINAL (por ordem alfab\u00e9tica)<\/strong><\/span><\/p>\n<p><span style=\"font-family: arial, helvetica, sans-serif;font-size: 14pt\">Os aprovados devem comparecer na sala do grupo PET-F\u00edsica, dia 23\/09\/2019 \u00e0s 13:00 horas.<\/span><\/p>\n<p><span style=\"font-family: arial, helvetica, sans-serif;font-size: 14pt\">Aline Isler Garcia<\/span><\/p>\n<p><span style=\"font-family: arial, helvetica, sans-serif;font-size: 14pt\">Rennan Pereira de Souza<\/span><\/p>\n<p>&nbsp;<\/p>\n<p><span style=\"font-family: arial, helvetica, sans-serif;font-size: 14pt\">______________________________________________________________<\/span><\/p>\n<p><span style=\"font-family: arial, helvetica, sans-serif;font-size: 14pt\"><strong>Inscri\u00e7\u00f5es homologadas<br \/>\n<\/strong>Aline Isler Garcia<\/span><br \/>\n<span style=\"font-family: arial, helvetica, sans-serif;font-size: 14pt\">Rennan Pereira de Souza<\/span><\/p>\n<p align=\"justify\"><span style=\"font-family: arial, helvetica, sans-serif;font-size: 14pt\"><strong>N\u00e3o homologado<br \/>\n<\/strong>Neilson Lopes de Souza (falta de documentos)<\/span><\/p>\n<p style=\"text-align: center\" align=\"justify\"><span style=\"font-family: arial, helvetica, sans-serif;font-size: 14pt\"><strong>ATEN\u00c7\u00c3O<\/strong><\/span><\/p>\n<p align=\"justify\"><span style=\"font-family: arial, helvetica, sans-serif;font-size: 14pt\"><strong>As entrevistas ser\u00e3o realizadas na sala do grupo PET-F\u00edsica (sala 101, no pr\u00e9dio 16 do IFM). Dia 17\/09 (Ter\u00e7a-feira).<\/strong><\/span><\/p>\n<p align=\"justify\"><span style=\"font-family: arial, helvetica, sans-serif;font-size: 14pt\">Ambos inscritos devem estar presentes na sala do grupo as 13:00. A ordem de apresenta\u00e7\u00e3o ser\u00e1:<\/span><\/p>\n<p align=\"justify\"><span style=\"font-family: arial, helvetica, sans-serif;font-size: 14pt\">13:00 Aline Garcia<\/span><\/p>\n<p align=\"justify\"><span style=\"font-family: arial, helvetica, sans-serif;font-size: 14pt\">13:30 Rennan de Souza<\/span><\/p>\n<p><span style=\"font-family: arial, helvetica, sans-serif;font-size: 14pt\">&#8212;&#8212;&#8212;&#8212;&#8212;&#8212;&#8212;&#8212;&#8212;&#8212;&#8212;&#8212;&#8212;&#8212;&#8212;&#8212;&#8212;&#8212;&#8212;&#8212;&#8212;&#8212;&#8212;&#8212;&#8212;&#8212;&#8212;&#8212;&#8212;&#8212;&#8212;&#8212;&#8212;&#8212;<\/span><\/p>\n<p><span style=\"font-family: arial, helvetica, sans-serif;font-size: 14pt\"><strong>O Grupo PET-F\u00edsica torna p\u00fablico o edital para a sele\u00e7\u00e3o de novos petianos 2019 &#8211; 2 (duas vagas)<\/strong><\/span><\/p>\n<p align=\"justify\"><span style=\"font-family: arial, helvetica, sans-serif;font-size: 14pt\">Edital para o preenchimento de <b>duas <\/b><b>(<\/b><b>duas<\/b><b>) <\/b>vagas, das quais 02<b> (<\/b><b>duas<\/b><b>) na qualidade de bolsistas<\/b> (provimentos de R$ 400,00).<b> <\/b>Poder\u00e3o participar do processo acad\u00eamicos dos cursos de <u>Licenciatura em F\u00edsica <\/u><u>e<\/u><u> Bacharelado em F\u00edsica,<\/u> devidamente matriculados.<\/span><\/p>\n<p><span style=\"font-family: arial, helvetica, sans-serif;font-size: 14pt\"><strong>As inscri\u00e7\u00f5es devem ser realizadas na sala do grupo PET-F\u00edsica (sala 101, no pr\u00e9dio 16 do IFM).<\/strong> <strong>No per\u00edodo entre 30 de agosto \u00e0 11 de setembro de 2019 das 8:30h \u00e0s 17h.<\/strong><\/span><\/p>\n<p><span style=\"font-family: arial, helvetica, sans-serif;font-size: 14pt\">Para mais informa\u00e7\u00f5es, consultar o edital completo. (<a href=\"https:\/\/wp.ufpel.edu.br\/petfisica\/files\/2019\/08\/Fisica-edital_selecao-2019-2.pdf\">Edital-2019-2<\/a>)<\/span><\/p>\n","protected":false},"excerpt":{"rendered":"<p>Sele\u00e7\u00e3o de novos petianos Edital 2019-2 RESULTADO FINAL (por ordem alfab\u00e9tica) Os aprovados devem comparecer na sala do grupo PET-F\u00edsica, dia 23\/09\/2019 \u00e0s 13:00 horas. Aline Isler Garcia Rennan Pereira de Souza &nbsp; ______________________________________________________________ Inscri\u00e7\u00f5es homologadas Aline Isler Garcia Rennan Pereira de Souza N\u00e3o homologado Neilson Lopes de Souza (falta de documentos) ATEN\u00c7\u00c3O As entrevistas [&hellip;]<\/p>\n","protected":false},"author":684,"featured_media":0,"parent":1087,"menu_order":95,"comment_status":"closed","ping_status":"closed","template":"","meta":{"footnotes":""},"class_list":["post-1198","page","type-page","status-publish","hentry"],"_links":{"self":[{"href":"https:\/\/wp.ufpel.edu.br\/petfisica\/wp-json\/wp\/v2\/pages\/1198","targetHints":{"allow":["GET"]}}],"collection":[{"href":"https:\/\/wp.ufpel.edu.br\/petfisica\/wp-json\/wp\/v2\/pages"}],"about":[{"href":"https:\/\/wp.ufpel.edu.br\/petfisica\/wp-json\/wp\/v2\/types\/page"}],"author":[{"embeddable":true,"href":"https:\/\/wp.ufpel.edu.br\/petfisica\/wp-json\/wp\/v2\/users\/684"}],"replies":[{"embeddable":true,"href":"https:\/\/wp.ufpel.edu.br\/petfisica\/wp-json\/wp\/v2\/comments?post=1198"}],"version-history":[{"count":9,"href":"https:\/\/wp.ufpel.edu.br\/petfisica\/wp-json\/wp\/v2\/pages\/1198\/revisions"}],"predecessor-version":[{"id":1576,"href":"https:\/\/wp.ufpel.edu.br\/petfisica\/wp-json\/wp\/v2\/pages\/1198\/revisions\/1576"}],"up":[{"embeddable":true,"href":"https:\/\/wp.ufpel.edu.br\/petfisica\/wp-json\/wp\/v2\/pages\/1087"}],"wp:attachment":[{"href":"https:\/\/wp.ufpel.edu.br\/petfisica\/wp-json\/wp\/v2\/media?parent=1198"}],"curies":[{"name":"wp","href":"https:\/\/api.w.org\/{rel}","templated":true}]}}