{"id":24,"date":"2015-04-06T14:41:43","date_gmt":"2015-04-06T17:41:43","guid":{"rendered":"https:\/\/wp.ufpel.edu.br\/petea\/?page_id=24"},"modified":"2020-05-02T14:41:51","modified_gmt":"2020-05-02T17:41:51","slug":"extensao","status":"publish","type":"page","link":"https:\/\/wp.ufpel.edu.br\/petea\/extensao\/","title":{"rendered":"Extens\u00e3o"},"content":{"rendered":"<p style=\"text-align: justify\">As atividade de extens\u00e3o do Grupo PET-EA baseiam-se na divulga\u00e7\u00e3o do grupo e do curso de Engenharia Agr\u00edcola. Esta promo\u00e7\u00e3o ocorre em feiras, escolas e cursos pr\u00e9-enem, permitindo a inser\u00e7\u00e3o do programa PET na comunidade geral. Os petianos ainda atuam na organiza\u00e7\u00e3o de eventos, f\u00f3runs e palestras, ampliando experi\u00eancias, complementando a forma\u00e7\u00e3o acad\u00eamica e permitindo a integra\u00e7\u00e3o entre a comunidade discente e os membros do PET.<\/p>\n","protected":false},"excerpt":{"rendered":"<p>As atividade de extens\u00e3o do Grupo PET-EA baseiam-se na divulga\u00e7\u00e3o do grupo e do curso de Engenharia Agr\u00edcola. Esta promo\u00e7\u00e3o ocorre em feiras, escolas e cursos pr\u00e9-enem, permitindo a inser\u00e7\u00e3o do programa PET na comunidade geral. Os petianos ainda atuam na organiza\u00e7\u00e3o de eventos, f\u00f3runs e palestras, ampliando experi\u00eancias, complementando a forma\u00e7\u00e3o acad\u00eamica e permitindo &hellip; <\/p>\n<p><a class=\"more-link btn\" href=\"https:\/\/wp.ufpel.edu.br\/petea\/extensao\/\">Continue lendo<\/a><\/p>\n","protected":false},"author":512,"featured_media":0,"parent":0,"menu_order":5,"comment_status":"closed","ping_status":"closed","template":"","meta":{"jetpack_post_was_ever_published":false,"footnotes":""},"class_list":["post-24","page","type-page","status-publish","hentry","nodate","item-wrap"],"jetpack_sharing_enabled":true,"jetpack_shortlink":"https:\/\/wp.me\/P6dZ8h-o","_links":{"self":[{"href":"https:\/\/wp.ufpel.edu.br\/petea\/wp-json\/wp\/v2\/pages\/24","targetHints":{"allow":["GET"]}}],"collection":[{"href":"https:\/\/wp.ufpel.edu.br\/petea\/wp-json\/wp\/v2\/pages"}],"about":[{"href":"https:\/\/wp.ufpel.edu.br\/petea\/wp-json\/wp\/v2\/types\/page"}],"author":[{"embeddable":true,"href":"https:\/\/wp.ufpel.edu.br\/petea\/wp-json\/wp\/v2\/users\/512"}],"replies":[{"embeddable":true,"href":"https:\/\/wp.ufpel.edu.br\/petea\/wp-json\/wp\/v2\/comments?post=24"}],"version-history":[{"count":5,"href":"https:\/\/wp.ufpel.edu.br\/petea\/wp-json\/wp\/v2\/pages\/24\/revisions"}],"predecessor-version":[{"id":963,"href":"https:\/\/wp.ufpel.edu.br\/petea\/wp-json\/wp\/v2\/pages\/24\/revisions\/963"}],"wp:attachment":[{"href":"https:\/\/wp.ufpel.edu.br\/petea\/wp-json\/wp\/v2\/media?parent=24"}],"curies":[{"name":"wp","href":"https:\/\/api.w.org\/{rel}","templated":true}]}}