{"id":2228,"date":"2020-04-29T12:16:45","date_gmt":"2020-04-29T15:16:45","guid":{"rendered":"https:\/\/wp.ufpel.edu.br\/petea\/?page_id=2228"},"modified":"2020-05-02T14:38:52","modified_gmt":"2020-05-02T17:38:52","slug":"producao-de-biodiesel-com-diferentes-materias-primas","status":"publish","type":"page","link":"https:\/\/wp.ufpel.edu.br\/petea\/pesquisa\/producao-de-biodiesel-com-diferentes-materias-primas\/","title":{"rendered":"Produ\u00e7\u00e3o de biodiesel com diferentes mat\u00e9rias-primas."},"content":{"rendered":"<p style=\"text-align: justify\"><span style=\"color: #000000\">As necessidades energ\u00e9ticas, nos dias atuais, s\u00e3o atendidas atrav\u00e9s da utiliza\u00e7\u00e3o de combust\u00edveis fosseis, contudo a sua utiliza\u00e7\u00e3o afeta ao meio ambiente devido \u00e0 produ\u00e7\u00e3o de mon\u00f3xido de carbono e di\u00f3xido de carbono no momento da queima do combust\u00edvel. Outra desvantagem do combust\u00edvel a diesel \u00e9 a mat\u00e9ria prima principal \u00e9 o petr\u00f3leo, uma fonte de energia n\u00e3o renov\u00e1vel. \u00a0Uma das solu\u00e7\u00f5es encontradas para reduzir esses impactos ambientes \u00e9 a utiliza\u00e7\u00e3o de combust\u00edveis renov\u00e1veis, como o biodiesel.<\/span><\/p>\n<p style=\"text-align: justify\"><span style=\"color: #000000\">Para a produ\u00e7\u00e3o de biodiesel s\u00e3o utilizados \u00f3leos vegetais ou gorduras animais devido possu\u00edrem vantagens como biodegradabilidade e facilidade em se obter em grande quantidade. A realiza\u00e7\u00e3o do processo \u00e9 bem simples, \u00e9 realizada atrav\u00e9s de uma rea\u00e7\u00e3o por transesterifica\u00e7\u00e3o podendo ocorrer por catalise acida, b\u00e1sica e enzim\u00e1tica.<\/span><\/p>\n<p style=\"text-align: justify\"><span style=\"color: #000000\">A produ\u00e7\u00e3o de biodiesel pode ser realizada de forma caseira ou em plantas mais aprimoradas, o grupo PET Engenharia Agr\u00edcola ao longo do segundo semestre do ano de 2019, em conversa com o ex-tutor Carlos Ant\u00f4nio da Costa Tillmann, resolveu por em uso a planta (conjunto de equipamentos) de biodiesel localizada no pr\u00e9dio 33 do Campus Cap\u00e3o do Le\u00e3o da Universidade Federal de Pelotas, planta a qual estava parada, mas aparentemente em condi\u00e7\u00f5es de ser usada.<\/span><\/p>\n<p style=\"text-align: justify\"><span style=\"color: #000000\">Diante da preocupa\u00e7\u00e3o ambiental, da utiliza\u00e7\u00e3o de um equipamento em boas condi\u00e7\u00f5es e pensando no reaproveitamento de res\u00edduos descartados pelas ind\u00fastrias e resid\u00eancias, o projeto prop\u00f5e-se a mostrar o potencia da produ\u00e7\u00e3o de biodiesel feito a partir de diversas mat\u00e9rias primas que s\u00e3o consideradas res\u00edduos industriais de ocorr\u00eancia regional, comparando a sua efici\u00eancia com o diesel convencional atrav\u00e9s de testes laboratoriais e de seu rendimento ao ser aplicado em um motor.<\/span><\/p>\n<p style=\"text-align: justify\"><span style=\"color: #000000\">O projeto est\u00e1 sendo desenvolvido atrav\u00e9s de etapas previamente planejadas, sendo realizada uma revis\u00e3o bibliogr\u00e1fica sobre as prov\u00e1veis mat\u00e9rias primas a serem usados, os m\u00e9todos de produ\u00e7\u00e3o, os m\u00e9todos de analise, os tipos de catalizadores, os limitantes do processo e os resultados encontrados sobre a qualidade desse biocombust\u00edvel com determinadas mat\u00e9rias primas. \u00a0Posteriormente, ocorreu um levantamento sobre a quantidade de res\u00edduos agroind\u00fastrias na nossa regi\u00e3o onde, atrav\u00e9s dos dados obtidos foram escolhidas as mat\u00e9rias primas a serem usadas.<\/span><\/p>\n<p style=\"text-align: justify\"><span style=\"color: #000000\">Na quest\u00e3o pr\u00e1tica do projeto, primeiramente ser\u00e1 feita a sua instala\u00e7\u00e3o el\u00e9trica e testes para verificar se existe algum problema com a planta de biodiesel. Posteriormente, ser\u00e3o realizados testes de bancada piloto buscando avaliar o processo de produ\u00e7\u00e3o do biodiesel realizado com as mat\u00e9rias primas selecionadas em etapas anteriores. Com os resultados em m\u00e3os ser\u00e1 averiguado se compensa a produ\u00e7\u00e3o em grande escala, aprovada essa etapa, passaremos a produzir em escala maior na planta de biodiesel onde ser\u00e3o realizados mais testes que determinaram a qualidade para a utiliza\u00e7\u00e3o desse combust\u00edvel em um motor a diesel.<\/span><\/p>\n<p style=\"text-align: justify\"><span style=\"color: #000000\">Por fim, o combust\u00edvel produzido atrav\u00e9s do PET Engenharia Agr\u00edcola ser\u00e1 testado em um motor a diesel presente no pr\u00e9dio 33 onde iremos avaliar o seu rendimento no momento da queima, al\u00e9m de verificar os \u00edndices de emiss\u00e3o de gases poluentes.<\/span><\/p>\n<p style=\"text-align: center\"><strong>Figura 1<\/strong> &#8211; Planta de biodiesel localizada no pr\u00e9dio 33 do Campus Cap\u00e3o do Le\u00e3o.<\/p>\n<p><img loading=\"lazy\" decoding=\"async\" data-attachment-id=\"2272\" data-permalink=\"https:\/\/wp.ufpel.edu.br\/petea\/pesquisa\/producao-de-biodiesel-com-diferentes-materias-primas\/planta\/\" data-orig-file=\"https:\/\/wp.ufpel.edu.br\/petea\/files\/2020\/05\/planta.jpg\" data-orig-size=\"640,640\" data-comments-opened=\"0\" data-image-meta=\"{&quot;aperture&quot;:&quot;0&quot;,&quot;credit&quot;:&quot;&quot;,&quot;camera&quot;:&quot;&quot;,&quot;caption&quot;:&quot;&quot;,&quot;created_timestamp&quot;:&quot;0&quot;,&quot;copyright&quot;:&quot;&quot;,&quot;focal_length&quot;:&quot;0&quot;,&quot;iso&quot;:&quot;0&quot;,&quot;shutter_speed&quot;:&quot;0&quot;,&quot;title&quot;:&quot;&quot;,&quot;orientation&quot;:&quot;0&quot;}\" data-image-title=\"planta\" data-image-description=\"\" data-image-caption=\"\" data-medium-file=\"https:\/\/wp.ufpel.edu.br\/petea\/files\/2020\/05\/planta-400x400.jpg\" data-large-file=\"https:\/\/wp.ufpel.edu.br\/petea\/files\/2020\/05\/planta.jpg\" class=\"aligncenter size-medium wp-image-2272\" src=\"https:\/\/wp.ufpel.edu.br\/petea\/files\/2020\/05\/planta-400x400.jpg\" alt=\"\" width=\"400\" height=\"400\" srcset=\"https:\/\/wp.ufpel.edu.br\/petea\/files\/2020\/05\/planta-400x400.jpg 400w, https:\/\/wp.ufpel.edu.br\/petea\/files\/2020\/05\/planta-200x200.jpg 200w, https:\/\/wp.ufpel.edu.br\/petea\/files\/2020\/05\/planta.jpg 640w\" sizes=\"auto, (max-width: 400px) 100vw, 400px\" \/><\/p>\n<p style=\"text-align: center\"><strong>Figura 2<\/strong> &#8211; Biodiesel sendo produzido em laborat\u00f3rio.<\/p>\n<p><img loading=\"lazy\" decoding=\"async\" data-attachment-id=\"2275\" data-permalink=\"https:\/\/wp.ufpel.edu.br\/petea\/pesquisa\/producao-de-biodiesel-com-diferentes-materias-primas\/biodiesel\/\" data-orig-file=\"https:\/\/wp.ufpel.edu.br\/petea\/files\/2020\/05\/biodiesel.jpeg\" data-orig-size=\"780,1040\" data-comments-opened=\"0\" data-image-meta=\"{&quot;aperture&quot;:&quot;0&quot;,&quot;credit&quot;:&quot;&quot;,&quot;camera&quot;:&quot;&quot;,&quot;caption&quot;:&quot;&quot;,&quot;created_timestamp&quot;:&quot;0&quot;,&quot;copyright&quot;:&quot;&quot;,&quot;focal_length&quot;:&quot;0&quot;,&quot;iso&quot;:&quot;0&quot;,&quot;shutter_speed&quot;:&quot;0&quot;,&quot;title&quot;:&quot;&quot;,&quot;orientation&quot;:&quot;0&quot;}\" data-image-title=\"biodiesel\" data-image-description=\"\" data-image-caption=\"\" data-medium-file=\"https:\/\/wp.ufpel.edu.br\/petea\/files\/2020\/05\/biodiesel-300x400.jpeg\" data-large-file=\"https:\/\/wp.ufpel.edu.br\/petea\/files\/2020\/05\/biodiesel-768x1024.jpeg\" class=\"aligncenter size-medium wp-image-2275\" src=\"https:\/\/wp.ufpel.edu.br\/petea\/files\/2020\/05\/biodiesel-300x400.jpeg\" alt=\"\" width=\"300\" height=\"400\" srcset=\"https:\/\/wp.ufpel.edu.br\/petea\/files\/2020\/05\/biodiesel-300x400.jpeg 300w, https:\/\/wp.ufpel.edu.br\/petea\/files\/2020\/05\/biodiesel-768x1024.jpeg 768w, https:\/\/wp.ufpel.edu.br\/petea\/files\/2020\/05\/biodiesel.jpeg 780w\" sizes=\"auto, (max-width: 300px) 100vw, 300px\" \/><\/p>\n<p>&nbsp;<\/p>\n","protected":false},"excerpt":{"rendered":"<p>As necessidades energ\u00e9ticas, nos dias atuais, s\u00e3o atendidas atrav\u00e9s da utiliza\u00e7\u00e3o de combust\u00edveis fosseis, contudo a sua utiliza\u00e7\u00e3o afeta ao meio ambiente devido \u00e0 produ\u00e7\u00e3o de mon\u00f3xido de carbono e di\u00f3xido de carbono no momento da queima do combust\u00edvel. Outra desvantagem do combust\u00edvel a diesel \u00e9 a mat\u00e9ria prima principal \u00e9 o petr\u00f3leo, uma fonte &hellip; <\/p>\n<p><a class=\"more-link btn\" href=\"https:\/\/wp.ufpel.edu.br\/petea\/pesquisa\/producao-de-biodiesel-com-diferentes-materias-primas\/\">Continue lendo<\/a><\/p>\n","protected":false},"author":512,"featured_media":0,"parent":826,"menu_order":0,"comment_status":"closed","ping_status":"closed","template":"","meta":{"jetpack_post_was_ever_published":false,"footnotes":""},"class_list":["post-2228","page","type-page","status-publish","hentry","nodate","item-wrap"],"jetpack_sharing_enabled":true,"jetpack_shortlink":"https:\/\/wp.me\/P6dZ8h-zW","_links":{"self":[{"href":"https:\/\/wp.ufpel.edu.br\/petea\/wp-json\/wp\/v2\/pages\/2228","targetHints":{"allow":["GET"]}}],"collection":[{"href":"https:\/\/wp.ufpel.edu.br\/petea\/wp-json\/wp\/v2\/pages"}],"about":[{"href":"https:\/\/wp.ufpel.edu.br\/petea\/wp-json\/wp\/v2\/types\/page"}],"author":[{"embeddable":true,"href":"https:\/\/wp.ufpel.edu.br\/petea\/wp-json\/wp\/v2\/users\/512"}],"replies":[{"embeddable":true,"href":"https:\/\/wp.ufpel.edu.br\/petea\/wp-json\/wp\/v2\/comments?post=2228"}],"version-history":[{"count":6,"href":"https:\/\/wp.ufpel.edu.br\/petea\/wp-json\/wp\/v2\/pages\/2228\/revisions"}],"predecessor-version":[{"id":2276,"href":"https:\/\/wp.ufpel.edu.br\/petea\/wp-json\/wp\/v2\/pages\/2228\/revisions\/2276"}],"up":[{"embeddable":true,"href":"https:\/\/wp.ufpel.edu.br\/petea\/wp-json\/wp\/v2\/pages\/826"}],"wp:attachment":[{"href":"https:\/\/wp.ufpel.edu.br\/petea\/wp-json\/wp\/v2\/media?parent=2228"}],"curies":[{"name":"wp","href":"https:\/\/api.w.org\/{rel}","templated":true}]}}