{"id":2095,"date":"2020-02-21T15:13:24","date_gmt":"2020-02-21T18:13:24","guid":{"rendered":"https:\/\/wp.ufpel.edu.br\/petea\/?page_id=2095"},"modified":"2020-05-04T14:29:40","modified_gmt":"2020-05-04T17:29:40","slug":"eventos-2","status":"publish","type":"page","link":"https:\/\/wp.ufpel.edu.br\/petea\/eventos-2\/","title":{"rendered":"Eventos PET"},"content":{"rendered":"<p><span style=\"font-size: 14pt\"><strong>InterPET<\/strong><\/span><\/p>\n<p>O InterPET \u00e9 o encontro de todos os PETs da Universidade Federal de Pelotas que ocorre mensalmente, o objetivo do encontro \u00e9 os grupos apresentarem os seus PETs e falarem sobre seus projetos. Dentro desse encontro s\u00e3o trazidas pautas as quais devem ser discutidas entre todos os grupos.<\/p>\n<p>Na primeira semana de cada m\u00eas um grupo PET fica encarregado de organizar o evento e ministrar o debate quando necess\u00e1rio, esse grupo fica respons\u00e1vel pelas pautas, coffe break e a confec\u00e7\u00e3o da ata que ser\u00e1 aprovada no pr\u00f3ximo encontro.<\/p>\n<p><strong><span style=\"font-size: 14pt\">PETch\u00ea<\/span><\/strong><\/p>\n<p>No Rio Grande do Sul, ocorre o PETCH\u00ca, evento anual que abrange todos os grupos PET do estado, evento este que teve sua primeira edi\u00e7\u00e3o realizada em Santa Maria, sob organiza\u00e7\u00e3o dos PETs da UFSM.<\/p>\n<p><strong><span style=\"font-size: 14pt\">SulPET<\/span><\/strong><\/p>\n<p>No \u00e2mbito regional, ocorre, no sul do Brasil, o SULPET, com sua XXII edi\u00e7\u00e3o realizada no munic\u00edpio Pelotas, contando com a organiza\u00e7\u00e3o dos PETs da Universidade Federal de Pelotas. Nos eventos regionais do PET s\u00e3o propostas altera\u00e7\u00f5es em alguma norma que rege os grupos e essas s\u00e3o levadas ao evento nacional.<\/p>\n<p><strong><span style=\"font-size: 14pt\">EnaPET<\/span><\/strong><\/p>\n<p>Por fim, em \u00e2mbito nacional, h\u00e1 o ENAPET, tendo sua \u00faltima edi\u00e7\u00e3o realizada em Natal, pelos grupos PET da UFRN. Neste ultimo evento s\u00e3o levadas sugest\u00f5es\u00a0 vindas dos eventos regionais com altera\u00e7\u00f5es nas normas que regem o PET e s\u00e3o postas em debate, caso haja aprova\u00e7\u00e3o essas conduzidas ao MEC.<\/p>\n<p class=\"jetpack-slideshow-noscript robots-nocontent\">Este slideshow necessita de JavaScript.<\/p><div id=\"gallery-2095-1-slideshow\" class=\"jetpack-slideshow-window jetpack-slideshow jetpack-slideshow-black\" data-trans=\"fade\" data-autostart=\"1\" data-gallery=\"[{&quot;src&quot;:&quot;https:\\\/\\\/wp.ufpel.edu.br\\\/petea\\\/files\\\/2020\\\/05\\\/04-e1588612832425.jpeg&quot;,&quot;id&quot;:&quot;2364&quot;,&quot;title&quot;:&quot;#04&quot;,&quot;alt&quot;:&quot;&quot;,&quot;caption&quot;:&quot;&quot;,&quot;itemprop&quot;:&quot;image&quot;},{&quot;src&quot;:&quot;https:\\\/\\\/wp.ufpel.edu.br\\\/petea\\\/files\\\/2020\\\/05\\\/03.jpeg&quot;,&quot;id&quot;:&quot;2363&quot;,&quot;title&quot;:&quot;#03&quot;,&quot;alt&quot;:&quot;&quot;,&quot;caption&quot;:&quot;&quot;,&quot;itemprop&quot;:&quot;image&quot;},{&quot;src&quot;:&quot;https:\\\/\\\/wp.ufpel.edu.br\\\/petea\\\/files\\\/2020\\\/05\\\/02-e1588612816393.jpeg&quot;,&quot;id&quot;:&quot;2362&quot;,&quot;title&quot;:&quot;#02&quot;,&quot;alt&quot;:&quot;&quot;,&quot;caption&quot;:&quot;&quot;,&quot;itemprop&quot;:&quot;image&quot;},{&quot;src&quot;:&quot;https:\\\/\\\/wp.ufpel.edu.br\\\/petea\\\/files\\\/2020\\\/05\\\/05-e1588612774835.jpeg&quot;,&quot;id&quot;:&quot;2360&quot;,&quot;title&quot;:&quot;#05&quot;,&quot;alt&quot;:&quot;&quot;,&quot;caption&quot;:&quot;&quot;,&quot;itemprop&quot;:&quot;image&quot;}]\" itemscope itemtype=\"https:\/\/schema.org\/ImageGallery\"><\/div>\n","protected":false},"excerpt":{"rendered":"<p>InterPET O InterPET \u00e9 o encontro de todos os PETs da Universidade Federal de Pelotas que ocorre mensalmente, o objetivo do encontro \u00e9 os grupos apresentarem os seus PETs e falarem sobre seus projetos. Dentro desse encontro s\u00e3o trazidas pautas as quais devem ser discutidas entre todos os grupos. Na primeira semana de cada m\u00eas &hellip; <\/p>\n<p><a class=\"more-link btn\" href=\"https:\/\/wp.ufpel.edu.br\/petea\/eventos-2\/\">Continue lendo<\/a><\/p>\n","protected":false},"author":512,"featured_media":0,"parent":0,"menu_order":0,"comment_status":"closed","ping_status":"closed","template":"","meta":{"jetpack_post_was_ever_published":false,"footnotes":""},"class_list":["post-2095","page","type-page","status-publish","hentry","nodate","item-wrap"],"jetpack_sharing_enabled":true,"jetpack_shortlink":"https:\/\/wp.me\/P6dZ8h-xN","_links":{"self":[{"href":"https:\/\/wp.ufpel.edu.br\/petea\/wp-json\/wp\/v2\/pages\/2095","targetHints":{"allow":["GET"]}}],"collection":[{"href":"https:\/\/wp.ufpel.edu.br\/petea\/wp-json\/wp\/v2\/pages"}],"about":[{"href":"https:\/\/wp.ufpel.edu.br\/petea\/wp-json\/wp\/v2\/types\/page"}],"author":[{"embeddable":true,"href":"https:\/\/wp.ufpel.edu.br\/petea\/wp-json\/wp\/v2\/users\/512"}],"replies":[{"embeddable":true,"href":"https:\/\/wp.ufpel.edu.br\/petea\/wp-json\/wp\/v2\/comments?post=2095"}],"version-history":[{"count":8,"href":"https:\/\/wp.ufpel.edu.br\/petea\/wp-json\/wp\/v2\/pages\/2095\/revisions"}],"predecessor-version":[{"id":2367,"href":"https:\/\/wp.ufpel.edu.br\/petea\/wp-json\/wp\/v2\/pages\/2095\/revisions\/2367"}],"wp:attachment":[{"href":"https:\/\/wp.ufpel.edu.br\/petea\/wp-json\/wp\/v2\/media?parent=2095"}],"curies":[{"name":"wp","href":"https:\/\/api.w.org\/{rel}","templated":true}]}}