{"id":1906,"date":"2020-02-21T13:57:49","date_gmt":"2020-02-21T16:57:49","guid":{"rendered":"https:\/\/wp.ufpel.edu.br\/petea\/?page_id=1906"},"modified":"2026-03-23T19:32:55","modified_gmt":"2026-03-23T22:32:55","slug":"relatorio","status":"publish","type":"page","link":"https:\/\/wp.ufpel.edu.br\/petea\/relatorio\/","title":{"rendered":"Relat\u00f3rios"},"content":{"rendered":"<p><span style=\"font-size: 12pt;\">Aqui voc\u00ea pode conferir os <strong>relat\u00f3rios de atividades<\/strong> realizadas pelo PET-EA nesse ano e nos anos anteriores.<\/span><\/p>\n<p><span style=\"color: #000000; font-size: 12pt; font-family: arial, helvetica, sans-serif;\"><a style=\"color: #000000;\" href=\"https:\/\/wp.ufpel.edu.br\/petea\/files\/2015\/04\/Relatorio-2006.pdf\">Relatorio 2006<\/a><\/span><\/p>\n<p class=\"font_7\"><span style=\"color: #000000; font-size: 12pt; font-family: arial, helvetica, sans-serif;\"><a style=\"color: #000000;\" href=\"https:\/\/wp.ufpel.edu.br\/petea\/files\/2015\/04\/Relatorio-2007.pdf\">Relatorio 2007<\/a><\/span><\/p>\n<p class=\"font_7\"><span style=\"color: #000000; font-size: 12pt; font-family: arial, helvetica, sans-serif;\"><a style=\"color: #000000;\" href=\"https:\/\/wp.ufpel.edu.br\/petea\/files\/2015\/04\/Relatorio-2008.pdf\">Relatorio 2008<\/a><\/span><\/p>\n<p class=\"font_7\"><span style=\"color: #000000; font-size: 12pt; font-family: arial, helvetica, sans-serif;\"><a style=\"color: #000000;\" href=\"https:\/\/wp.ufpel.edu.br\/petea\/files\/2015\/04\/Relatorio-2009.pdf\">Relatorio 2009<\/a><\/span><\/p>\n<p class=\"font_7\"><span style=\"color: #000000; font-size: 12pt; font-family: arial, helvetica, sans-serif;\"><a style=\"color: #000000;\" href=\"https:\/\/wp.ufpel.edu.br\/petea\/files\/2015\/04\/Relatorio-2010.pdf\">Relatorio 2010<\/a><\/span><\/p>\n<p class=\"font_7\"><span style=\"color: #000000; font-size: 12pt; font-family: arial, helvetica, sans-serif;\"><a style=\"color: #000000;\" href=\"https:\/\/wp.ufpel.edu.br\/petea\/files\/2015\/04\/Relatorio-2011.pdf\">Relatorio 2011<\/a><\/span><\/p>\n<p class=\"font_7\"><span style=\"color: #000000; font-size: 12pt; font-family: arial, helvetica, sans-serif;\"><a style=\"color: #000000;\" href=\"https:\/\/wp.ufpel.edu.br\/petea\/files\/2015\/04\/relatorio_anual_2013.pdf\">Relat\u00f3rio 2013<\/a><\/span><\/p>\n<p class=\"font_7\"><span style=\"color: #000000; font-size: 12pt; font-family: arial, helvetica, sans-serif;\"><a style=\"color: #000000;\" href=\"https:\/\/wp.ufpel.edu.br\/petea\/files\/2015\/04\/relatorio_anual_2014.pdf\">Relat\u00f3rio 2014<\/a><\/span><\/p>\n<p class=\"font_7\"><span style=\"color: #000000; font-size: 12pt; font-family: arial, helvetica, sans-serif;\"><a style=\"color: #000000;\" href=\"https:\/\/wp.ufpel.edu.br\/petea\/files\/2015\/04\/relatorio_anual_2015.pdf\">Relat\u00f3rio 2015<\/a><\/span><\/p>\n<p class=\"font_7\"><span style=\"color: #000000; font-size: 12pt; font-family: arial, helvetica, sans-serif;\"><a style=\"color: #000000;\" href=\"https:\/\/wp.ufpel.edu.br\/petea\/files\/2018\/04\/Relatorio_2016.pdf\">Relatorio 2016<\/a><\/span><\/p>\n<p class=\"font_7\"><span style=\"color: #000000; font-size: 12pt; font-family: arial, helvetica, sans-serif;\"><a style=\"color: #000000;\" href=\"https:\/\/wp.ufpel.edu.br\/petea\/files\/2018\/04\/Relatorio_2017.pdf\">Relatorio 2017<\/a><\/span><\/p>\n<p><span style=\"color: #000000; font-family: arial, helvetica, sans-serif; font-size: 12pt;\"><a style=\"color: #000000;\" href=\"https:\/\/wp.ufpel.edu.br\/petea\/files\/2020\/01\/Relat\u00f3rio-2018.pdf\">Relat\u00f3rio 2018<\/a><\/span><\/p>\n<p><span style=\"color: #000000; font-family: arial, helvetica, sans-serif; font-size: 12pt;\"><a style=\"color: #000000;\" href=\"https:\/\/wp.ufpel.edu.br\/petea\/files\/2020\/01\/Relat\u00f3rio-2019.pdf\">Relat\u00f3rio 2019<\/a><\/span><\/p>\n<p><span style=\"color: #000000; font-family: arial, helvetica, sans-serif; font-size: 12pt;\"><a style=\"color: #000000;\" href=\"https:\/\/wp.ufpel.edu.br\/petea\/files\/2022\/09\/relatorio-2020.pdf\">Relat\u00f3rio 2020<\/a><\/span><\/p>\n<p><span style=\"color: #000000; font-family: arial, helvetica, sans-serif; font-size: 12pt;\"><a style=\"color: #000000;\" href=\"https:\/\/wp.ufpel.edu.br\/petea\/files\/2022\/09\/Relatorio-2021.pdf\">Relat\u00f3rio 2021<\/a><\/span><\/p>\n<p><span style=\"color: #000000;\"><a style=\"color: #000000;\" href=\"https:\/\/wp.ufpel.edu.br\/petea\/files\/2023\/12\/Relatorio-2022.pdf\">Relat\u00f3rio 2022<\/a><\/span><\/p>\n<p><a href=\"https:\/\/wp.ufpel.edu.br\/petea\/files\/2024\/12\/relatorio-2023.pdf\">Relat\u00f3rio 2023<\/a><\/p>\n<p><a href=\"https:\/\/wp.ufpel.edu.br\/petea\/files\/2025\/12\/Relatorio-de-atividades-2024-sigpet.pdf\">Relat\u00f3rio 2024<\/a><\/p>\n<p><a href=\"https:\/\/wp.ufpel.edu.br\/petea\/files\/2026\/03\/Relatorio-2025-R1.pdf\">Relat\u00f3rio 2025<\/a><\/p>\n","protected":false},"excerpt":{"rendered":"<p>Aqui voc\u00ea pode conferir os relat\u00f3rios de atividades realizadas pelo PET-EA nesse ano e nos anos anteriores. Relatorio 2006 Relatorio 2007 Relatorio 2008 Relatorio 2009 Relatorio 2010 Relatorio 2011 Relat\u00f3rio 2013 Relat\u00f3rio 2014 Relat\u00f3rio 2015 Relatorio 2016 Relatorio 2017 Relat\u00f3rio 2018 Relat\u00f3rio 2019 Relat\u00f3rio 2020 Relat\u00f3rio 2021 Relat\u00f3rio 2022 Relat\u00f3rio 2023 Relat\u00f3rio 2024 Relat\u00f3rio 2025<\/p>\n","protected":false},"author":512,"featured_media":0,"parent":0,"menu_order":0,"comment_status":"closed","ping_status":"closed","template":"","meta":{"jetpack_post_was_ever_published":false,"footnotes":""},"class_list":["post-1906","page","type-page","status-publish","hentry","nodate","item-wrap"],"jetpack_sharing_enabled":true,"jetpack_shortlink":"https:\/\/wp.me\/P6dZ8h-uK","_links":{"self":[{"href":"https:\/\/wp.ufpel.edu.br\/petea\/wp-json\/wp\/v2\/pages\/1906","targetHints":{"allow":["GET"]}}],"collection":[{"href":"https:\/\/wp.ufpel.edu.br\/petea\/wp-json\/wp\/v2\/pages"}],"about":[{"href":"https:\/\/wp.ufpel.edu.br\/petea\/wp-json\/wp\/v2\/types\/page"}],"author":[{"embeddable":true,"href":"https:\/\/wp.ufpel.edu.br\/petea\/wp-json\/wp\/v2\/users\/512"}],"replies":[{"embeddable":true,"href":"https:\/\/wp.ufpel.edu.br\/petea\/wp-json\/wp\/v2\/comments?post=1906"}],"version-history":[{"count":4,"href":"https:\/\/wp.ufpel.edu.br\/petea\/wp-json\/wp\/v2\/pages\/1906\/revisions"}],"predecessor-version":[{"id":3424,"href":"https:\/\/wp.ufpel.edu.br\/petea\/wp-json\/wp\/v2\/pages\/1906\/revisions\/3424"}],"wp:attachment":[{"href":"https:\/\/wp.ufpel.edu.br\/petea\/wp-json\/wp\/v2\/media?parent=1906"}],"curies":[{"name":"wp","href":"https:\/\/api.w.org\/{rel}","templated":true}]}}