{"id":1811,"date":"2020-02-21T10:47:50","date_gmt":"2020-02-21T13:47:50","guid":{"rendered":"https:\/\/wp.ufpel.edu.br\/petea\/?page_id=1811"},"modified":"2020-02-21T11:21:31","modified_gmt":"2020-02-21T14:21:31","slug":"coneeagri","status":"publish","type":"page","link":"https:\/\/wp.ufpel.edu.br\/petea\/extensao\/coneeagri\/","title":{"rendered":"CONEEAGRI"},"content":{"rendered":"<p>O Congresso Nacional dos Estudantes de Engenharia Agr\u00edcola e Engenharia Agr\u00edcola e Ambiental (CONEEAGRI) \u00e9 promovido anualmente pela Federa\u00e7\u00e3o Brasileira dos Estudantes de Engenharia Agr\u00edcola (FEEAGRI), reunindo a classe estudantil dos dois cursos, a fim de proporcionar a integra\u00e7\u00e3o entre as universidades e discuss\u00f5es pol\u00edticas, cient\u00edficas e acad\u00eamicas.<\/p>\n<p>No ano de 2019, o XXXII aconteceu na cidade de Pelotas, entre os dias 05 e 12 de outubro, sendo organizado pelo PET \u2013 Engenharia Agr\u00edcola em parceria com o Diret\u00f3rio Acad\u00eamico, reunindo 56 estudantes de diversos estados do pa\u00eds, como Paran\u00e1, S\u00e3o Paulo, Rio de Janeiro, dentre outras. Durante o evento, foram realizadas quatro visitas t\u00e9cnicas, dez palestras, quatro minicursos, apresenta\u00e7\u00f5es de trabalho e momentos de integra\u00e7\u00e3o entre os congressistas.<\/p>\n<p>O projeto proporcionou uma nova experi\u00eancia em rela\u00e7\u00e3o ao trabalho em conjunto entre os grupos, fornecendo novas experi\u00eancias de trabalho com pessoas que carregam perfis totalmente diferentes, resultando em um belo evento e conseguindo deste modo atingir os objetivos propostos para o projeto.<\/p>\n<p class=\"jetpack-slideshow-noscript robots-nocontent\">Este slideshow necessita de JavaScript.<\/p><div id=\"gallery-1811-1-slideshow\" class=\"jetpack-slideshow-window jetpack-slideshow jetpack-slideshow-black\" data-trans=\"fade\" data-autostart=\"1\" data-gallery=\"[{&quot;src&quot;:&quot;https:\\\/\\\/wp.ufpel.edu.br\\\/petea\\\/files\\\/2020\\\/02\\\/WhatsApp-Image-2020-02-21-at-11.07.05-768x1024.jpeg&quot;,&quot;id&quot;:&quot;1838&quot;,&quot;title&quot;:&quot;WhatsApp Image 2020-02-21 at 11.07.05&quot;,&quot;alt&quot;:&quot;&quot;,&quot;caption&quot;:&quot;&quot;,&quot;itemprop&quot;:&quot;image&quot;},{&quot;src&quot;:&quot;https:\\\/\\\/wp.ufpel.edu.br\\\/petea\\\/files\\\/2020\\\/02\\\/WhatsApp-Image-2020-02-21-at-11.10.07-768x1024.jpeg&quot;,&quot;id&quot;:&quot;1833&quot;,&quot;title&quot;:&quot;WhatsApp Image 2020-02-21 at 11.10.07&quot;,&quot;alt&quot;:&quot;&quot;,&quot;caption&quot;:&quot;&quot;,&quot;itemprop&quot;:&quot;image&quot;},{&quot;src&quot;:&quot;https:\\\/\\\/wp.ufpel.edu.br\\\/petea\\\/files\\\/2020\\\/02\\\/WhatsApp-Image-2020-02-21-at-11.09.51-1024x768.jpeg&quot;,&quot;id&quot;:&quot;1835&quot;,&quot;title&quot;:&quot;WhatsApp Image 2020-02-21 at 11.09.51&quot;,&quot;alt&quot;:&quot;&quot;,&quot;caption&quot;:&quot;&quot;,&quot;itemprop&quot;:&quot;image&quot;},{&quot;src&quot;:&quot;https:\\\/\\\/wp.ufpel.edu.br\\\/petea\\\/files\\\/2020\\\/02\\\/WhatsApp-Image-2020-02-21-at-11.07.59-1024x768.jpeg&quot;,&quot;id&quot;:&quot;1837&quot;,&quot;title&quot;:&quot;WhatsApp Image 2020-02-21 at 11.07.59&quot;,&quot;alt&quot;:&quot;&quot;,&quot;caption&quot;:&quot;&quot;,&quot;itemprop&quot;:&quot;image&quot;},{&quot;src&quot;:&quot;https:\\\/\\\/wp.ufpel.edu.br\\\/petea\\\/files\\\/2020\\\/02\\\/WhatsApp-Image-2020-02-21-at-11.14.24-1024x768.jpeg&quot;,&quot;id&quot;:&quot;1832&quot;,&quot;title&quot;:&quot;WhatsApp Image 2020-02-21 at 11.14.24&quot;,&quot;alt&quot;:&quot;&quot;,&quot;caption&quot;:&quot;&quot;,&quot;itemprop&quot;:&quot;image&quot;},{&quot;src&quot;:&quot;https:\\\/\\\/wp.ufpel.edu.br\\\/petea\\\/files\\\/2020\\\/02\\\/WhatsApp-Image-2020-02-21-at-11.08.53-1024x768.jpeg&quot;,&quot;id&quot;:&quot;1836&quot;,&quot;title&quot;:&quot;WhatsApp Image 2020-02-21 at 11.08.53&quot;,&quot;alt&quot;:&quot;&quot;,&quot;caption&quot;:&quot;&quot;,&quot;itemprop&quot;:&quot;image&quot;}]\" itemscope itemtype=\"https:\/\/schema.org\/ImageGallery\"><\/div>\n","protected":false},"excerpt":{"rendered":"<p>O Congresso Nacional dos Estudantes de Engenharia Agr\u00edcola e Engenharia Agr\u00edcola e Ambiental (CONEEAGRI) \u00e9 promovido anualmente pela Federa\u00e7\u00e3o Brasileira dos Estudantes de Engenharia Agr\u00edcola (FEEAGRI), reunindo a classe estudantil dos dois cursos, a fim de proporcionar a integra\u00e7\u00e3o entre as universidades e discuss\u00f5es pol\u00edticas, cient\u00edficas e acad\u00eamicas. No ano de 2019, o XXXII aconteceu &hellip; <\/p>\n<p><a class=\"more-link btn\" href=\"https:\/\/wp.ufpel.edu.br\/petea\/extensao\/coneeagri\/\">Continue lendo<\/a><\/p>\n","protected":false},"author":512,"featured_media":0,"parent":24,"menu_order":2,"comment_status":"closed","ping_status":"closed","template":"","meta":{"jetpack_post_was_ever_published":false,"footnotes":""},"class_list":["post-1811","page","type-page","status-publish","hentry","nodate","item-wrap"],"jetpack_sharing_enabled":true,"jetpack_shortlink":"https:\/\/wp.me\/P6dZ8h-td","_links":{"self":[{"href":"https:\/\/wp.ufpel.edu.br\/petea\/wp-json\/wp\/v2\/pages\/1811","targetHints":{"allow":["GET"]}}],"collection":[{"href":"https:\/\/wp.ufpel.edu.br\/petea\/wp-json\/wp\/v2\/pages"}],"about":[{"href":"https:\/\/wp.ufpel.edu.br\/petea\/wp-json\/wp\/v2\/types\/page"}],"author":[{"embeddable":true,"href":"https:\/\/wp.ufpel.edu.br\/petea\/wp-json\/wp\/v2\/users\/512"}],"replies":[{"embeddable":true,"href":"https:\/\/wp.ufpel.edu.br\/petea\/wp-json\/wp\/v2\/comments?post=1811"}],"version-history":[{"count":3,"href":"https:\/\/wp.ufpel.edu.br\/petea\/wp-json\/wp\/v2\/pages\/1811\/revisions"}],"predecessor-version":[{"id":1839,"href":"https:\/\/wp.ufpel.edu.br\/petea\/wp-json\/wp\/v2\/pages\/1811\/revisions\/1839"}],"up":[{"embeddable":true,"href":"https:\/\/wp.ufpel.edu.br\/petea\/wp-json\/wp\/v2\/pages\/24"}],"wp:attachment":[{"href":"https:\/\/wp.ufpel.edu.br\/petea\/wp-json\/wp\/v2\/media?parent=1811"}],"curies":[{"name":"wp","href":"https:\/\/api.w.org\/{rel}","templated":true}]}}