{"id":1731,"date":"2020-02-13T14:09:10","date_gmt":"2020-02-13T17:09:10","guid":{"rendered":"https:\/\/wp.ufpel.edu.br\/petea\/?page_id=1731"},"modified":"2024-04-14T20:16:29","modified_gmt":"2024-04-14T23:16:29","slug":"1731-2","status":"publish","type":"page","link":"https:\/\/wp.ufpel.edu.br\/petea\/1731-2\/","title":{"rendered":"Guia do aluno"},"content":{"rendered":"<p>Caro Ingressante,<\/p>\n<p>Para que voc\u00ea consiga aproveitar as oportunidades e experi\u00eancias que sua nova casa oferece, o grupo <a href=\"https:\/\/wp.ufpel.edu.br\/petea\/\">PET \u2013 EA<\/a>, reuniu as principais informa\u00e7\u00f5es que todo calouro e caloura da agr\u00edcola precisa conhecer para que possa aproveitar todas as possibilidades que o curso tem para te oferecer.<\/p>\n<p>Qualquer d\u00favida, estamos a disposi\u00e7\u00e3o atrav\u00e9s dos nossos contatos.<\/p>\n<p><a href=\"https:\/\/wp.ufpel.edu.br\/petea\/files\/2024\/04\/Manual-do-ingressante-2024_1.docx.pdf\">Manual do ingressante 2024_1.<\/a><\/p>\n","protected":false},"excerpt":{"rendered":"<p>Caro Ingressante, Para que voc\u00ea consiga aproveitar as oportunidades e experi\u00eancias que sua nova casa oferece, o grupo PET \u2013 EA, reuniu as principais informa\u00e7\u00f5es que todo calouro e caloura da agr\u00edcola precisa conhecer para que possa aproveitar todas as possibilidades que o curso tem para te oferecer. Qualquer d\u00favida, estamos a disposi\u00e7\u00e3o atrav\u00e9s dos &hellip; <\/p>\n<p><a class=\"more-link btn\" href=\"https:\/\/wp.ufpel.edu.br\/petea\/1731-2\/\">Continue lendo<\/a><\/p>\n","protected":false},"author":512,"featured_media":0,"parent":0,"menu_order":8,"comment_status":"closed","ping_status":"closed","template":"","meta":{"jetpack_post_was_ever_published":false,"footnotes":""},"class_list":["post-1731","page","type-page","status-publish","hentry","nodate","item-wrap"],"jetpack_sharing_enabled":true,"jetpack_shortlink":"https:\/\/wp.me\/P6dZ8h-rV","_links":{"self":[{"href":"https:\/\/wp.ufpel.edu.br\/petea\/wp-json\/wp\/v2\/pages\/1731","targetHints":{"allow":["GET"]}}],"collection":[{"href":"https:\/\/wp.ufpel.edu.br\/petea\/wp-json\/wp\/v2\/pages"}],"about":[{"href":"https:\/\/wp.ufpel.edu.br\/petea\/wp-json\/wp\/v2\/types\/page"}],"author":[{"embeddable":true,"href":"https:\/\/wp.ufpel.edu.br\/petea\/wp-json\/wp\/v2\/users\/512"}],"replies":[{"embeddable":true,"href":"https:\/\/wp.ufpel.edu.br\/petea\/wp-json\/wp\/v2\/comments?post=1731"}],"version-history":[{"count":16,"href":"https:\/\/wp.ufpel.edu.br\/petea\/wp-json\/wp\/v2\/pages\/1731\/revisions"}],"predecessor-version":[{"id":2999,"href":"https:\/\/wp.ufpel.edu.br\/petea\/wp-json\/wp\/v2\/pages\/1731\/revisions\/2999"}],"wp:attachment":[{"href":"https:\/\/wp.ufpel.edu.br\/petea\/wp-json\/wp\/v2\/media?parent=1731"}],"curies":[{"name":"wp","href":"https:\/\/api.w.org\/{rel}","templated":true}]}}