{"id":44,"date":"2014-03-05T03:51:25","date_gmt":"2014-03-05T06:51:25","guid":{"rendered":"https:\/\/wp.ufpel.edu.br\/petdiversidade\/?page_id=44"},"modified":"2017-03-24T18:12:46","modified_gmt":"2017-03-24T21:12:46","slug":"links-uteis","status":"publish","type":"page","link":"https:\/\/wp.ufpel.edu.br\/petdiversidade\/links-uteis\/","title":{"rendered":"Links \u00dateis"},"content":{"rendered":"<p><a href=\"https:\/\/www.mec.gov.br\/\" target=\"_blank\">Portal do MEC<\/a><br \/>\n<a href=\"http:\/\/www.ufpel.edu.br\" target=\"_blank\">Portal da UFPel<\/a><br \/>\n<a href=\"https:\/\/wp.ufpel.edu.br\/prg\/\" target=\"_blank\">Portal da Pr\u00f3-Reitoria de Gradua\u00e7\u00e3o UFPel<\/a><br \/>\n<a href=\"https:\/\/petgape.wordpress.com\/\" target=\"_blank\">Site do GAPE\/UFPel<\/a><br \/>\n<a href=\"http:\/\/petfaem.wixsite.com\/petfaem\" target=\"_blank\">Site do PET Agronomia<\/a><br \/>\n<a href=\"http:\/\/petfaurb.wixsite.com\/petfaurb\" target=\"_blank\">Site do PET Arquitetura<\/a><br \/>\n<a href=\"https:\/\/petartesufpel.wordpress.com\/\" target=\"_blank\">Site do PET Artes Visuais<\/a><br \/>\n<a href=\"http:\/\/pet.inf.ufpel.edu.br\/site\/\" target=\"_blank\">Site do PET Computa\u00e7\u00e3o<\/a><br \/>\n<a href=\"http:\/\/pet-cr-escer.blogspot.com.br\/\" target=\"_blank\">Site do PET Conserva\u00e7\u00e3o e Restauro<\/a><br \/>\n<a href=\"http:\/\/petesefufpel.blogspot.com.br\/\" target=\"_blank\">Site do PET Educa\u00e7\u00e3o F\u00edsica<\/a><br \/>\n<a href=\"https:\/\/wp.ufpel.edu.br\/petea\/\" target=\"_blank\">Site do PET Engenharia Agr\u00edcola<\/a><br \/>\n<a href=\"https:\/\/wp.ufpel.edu.br\/pethidrica\/\" target=\"_blank\">Site do PET Engenharia H\u00eddrica<\/a><br \/>\n<a href=\"https:\/\/wp.ufpel.edu.br\/petfisica\/\" target=\"_blank\">Site do PET F\u00edsica<\/a><br \/>\n<a href=\"https:\/\/wp.ufpel.edu.br\/petmeteorologia\/\" target=\"_blank\">Site do PET Meteorologia<\/a><br \/>\n<a href=\"https:\/\/petodontoufpel.wordpress.com\/\" target=\"_blank\">Site do PET Odontologia<\/a><br \/>\n<a href=\"http:\/\/peteducacao.blogspot.com.br\/\" target=\"_blank\">Site do PET Educa\u00e7\u00e3o<\/a><br \/>\n<a href=\"http:\/\/pet-saberes-e-praticas-populares1.webnode.com\/\" target=\"_blank\">Site do PET Fronteiras<\/a><\/p>\n","protected":false},"excerpt":{"rendered":"<p>Portal do MEC Portal da UFPel Portal da Pr\u00f3-Reitoria de Gradua\u00e7\u00e3o UFPel Site do GAPE\/UFPel Site do PET Agronomia Site do PET Arquitetura Site do PET Artes Visuais Site do PET Computa\u00e7\u00e3o Site do PET Conserva\u00e7\u00e3o e Restauro Site do&#8230; <a class=\"more-link\" href=\"https:\/\/wp.ufpel.edu.br\/petdiversidade\/links-uteis\/\">Continue lendo &rarr;<\/a><\/p>\n","protected":false},"author":365,"featured_media":0,"parent":0,"menu_order":6,"comment_status":"closed","ping_status":"closed","template":"","meta":{"footnotes":""},"class_list":["post-44","page","type-page","status-publish","hentry"],"_links":{"self":[{"href":"https:\/\/wp.ufpel.edu.br\/petdiversidade\/wp-json\/wp\/v2\/pages\/44","targetHints":{"allow":["GET"]}}],"collection":[{"href":"https:\/\/wp.ufpel.edu.br\/petdiversidade\/wp-json\/wp\/v2\/pages"}],"about":[{"href":"https:\/\/wp.ufpel.edu.br\/petdiversidade\/wp-json\/wp\/v2\/types\/page"}],"author":[{"embeddable":true,"href":"https:\/\/wp.ufpel.edu.br\/petdiversidade\/wp-json\/wp\/v2\/users\/365"}],"replies":[{"embeddable":true,"href":"https:\/\/wp.ufpel.edu.br\/petdiversidade\/wp-json\/wp\/v2\/comments?post=44"}],"version-history":[{"count":4,"href":"https:\/\/wp.ufpel.edu.br\/petdiversidade\/wp-json\/wp\/v2\/pages\/44\/revisions"}],"predecessor-version":[{"id":294,"href":"https:\/\/wp.ufpel.edu.br\/petdiversidade\/wp-json\/wp\/v2\/pages\/44\/revisions\/294"}],"wp:attachment":[{"href":"https:\/\/wp.ufpel.edu.br\/petdiversidade\/wp-json\/wp\/v2\/media?parent=44"}],"curies":[{"name":"wp","href":"https:\/\/api.w.org\/{rel}","templated":true}]}}