{"id":151,"date":"2017-03-09T14:14:04","date_gmt":"2017-03-09T17:14:04","guid":{"rendered":"https:\/\/wp.ufpel.edu.br\/petdiversidade\/?page_id=151"},"modified":"2023-03-06T22:37:55","modified_gmt":"2023-03-07T01:37:55","slug":"lorena-almeida-gill","status":"publish","type":"page","link":"https:\/\/wp.ufpel.edu.br\/petdiversidade\/lorena-almeida-gill\/","title":{"rendered":"Tutora Lorena Almeida Gill &#8211;  Tutora at\u00e9 fevereiro\/2023"},"content":{"rendered":"<div id=\"attachment_189\" style=\"width: 188px\" class=\"wp-caption alignleft\"><img loading=\"lazy\" decoding=\"async\" aria-describedby=\"caption-attachment-189\" class=\"wp-image-189\" style=\"text-align: justify;\" src=\"https:\/\/wp.ufpel.edu.br\/petdiversidade\/files\/2017\/03\/lorenagill-126x159.jpg\" alt=\"\" width=\"178\" height=\"225\" srcset=\"https:\/\/wp.ufpel.edu.br\/petdiversidade\/files\/2017\/03\/lorenagill-126x159.jpg 126w, https:\/\/wp.ufpel.edu.br\/petdiversidade\/files\/2017\/03\/lorenagill.jpg 200w\" sizes=\"auto, (max-width: 178px) 100vw, 178px\" \/><p id=\"caption-attachment-189\" class=\"wp-caption-text\"><span style=\"font-size: 14pt;\"><strong>Lorena Almeida Gill<\/strong><\/span><\/p><\/div>\n<p style=\"text-align: justify;\">Possui Gradua\u00e7\u00e3o em Hist\u00f3ria pela Universidade Federal de Pelotas (1988), Mestrado (1998) e Doutorado em Hist\u00f3ria pela Pontif\u00edcia Universidade Cat\u00f3lica do\u00a0\u00a0\u00a0 Rio Grande do Sul (2004). Realizou o seu P\u00f3s-Do<span style=\"text-align: justify;\">utorado junto a Universit\u00e0 Degli Studi di Siena, It\u00e1lia (2008-2009). \u00c9 professora Associada da Universidade Federal de Pelotas, do Departamento de Hist\u00f3ria. Tem experi\u00eancia na \u00e1rea de Hist\u00f3ria, com \u00eanfase em Hist\u00f3ria Contempor\u00e2nea, atuando principalmente nos seguintes temas: constru\u00e7\u00e3o de narrativas, <\/span><span style=\"text-align: justify;\">mundos do trabalho e sa\u00fade e doen\u00e7a. Coordena o N\u00facleo de Documenta\u00e7\u00e3o Hist\u00f3rica e o Laborat\u00f3rio de Hist\u00f3ria Oral do ICH\/UFPel. \u00c9 membro da Associa\u00e7\u00e3o Brasileira de Hist\u00f3ria Oral (ABHO), tendo sido sua diretora regional sul entre os anos de 2010-2012. Faz parte do corpo docente permanente do Mestrado em Sociologia e do Mestrado em Hist\u00f3ria. Foi Diretora de P\u00f3s-Gradua\u00e7\u00e3o da UFPel e atualmente \u00e9 Vice-Diretora do Instituto de Ci\u00eancias Humanas e Assessora da Vice-Reitoria. Atua como <\/span><span style=\"text-align: justify;\">Tutora do PET \u2013 Conex\u00f5es de Saberes, cujo tema central \u00e9 Diversidade e Toler\u00e2ncia.<\/span><\/p>\n<p><a href=\"http:\/\/lattes.cnpq.br\/6761690884628276\" target=\"_blank\" rel=\"noopener noreferrer\">Curr\u00edculo Lattes<\/a><\/p>\n<p><strong>Fale com a Tutora<\/strong><\/p>\n\n<div class=\"wpcf7 no-js\" id=\"wpcf7-f185-o1\" lang=\"pt-BR\" dir=\"ltr\" data-wpcf7-id=\"185\">\n<div class=\"screen-reader-response\"><p role=\"status\" aria-live=\"polite\" aria-atomic=\"true\"><\/p> <ul><\/ul><\/div>\n<form action=\"\/petdiversidade\/wp-json\/wp\/v2\/pages\/151#wpcf7-f185-o1\" method=\"post\" class=\"wpcf7-form init\" aria-label=\"Formul\u00e1rios de contato\" novalidate=\"novalidate\" data-status=\"init\">\n<fieldset class=\"hidden-fields-container\"><input type=\"hidden\" name=\"_wpcf7\" value=\"185\" \/><input type=\"hidden\" name=\"_wpcf7_version\" value=\"6.1.4\" \/><input type=\"hidden\" name=\"_wpcf7_locale\" value=\"pt_BR\" \/><input type=\"hidden\" name=\"_wpcf7_unit_tag\" value=\"wpcf7-f185-o1\" \/><input type=\"hidden\" name=\"_wpcf7_container_post\" value=\"0\" \/><input type=\"hidden\" name=\"_wpcf7_posted_data_hash\" value=\"\" \/>\n<\/fieldset>\n<p><label> Seu nome (obrigat\u00f3rio)<br \/>\n<span class=\"wpcf7-form-control-wrap\" data-name=\"your-name\"><input size=\"40\" maxlength=\"400\" class=\"wpcf7-form-control wpcf7-text wpcf7-validates-as-required\" aria-required=\"true\" aria-invalid=\"false\" value=\"\" type=\"text\" name=\"your-name\" \/><\/span> <\/label>\n<\/p>\n<p><label> Seu e-mail (obrigat\u00f3rio)<br \/>\n<span class=\"wpcf7-form-control-wrap\" data-name=\"your-email\"><input size=\"40\" maxlength=\"400\" class=\"wpcf7-form-control wpcf7-email wpcf7-validates-as-required wpcf7-text wpcf7-validates-as-email\" aria-required=\"true\" aria-invalid=\"false\" value=\"\" type=\"email\" name=\"your-email\" \/><\/span> <\/label>\n<\/p>\n<p><label> Assunto<br \/>\n<span class=\"wpcf7-form-control-wrap\" data-name=\"your-subject\"><input size=\"40\" maxlength=\"400\" class=\"wpcf7-form-control wpcf7-text\" aria-invalid=\"false\" value=\"\" type=\"text\" name=\"your-subject\" \/><\/span> <\/label>\n<\/p>\n<p><label> Sua mensagem<br \/>\n<span class=\"wpcf7-form-control-wrap\" data-name=\"your-message\"><textarea cols=\"40\" rows=\"10\" maxlength=\"2000\" class=\"wpcf7-form-control wpcf7-textarea\" aria-invalid=\"false\" name=\"your-message\"><\/textarea><\/span> <\/label>\n<\/p>\n<p><input class=\"wpcf7-form-control wpcf7-submit has-spinner\" type=\"submit\" value=\"Enviar\" \/>\n<\/p><p style=\"display: none !important;\" class=\"akismet-fields-container\" data-prefix=\"_wpcf7_ak_\"><label>&#916;<textarea name=\"_wpcf7_ak_hp_textarea\" cols=\"45\" rows=\"8\" maxlength=\"100\"><\/textarea><\/label><input type=\"hidden\" id=\"ak_js_1\" name=\"_wpcf7_ak_js\" value=\"136\"\/><script>document.getElementById( \"ak_js_1\" ).setAttribute( \"value\", ( new Date() ).getTime() );<\/script><\/p><div class=\"wpcf7-response-output\" aria-hidden=\"true\"><\/div>\n<\/form>\n<\/div>\n\n","protected":false},"excerpt":{"rendered":"<p>Possui Gradua\u00e7\u00e3o em Hist\u00f3ria pela Universidade Federal de Pelotas (1988), Mestrado (1998) e Doutorado em Hist\u00f3ria pela Pontif\u00edcia Universidade Cat\u00f3lica do\u00a0\u00a0\u00a0 Rio Grande do Sul (2004). Realizou o seu P\u00f3s-Doutorado junto a Universit\u00e0 Degli Studi di Siena, It\u00e1lia (2008-2009). \u00c9&#8230; <a class=\"more-link\" href=\"https:\/\/wp.ufpel.edu.br\/petdiversidade\/lorena-almeida-gill\/\">Continue lendo &rarr;<\/a><\/p>\n","protected":false},"author":365,"featured_media":0,"parent":0,"menu_order":0,"comment_status":"closed","ping_status":"closed","template":"","meta":{"footnotes":""},"class_list":["post-151","page","type-page","status-publish","hentry"],"_links":{"self":[{"href":"https:\/\/wp.ufpel.edu.br\/petdiversidade\/wp-json\/wp\/v2\/pages\/151","targetHints":{"allow":["GET"]}}],"collection":[{"href":"https:\/\/wp.ufpel.edu.br\/petdiversidade\/wp-json\/wp\/v2\/pages"}],"about":[{"href":"https:\/\/wp.ufpel.edu.br\/petdiversidade\/wp-json\/wp\/v2\/types\/page"}],"author":[{"embeddable":true,"href":"https:\/\/wp.ufpel.edu.br\/petdiversidade\/wp-json\/wp\/v2\/users\/365"}],"replies":[{"embeddable":true,"href":"https:\/\/wp.ufpel.edu.br\/petdiversidade\/wp-json\/wp\/v2\/comments?post=151"}],"version-history":[{"count":12,"href":"https:\/\/wp.ufpel.edu.br\/petdiversidade\/wp-json\/wp\/v2\/pages\/151\/revisions"}],"predecessor-version":[{"id":1293,"href":"https:\/\/wp.ufpel.edu.br\/petdiversidade\/wp-json\/wp\/v2\/pages\/151\/revisions\/1293"}],"wp:attachment":[{"href":"https:\/\/wp.ufpel.edu.br\/petdiversidade\/wp-json\/wp\/v2\/media?parent=151"}],"curies":[{"name":"wp","href":"https:\/\/api.w.org\/{rel}","templated":true}]}}