{"id":1379,"date":"2023-07-01T14:33:13","date_gmt":"2023-07-01T17:33:13","guid":{"rendered":"https:\/\/wp.ufpel.edu.br\/petdiversidade\/?page_id=1379"},"modified":"2026-08-15T22:44:03","modified_gmt":"2026-08-16T01:44:03","slug":"jornal-conectando-saberes","status":"publish","type":"page","link":"https:\/\/wp.ufpel.edu.br\/petdiversidade\/jornal-conectando-saberes\/","title":{"rendered":"Jornal"},"content":{"rendered":"<p><strong><span style=\"font-family: 'trebuchet ms', geneva, sans-serif; font-size: 14pt;\">Edi\u00e7\u00f5es do Jornal Conectando saberes<\/span><\/strong><\/p>\n<p><span style=\"font-size: 12pt;\"><a href=\"https:\/\/wp.ufpel.edu.br\/petdiversidade\/files\/2026\/08\/jornal-33d.pdf\">33\u00b0 Edi\u00e7\u00e3o<\/a> &#8211; Entre ruinas e sobreviv\u00eancia: Genoc\u00eddio na faixa de Gaza<\/span><\/p>\n<p><span style=\"font-family: helvetica, arial, sans-serif; font-size: 12pt;\"><a href=\"https:\/\/wp.ufpel.edu.br\/petdiversidade\/files\/2025\/01\/jornal-ed.-32-1-compactado.pdf\" target=\"_blank\" rel=\"noopener\">32\u00aa Edi\u00e7\u00e3o<\/a> &#8211; Quando a natureza cobra seu pre\u00e7o: As enchentes no Rio Grande do Sul<\/span><\/p>\n<p><span style=\"font-family: helvetica, arial, sans-serif; font-size: 12pt;\"><a href=\"https:\/\/wp.ufpel.edu.br\/petdiversidade\/files\/2023\/08\/31a-Ed-Jornal.pdf\" target=\"_blank\" rel=\"noopener\">31\u00aa Edi\u00e7\u00e3o<\/a> &#8211; Desembrulhando a destrui\u00e7\u00e3o: Qual Brasil depois desses quatro anos?<\/span><\/p>\n<p><span style=\"font-family: helvetica, arial, sans-serif; font-size: 12pt;\"><a href=\"https:\/\/wp.ufpel.edu.br\/petdiversidade\/files\/2022\/11\/Jornal-Conectando-Saberes-30a-edicao-Cartas-para-o-Futuro.pdf\">30\u00aa Edi\u00e7\u00e3o<\/a> &#8211; Cartas para o futuro<\/span><\/p>\n<p><span style=\"font-family: helvetica, arial, sans-serif; font-size: 12pt;\"><a href=\"https:\/\/wp.ufpel.edu.br\/petdiversidade\/files\/2022\/09\/7.-29a-Edicao-Semana-de-Arte-Moderna-Cem-Anos-Jornal-Conectando-Saberes.pdf\">29\u00aa Edi\u00e7\u00e3o<\/a> &#8211; Semana de arte moderna &#8211; Cem anos<\/span><\/p>\n<p><span style=\"font-family: helvetica, arial, sans-serif; font-size: 12pt;\"><a href=\"https:\/\/wp.ufpel.edu.br\/petdiversidade\/files\/2022\/04\/6.Jornal-Conectando-Saberes-28a-edicao-Cidadania-e-Voto.pdf\">28\u00aa Edi\u00e7\u00e3o<\/a> &#8211; Cidadania e voto<\/span><\/p>\n<p><span style=\"font-family: helvetica, arial, sans-serif; font-size: 12pt;\"><a href=\"https:\/\/wp.ufpel.edu.br\/petdiversidade\/files\/2021\/10\/Jornal-Conectando-Saberes-27-EDICAO-Diversidade-e-Cultura.pdf\">27\u00aa Edi\u00e7\u00e3o<\/a> &#8211; Cinema, literatura, artistas e pandemia<\/span><\/p>\n<p><span style=\"font-family: helvetica, arial, sans-serif; font-size: 12pt;\"><a href=\"https:\/\/wp.ufpel.edu.br\/petdiversidade\/files\/2026\/08\/Edicao-26-Jornal-PET-DT.pdf\">26\u00aa Edi\u00e7\u00e3o<\/a> &#8211; Orgulhe-se LGBTQIAP+<\/span><\/p>\n<p><span style=\"font-family: helvetica, arial, sans-serif; font-size: 12pt;\"><a href=\"https:\/\/wp.ufpel.edu.br\/petdiversidade\/files\/2026\/08\/Edicao-25-Jornal-PET-DT.pdf\">25\u00aa Edi\u00e7\u00e3o<\/a> &#8211; Nossas mulheres<\/span><\/p>\n<p><span style=\"font-family: helvetica, arial, sans-serif; font-size: 12pt;\"><a href=\"https:\/\/wp.ufpel.edu.br\/petdiversidade\/files\/2020\/12\/Jornal-Conectando-Saberes_-Vidas-Negras-Importam-_-24o-edicao.pdf\">24\u00aa Edi\u00e7\u00e3o<\/a> &#8211; Vidas negras importam<\/span><\/p>\n<p><span style=\"font-family: helvetica, arial, sans-serif; font-size: 12pt;\"><a href=\"https:\/\/wp.ufpel.edu.br\/petdiversidade\/files\/2020\/05\/Jornal-Conectando-Saberes.pdf\">22\u00aa Edi\u00e7\u00e3o <\/a>&#8211; Mantenha uma alimenta\u00e7\u00e3o saud\u00e1vel<\/span><\/p>\n<p><span style=\"font-family: helvetica, arial, sans-serif; font-size: 12pt;\"><a href=\"https:\/\/wp.ufpel.edu.br\/petdiversidade\/files\/2023\/11\/EDICAO_III_ANO_I.pdf\" target=\"_blank\" rel=\"noopener\">3\u00aa Edi\u00e7\u00e3o<\/a> &#8211; Av\u00f4, um pai duas vezes<\/span><\/p>\n","protected":false},"excerpt":{"rendered":"<p>Edi\u00e7\u00f5es do Jornal Conectando saberes 33\u00b0 Edi\u00e7\u00e3o &#8211; Entre ruinas e sobreviv\u00eancia: Genoc\u00eddio na faixa de Gaza 32\u00aa Edi\u00e7\u00e3o &#8211; Quando a natureza cobra seu pre\u00e7o: As enchentes no Rio Grande do Sul 31\u00aa Edi\u00e7\u00e3o &#8211; Desembrulhando a destrui\u00e7\u00e3o: Qual Brasil depois desses quatro anos? 30\u00aa Edi\u00e7\u00e3o &#8211; Cartas para o futuro 29\u00aa Edi\u00e7\u00e3o &#8211; [&hellip;]<\/p>\n","protected":false},"author":365,"featured_media":0,"parent":0,"menu_order":0,"comment_status":"closed","ping_status":"closed","template":"","meta":{"footnotes":""},"class_list":["post-1379","page","type-page","status-publish","hentry"],"jetpack_sharing_enabled":true,"_links":{"self":[{"href":"https:\/\/wp.ufpel.edu.br\/petdiversidade\/wp-json\/wp\/v2\/pages\/1379","targetHints":{"allow":["GET"]}}],"collection":[{"href":"https:\/\/wp.ufpel.edu.br\/petdiversidade\/wp-json\/wp\/v2\/pages"}],"about":[{"href":"https:\/\/wp.ufpel.edu.br\/petdiversidade\/wp-json\/wp\/v2\/types\/page"}],"author":[{"embeddable":true,"href":"https:\/\/wp.ufpel.edu.br\/petdiversidade\/wp-json\/wp\/v2\/users\/365"}],"replies":[{"embeddable":true,"href":"https:\/\/wp.ufpel.edu.br\/petdiversidade\/wp-json\/wp\/v2\/comments?post=1379"}],"version-history":[{"count":4,"href":"https:\/\/wp.ufpel.edu.br\/petdiversidade\/wp-json\/wp\/v2\/pages\/1379\/revisions"}],"predecessor-version":[{"id":1824,"href":"https:\/\/wp.ufpel.edu.br\/petdiversidade\/wp-json\/wp\/v2\/pages\/1379\/revisions\/1824"}],"wp:attachment":[{"href":"https:\/\/wp.ufpel.edu.br\/petdiversidade\/wp-json\/wp\/v2\/media?parent=1379"}],"curies":[{"name":"wp","href":"https:\/\/api.w.org\/{rel}","templated":true}]}}

<p><strong><span style="font-family: 'trebuchet ms', geneva, sans-serif; font-size: 14pt;">Edições do Jornal Conectando saberes</span></strong></p>
<p><span style="font-size: 12pt;"><a href="https://wp.ufpel.edu.br/petdiversidade/files/2026/08/jornal-33d.pdf">33° Edição</a> &#8211; Entre ruinas e sobrevivência: Genocídio na faixa de Gaza</span></p>
<p><span style="font-family: helvetica, arial, sans-serif; font-size: 12pt;"><a href="https://wp.ufpel.edu.br/petdiversidade/files/2025/01/jornal-ed.-32-1-compactado.pdf" target="_blank" rel="noopener">32ª Edição</a> &#8211; Quando a natureza cobra seu preço: As enchentes no Rio Grande do Sul</span></p>
<p><span style="font-family: helvetica, arial, sans-serif; font-size: 12pt;"><a href="https://wp.ufpel.edu.br/petdiversidade/files/2023/08/31a-Ed-Jornal.pdf" target="_blank" rel="noopener">31ª Edição</a> &#8211; Desembrulhando a destruição: Qual Brasil depois desses quatro anos?</span></p>
<p><span style="font-family: helvetica, arial, sans-serif; font-size: 12pt;"><a href="https://wp.ufpel.edu.br/petdiversidade/files/2022/11/Jornal-Conectando-Saberes-30a-edicao-Cartas-para-o-Futuro.pdf">30ª Edição</a> &#8211; Cartas para o futuro</span></p>
<p><span style="font-family: helvetica, arial, sans-serif; font-size: 12pt;"><a href="https://wp.ufpel.edu.br/petdiversidade/files/2022/09/7.-29a-Edicao-Semana-de-Arte-Moderna-Cem-Anos-Jornal-Conectando-Saberes.pdf">29ª Edição</a> &#8211; Semana de arte moderna &#8211; Cem anos</span></p>
<p><span style="font-family: helvetica, arial, sans-serif; font-size: 12pt;"><a href="https://wp.ufpel.edu.br/petdiversidade/files/2022/04/6.Jornal-Conectando-Saberes-28a-edicao-Cidadania-e-Voto.pdf">28ª Edição</a> &#8211; Cidadania e voto</span></p>
<p><span style="font-family: helvetica, arial, sans-serif; font-size: 12pt;"><a href="https://wp.ufpel.edu.br/petdiversidade/files/2021/10/Jornal-Conectando-Saberes-27-EDICAO-Diversidade-e-Cultura.pdf">27ª Edição</a> &#8211; Cinema, literatura, artistas e pandemia</span></p>
<p><span style="font-family: helvetica, arial, sans-serif; font-size: 12pt;"><a href="https://wp.ufpel.edu.br/petdiversidade/files/2026/08/Edicao-26-Jornal-PET-DT.pdf">26ª Edição</a> &#8211; Orgulhe-se LGBTQIAP+</span></p>
<p><span style="font-family: helvetica, arial, sans-serif; font-size: 12pt;"><a href="https://wp.ufpel.edu.br/petdiversidade/files/2026/08/Edicao-25-Jornal-PET-DT.pdf">25ª Edição</a> &#8211; Nossas mulheres</span></p>
<p><span style="font-family: helvetica, arial, sans-serif; font-size: 12pt;"><a href="https://wp.ufpel.edu.br/petdiversidade/files/2020/12/Jornal-Conectando-Saberes_-Vidas-Negras-Importam-_-24o-edicao.pdf">24ª Edição</a> &#8211; Vidas negras importam</span></p>
<p><span style="font-family: helvetica, arial, sans-serif; font-size: 12pt;"><a href="https://wp.ufpel.edu.br/petdiversidade/files/2020/05/Jornal-Conectando-Saberes.pdf">22ª Edição </a>&#8211; Mantenha uma alimentação saudável</span></p>
<p><span style="font-family: helvetica, arial, sans-serif; font-size: 12pt;"><a href="https://wp.ufpel.edu.br/petdiversidade/files/2023/11/EDICAO_III_ANO_I.pdf" target="_blank" rel="noopener">3ª Edição</a> &#8211; Avô, um pai duas vezes</span></p>

<p>Edições do Jornal Conectando saberes 33° Edição &#8211; Entre ruinas e sobrevivência: Genocídio na faixa de Gaza 32ª Edição &#8211; Quando a natureza cobra seu preço: As enchentes no Rio Grande do Sul 31ª Edição &#8211; Desembrulhando a destruição: Qual Brasil depois desses quatro anos? 30ª Edição &#8211; Cartas para o futuro 29ª Edição &#8211; [&hellip;]</p>
