{"id":99,"date":"2023-10-12T15:36:24","date_gmt":"2023-10-12T18:36:24","guid":{"rendered":"https:\/\/wp.ufpel.edu.br\/petconservacaoerestauro\/?page_id=99"},"modified":"2023-10-12T15:41:15","modified_gmt":"2023-10-12T18:41:15","slug":"15-anos-do-curso","status":"publish","type":"page","link":"https:\/\/wp.ufpel.edu.br\/petconservacaoerestauro\/eventos\/15-anos-do-curso\/","title":{"rendered":"15 Anos do Curso"},"content":{"rendered":"<p>No dia 24 de julho comemoramos os 15 anos do curso de Conserva\u00e7\u00e3o e Restaura\u00e7\u00e3o de Bens Culturais M\u00f3veis da Universidade Federal de Pelotas. A cerim\u00f4nia contou com a presen\u00e7a ilustre da Secretaria da Cultura do Rio Grande do Sul, Beatriz Ara\u00fajo, da Reitora da UFPel, Isabela Andrade, do Diretor do ICH, Sebasti\u00e3o Peres, entre outras autoridades da universidade.<\/p>\n<p id=\"viewer-7c5pu\" class=\"xVISr Y9Dpf bCMSCT OZy-3 _40ACk Ecq9kg bCMSCT public-DraftStyleDefault-block-depth0 fixed-tab-size public-DraftStyleDefault-text-ltr\"><span class=\"B2EFF public-DraftStyleDefault-ltr\">Seguem algumas imagens do evento:<\/span><\/p>\n<p>&nbsp;<\/p>\n<p><img class=\"size-medium wp-image-101 aligncenter\" src=\"https:\/\/wp.ufpel.edu.br\/petconservacaoerestauro\/files\/2023\/10\/Sem-titulo-b-225x400.png\" alt=\"\" width=\"225\" height=\"400\" srcset=\"https:\/\/wp.ufpel.edu.br\/petconservacaoerestauro\/files\/2023\/10\/Sem-titulo-b-225x400.png 225w, https:\/\/wp.ufpel.edu.br\/petconservacaoerestauro\/files\/2023\/10\/Sem-titulo-b.png 540w\" sizes=\"(max-width: 225px) 100vw, 225px\" \/><\/p>\n<p><img class=\"size-medium wp-image-103 aligncenter\" src=\"https:\/\/wp.ufpel.edu.br\/petconservacaoerestauro\/files\/2023\/10\/Sem-titulo-c-225x400.png\" alt=\"\" width=\"225\" height=\"400\" srcset=\"https:\/\/wp.ufpel.edu.br\/petconservacaoerestauro\/files\/2023\/10\/Sem-titulo-c-225x400.png 225w, https:\/\/wp.ufpel.edu.br\/petconservacaoerestauro\/files\/2023\/10\/Sem-titulo-c.png 540w\" sizes=\"(max-width: 225px) 100vw, 225px\" \/><\/p>\n<p><img class=\"size-medium wp-image-102 aligncenter\" src=\"https:\/\/wp.ufpel.edu.br\/petconservacaoerestauro\/files\/2023\/10\/Sem-titulo-a-225x400.png\" alt=\"\" width=\"225\" height=\"400\" srcset=\"https:\/\/wp.ufpel.edu.br\/petconservacaoerestauro\/files\/2023\/10\/Sem-titulo-a-225x400.png 225w, https:\/\/wp.ufpel.edu.br\/petconservacaoerestauro\/files\/2023\/10\/Sem-titulo-a.png 540w\" sizes=\"(max-width: 225px) 100vw, 225px\" \/><\/p>\n<div data-hook=\"rcv-block3\"><img class=\"size-medium wp-image-100 aligncenter\" src=\"https:\/\/wp.ufpel.edu.br\/petconservacaoerestauro\/files\/2023\/10\/2ad5c5_807bd5d418e548cda3fde1a5081a668fmv2-400x296.jpg\" alt=\"\" width=\"400\" height=\"296\" srcset=\"https:\/\/wp.ufpel.edu.br\/petconservacaoerestauro\/files\/2023\/10\/2ad5c5_807bd5d418e548cda3fde1a5081a668fmv2-400x296.jpg 400w, https:\/\/wp.ufpel.edu.br\/petconservacaoerestauro\/files\/2023\/10\/2ad5c5_807bd5d418e548cda3fde1a5081a668fmv2-1024x758.jpg 1024w, https:\/\/wp.ufpel.edu.br\/petconservacaoerestauro\/files\/2023\/10\/2ad5c5_807bd5d418e548cda3fde1a5081a668fmv2-768x568.jpg 768w, https:\/\/wp.ufpel.edu.br\/petconservacaoerestauro\/files\/2023\/10\/2ad5c5_807bd5d418e548cda3fde1a5081a668fmv2.jpg 1080w\" sizes=\"(max-width: 400px) 100vw, 400px\" \/><\/div>\n<div data-hook=\"rcv-block3\"><\/div>\n<div id=\"viewer-86bf0\" class=\"QHjDE rzoRKE\">\n<div class=\"gO6aa y8JqQg y8JqQg UAgbc OXFdk4 OXFdk4\">\n<div class=\"Q6a5A\" tabindex=\"0\" role=\"button\" data-hook=\"imageViewer\">\n<div id=\"new-image4654\" class=\"vBPBf L9OMM XHhj0\">O Grupo PET-CR agradece a presen\u00e7a de todos e deseja ao curso muitos mais anos de exist\u00eancia!<\/div>\n<\/div>\n<\/div>\n<\/div>\n","protected":false},"excerpt":{"rendered":"<p>No dia 24 de julho comemoramos os 15 anos do curso de Conserva\u00e7\u00e3o e Restaura\u00e7\u00e3o de Bens Culturais M\u00f3veis da Universidade Federal de Pelotas. A cerim\u00f4nia contou com a presen\u00e7a ilustre da Secretaria da Cultura do Rio Grande do Sul, Beatriz Ara\u00fajo, da Reitora da UFPel, Isabela Andrade, do Diretor do ICH, Sebasti\u00e3o Peres, entre [&hellip;]<\/p>\n","protected":false},"author":864,"featured_media":100,"parent":96,"menu_order":0,"comment_status":"closed","ping_status":"closed","template":"","meta":{"footnotes":""},"class_list":["post-99","page","type-page","status-publish","has-post-thumbnail","hentry"],"_links":{"self":[{"href":"https:\/\/wp.ufpel.edu.br\/petconservacaoerestauro\/wp-json\/wp\/v2\/pages\/99","targetHints":{"allow":["GET"]}}],"collection":[{"href":"https:\/\/wp.ufpel.edu.br\/petconservacaoerestauro\/wp-json\/wp\/v2\/pages"}],"about":[{"href":"https:\/\/wp.ufpel.edu.br\/petconservacaoerestauro\/wp-json\/wp\/v2\/types\/page"}],"author":[{"embeddable":true,"href":"https:\/\/wp.ufpel.edu.br\/petconservacaoerestauro\/wp-json\/wp\/v2\/users\/864"}],"replies":[{"embeddable":true,"href":"https:\/\/wp.ufpel.edu.br\/petconservacaoerestauro\/wp-json\/wp\/v2\/comments?post=99"}],"version-history":[{"count":2,"href":"https:\/\/wp.ufpel.edu.br\/petconservacaoerestauro\/wp-json\/wp\/v2\/pages\/99\/revisions"}],"predecessor-version":[{"id":105,"href":"https:\/\/wp.ufpel.edu.br\/petconservacaoerestauro\/wp-json\/wp\/v2\/pages\/99\/revisions\/105"}],"up":[{"embeddable":true,"href":"https:\/\/wp.ufpel.edu.br\/petconservacaoerestauro\/wp-json\/wp\/v2\/pages\/96"}],"wp:featuredmedia":[{"embeddable":true,"href":"https:\/\/wp.ufpel.edu.br\/petconservacaoerestauro\/wp-json\/wp\/v2\/media\/100"}],"wp:attachment":[{"href":"https:\/\/wp.ufpel.edu.br\/petconservacaoerestauro\/wp-json\/wp\/v2\/media?parent=99"}],"curies":[{"name":"wp","href":"https:\/\/api.w.org\/{rel}","templated":true}]}}