{"id":45,"date":"2023-10-12T14:00:42","date_gmt":"2023-10-12T17:00:42","guid":{"rendered":"https:\/\/wp.ufpel.edu.br\/petconservacaoerestauro\/?page_id=45"},"modified":"2025-11-26T16:24:04","modified_gmt":"2025-11-26T19:24:04","slug":"petianos-e-tutora","status":"publish","type":"page","link":"https:\/\/wp.ufpel.edu.br\/petconservacaoerestauro\/sobre\/petianos-e-tutora\/","title":{"rendered":"Petianos e Tutora"},"content":{"rendered":"<p>Nesta p\u00e1gina voc\u00ea encontrar\u00e1 todos os atuais petianos e tutorias do grupo.<\/p>\n<table style=\"border-collapse: collapse; width: 99.2224%; height: 1134px;\" border=\"1\">\n<tbody>\n<tr style=\"height: 239px;\">\n<td style=\"width: 25%; height: 239px;\">\n<p style=\"text-align: center;\"><img class=\"aligncenter wp-image-265 size-thumbnail\" src=\"https:\/\/wp.ufpel.edu.br\/petconservacaoerestauro\/files\/2023\/11\/Aline-Durval-200x200.jpg\" alt=\"\" width=\"200\" height=\"200\" \/><\/p>\n<p style=\"text-align: center;\"><span style=\"font-size: 10pt;\">Aline Duval da Cunha<\/span><\/p>\n<\/td>\n<td style=\"width: 25%; height: 239px;\"><img class=\"aligncenter wp-image-634\" style=\"text-align: center;\" src=\"https:\/\/wp.ufpel.edu.br\/petconservacaoerestauro\/files\/2025\/11\/WhatsApp-Image-2025-11-19-at-3.57.27-PM.jpg\" alt=\"\" width=\"200\" height=\"200\" srcset=\"https:\/\/wp.ufpel.edu.br\/petconservacaoerestauro\/files\/2025\/11\/WhatsApp-Image-2025-11-19-at-3.57.27-PM.jpg 494w, https:\/\/wp.ufpel.edu.br\/petconservacaoerestauro\/files\/2025\/11\/WhatsApp-Image-2025-11-19-at-3.57.27-PM-400x400.jpg 400w, https:\/\/wp.ufpel.edu.br\/petconservacaoerestauro\/files\/2025\/11\/WhatsApp-Image-2025-11-19-at-3.57.27-PM-200x200.jpg 200w\" sizes=\"(max-width: 200px) 100vw, 200px\" \/><\/p>\n<p style=\"text-align: center;\"><span class=\"a_GcMg font-feature-liga-off font-feature-clig-off font-feature-calt-off text-decoration-none text-strikethrough-none\">Bernardo Mondek Maligeri<\/span><\/p>\n<\/td>\n<td style=\"width: 25%; height: 239px; text-align: center;\"><img class=\"aligncenter wp-image-533 size-thumbnail\" src=\"https:\/\/wp.ufpel.edu.br\/petconservacaoerestauro\/files\/2024\/10\/WhatsApp-Image-2024-10-08-at-16.31.00-200x200.jpeg\" alt=\"\" width=\"200\" height=\"200\" \/><\/p>\n<p style=\"text-align: center;\"><span style=\"font-size: 10pt;\">Emanoele Marques Souza<\/span><\/p>\n<\/td>\n<td style=\"width: 25%; height: 239px; text-align: center;\"><img class=\"aligncenter wp-image-635\" style=\"text-align: center;\" src=\"https:\/\/wp.ufpel.edu.br\/petconservacaoerestauro\/files\/2025\/11\/Captura-de-tela-2025-11-19-160715.png\" alt=\"\" width=\"200\" height=\"200\" srcset=\"https:\/\/wp.ufpel.edu.br\/petconservacaoerestauro\/files\/2025\/11\/Captura-de-tela-2025-11-19-160715.png 952w, https:\/\/wp.ufpel.edu.br\/petconservacaoerestauro\/files\/2025\/11\/Captura-de-tela-2025-11-19-160715-400x400.png 400w, https:\/\/wp.ufpel.edu.br\/petconservacaoerestauro\/files\/2025\/11\/Captura-de-tela-2025-11-19-160715-200x200.png 200w, https:\/\/wp.ufpel.edu.br\/petconservacaoerestauro\/files\/2025\/11\/Captura-de-tela-2025-11-19-160715-768x768.png 768w\" sizes=\"(max-width: 200px) 100vw, 200px\" \/><\/p>\n<p style=\"text-align: center;\">Giulia Albuquerque Baleiro<\/p>\n<\/td>\n<\/tr>\n<tr style=\"height: 244px;\">\n<td style=\"width: 25%; height: 244px;\"><span style=\"font-size: 10pt;\"><img class=\"alignnone wp-image-320  aligncenter\" src=\"https:\/\/wp.ufpel.edu.br\/petconservacaoerestauro\/files\/2024\/04\/WhatsApp-Image-2024-04-02-at-1.27.57-PM-200x200.jpeg\" alt=\"\" width=\"200\" height=\"200\" srcset=\"https:\/\/wp.ufpel.edu.br\/petconservacaoerestauro\/files\/2024\/04\/WhatsApp-Image-2024-04-02-at-1.27.57-PM-200x200.jpeg 200w, https:\/\/wp.ufpel.edu.br\/petconservacaoerestauro\/files\/2024\/04\/WhatsApp-Image-2024-04-02-at-1.27.57-PM-400x400.jpeg 400w, https:\/\/wp.ufpel.edu.br\/petconservacaoerestauro\/files\/2024\/04\/WhatsApp-Image-2024-04-02-at-1.27.57-PM.jpeg 720w\" sizes=\"(max-width: 200px) 100vw, 200px\" \/><\/span><\/p>\n<p style=\"text-align: center;\"><span style=\"font-size: 10pt;\">Ingrid Lapuente Cavalheiro<\/span><\/p>\n<p style=\"text-align: center;\">\n<\/td>\n<td style=\"width: 25%; height: 244px;\"><img class=\"aligncenter  wp-image-645\" style=\"text-align: justify;\" src=\"https:\/\/wp.ufpel.edu.br\/petconservacaoerestauro\/files\/2025\/11\/WhatsApp-Image-2025-11-19-at-6.48.14-PM.jpg\" alt=\"\" width=\"200\" height=\"200\" srcset=\"https:\/\/wp.ufpel.edu.br\/petconservacaoerestauro\/files\/2025\/11\/WhatsApp-Image-2025-11-19-at-6.48.14-PM.jpg 1199w, https:\/\/wp.ufpel.edu.br\/petconservacaoerestauro\/files\/2025\/11\/WhatsApp-Image-2025-11-19-at-6.48.14-PM-400x400.jpg 400w, https:\/\/wp.ufpel.edu.br\/petconservacaoerestauro\/files\/2025\/11\/WhatsApp-Image-2025-11-19-at-6.48.14-PM-1024x1024.jpg 1024w, https:\/\/wp.ufpel.edu.br\/petconservacaoerestauro\/files\/2025\/11\/WhatsApp-Image-2025-11-19-at-6.48.14-PM-200x200.jpg 200w, https:\/\/wp.ufpel.edu.br\/petconservacaoerestauro\/files\/2025\/11\/WhatsApp-Image-2025-11-19-at-6.48.14-PM-768x768.jpg 768w\" sizes=\"(max-width: 200px) 100vw, 200px\" \/><\/p>\n<p style=\"text-align: center;\"><span style=\"font-size: 10pt;\">Jos\u00e9 Lu\u00eds Jesus <\/span><span style=\"font-size: 10pt;\">da Cunha J\u00fanior<\/span><\/p>\n<\/td>\n<td style=\"width: 25%; height: 244px;\"><img class=\"alignnone wp-image-321 size-thumbnail aligncenter\" src=\"https:\/\/wp.ufpel.edu.br\/petconservacaoerestauro\/files\/2024\/04\/WhatsApp-Image-2024-04-02-at-1.26.50-PM-200x200.jpeg\" alt=\"\" width=\"200\" height=\"200\" srcset=\"https:\/\/wp.ufpel.edu.br\/petconservacaoerestauro\/files\/2024\/04\/WhatsApp-Image-2024-04-02-at-1.26.50-PM-200x200.jpeg 200w, https:\/\/wp.ufpel.edu.br\/petconservacaoerestauro\/files\/2024\/04\/WhatsApp-Image-2024-04-02-at-1.26.50-PM-400x400.jpeg 400w, https:\/\/wp.ufpel.edu.br\/petconservacaoerestauro\/files\/2024\/04\/WhatsApp-Image-2024-04-02-at-1.26.50-PM-768x768.jpeg 768w, https:\/\/wp.ufpel.edu.br\/petconservacaoerestauro\/files\/2024\/04\/WhatsApp-Image-2024-04-02-at-1.26.50-PM.jpeg 970w\" sizes=\"(max-width: 200px) 100vw, 200px\" \/><\/p>\n<p style=\"text-align: center;\"><span style=\"font-size: 10pt;\">Ketlin Vit\u00f3ria Menegusse<\/span><\/p>\n<\/td>\n<td style=\"width: 25%; height: 244px;\"><img class=\"aligncenter wp-image-637\" src=\"https:\/\/wp.ufpel.edu.br\/petconservacaoerestauro\/files\/2025\/11\/Captura-de-tela-2025-11-19-163137.png\" alt=\"\" width=\"200\" height=\"200\" srcset=\"https:\/\/wp.ufpel.edu.br\/petconservacaoerestauro\/files\/2025\/11\/Captura-de-tela-2025-11-19-163137.png 450w, https:\/\/wp.ufpel.edu.br\/petconservacaoerestauro\/files\/2025\/11\/Captura-de-tela-2025-11-19-163137-400x400.png 400w, https:\/\/wp.ufpel.edu.br\/petconservacaoerestauro\/files\/2025\/11\/Captura-de-tela-2025-11-19-163137-200x200.png 200w\" sizes=\"(max-width: 200px) 100vw, 200px\" \/><\/p>\n<p style=\"text-align: center;\"><span style=\"font-size: 10pt;\">Laura Helena Oliveira Da Silva<\/span><\/p>\n<p style=\"text-align: center;\">\n<\/td>\n<\/tr>\n<tr style=\"height: 24px;\">\n<td style=\"width: 25%; height: 24px;\"><img class=\"aligncenter wp-image-638\" src=\"https:\/\/wp.ufpel.edu.br\/petconservacaoerestauro\/files\/2025\/11\/PET-Liziane-Lopes-Braga.jpg\" alt=\"\" width=\"200\" height=\"200\" srcset=\"https:\/\/wp.ufpel.edu.br\/petconservacaoerestauro\/files\/2025\/11\/PET-Liziane-Lopes-Braga.jpg 1520w, https:\/\/wp.ufpel.edu.br\/petconservacaoerestauro\/files\/2025\/11\/PET-Liziane-Lopes-Braga-400x400.jpg 400w, https:\/\/wp.ufpel.edu.br\/petconservacaoerestauro\/files\/2025\/11\/PET-Liziane-Lopes-Braga-1024x1024.jpg 1024w, https:\/\/wp.ufpel.edu.br\/petconservacaoerestauro\/files\/2025\/11\/PET-Liziane-Lopes-Braga-200x200.jpg 200w, https:\/\/wp.ufpel.edu.br\/petconservacaoerestauro\/files\/2025\/11\/PET-Liziane-Lopes-Braga-768x768.jpg 768w\" sizes=\"(max-width: 200px) 100vw, 200px\" \/><\/p>\n<p style=\"text-align: center;\">Liziane Lopes Braga<\/p>\n<\/td>\n<td style=\"width: 25%; height: 24px;\"><img class=\"aligncenter wp-image-564 size-thumbnail\" src=\"https:\/\/wp.ufpel.edu.br\/petconservacaoerestauro\/files\/2025\/02\/WhatsApp-Image-2025-02-11-at-13.28.46-e1739291907834-200x200.jpeg\" alt=\"\" width=\"200\" height=\"200\" \/><\/p>\n<p style=\"text-align: center;\"><span style=\"font-size: 10pt;\">Paola Loureiro Rotter<\/span><\/p>\n<\/td>\n<td style=\"width: 25%; height: 24px;\"><img class=\"aligncenter wp-image-272 size-thumbnail\" src=\"https:\/\/wp.ufpel.edu.br\/petconservacaoerestauro\/files\/2023\/11\/Yolanda-Almaraz-200x200.jpg\" alt=\"\" width=\"200\" height=\"200\" \/><\/p>\n<p style=\"text-align: center;\"><span style=\"font-size: 10pt;\">Saywa Yolanda Almaraz Flores<\/span><\/p>\n<\/td>\n<td style=\"width: 25%; height: 24px;\"><img class=\"aligncenter wp-image-633\" style=\"text-align: center;\" src=\"https:\/\/wp.ufpel.edu.br\/petconservacaoerestauro\/files\/2025\/11\/WhatsApp-Image-2025-11-19-at-3.55.20-PM.jpg\" alt=\"\" width=\"200\" height=\"200\" srcset=\"https:\/\/wp.ufpel.edu.br\/petconservacaoerestauro\/files\/2025\/11\/WhatsApp-Image-2025-11-19-at-3.55.20-PM.jpg 760w, https:\/\/wp.ufpel.edu.br\/petconservacaoerestauro\/files\/2025\/11\/WhatsApp-Image-2025-11-19-at-3.55.20-PM-400x400.jpg 400w, https:\/\/wp.ufpel.edu.br\/petconservacaoerestauro\/files\/2025\/11\/WhatsApp-Image-2025-11-19-at-3.55.20-PM-200x200.jpg 200w\" sizes=\"(max-width: 200px) 100vw, 200px\" \/><\/p>\n<p style=\"text-align: center;\">Vit\u00f3ria de Oliveira Soares<\/p>\n<\/td>\n<\/tr>\n<tr style=\"height: 24px;\">\n<td style=\"width: 25%; height: 24px;\">&nbsp;<\/p>\n<p style=\"text-align: center;\">\n<\/td>\n<td style=\"width: 25%; height: 24px; text-align: center;\"><\/td>\n<td style=\"width: 25%; height: 24px;\">\n<p style=\"text-align: center;\">\n<\/td>\n<td style=\"width: 25%; height: 24px;\">&nbsp;<\/p>\n<p style=\"text-align: center;\">\n<\/td>\n<\/tr>\n<\/tbody>\n<\/table>\n<p>&nbsp;<\/p>\n<p>At\u00e9 o momento o Grupo PET-CR teve tr\u00eas tutoras, s\u00e3o elas:<\/p>\n<table style=\"border-collapse: collapse; width: 100%;\" border=\"1\">\n<tbody>\n<tr>\n<td style=\"width: 33.3333%;\">\n<p><div id=\"attachment_68\" style=\"width: 210px\" class=\"wp-caption aligncenter\"><img aria-describedby=\"caption-attachment-68\" class=\"wp-image-68 size-thumbnail\" src=\"https:\/\/wp.ufpel.edu.br\/petconservacaoerestauro\/files\/2023\/10\/0-Andrea-Bachettini-200x200.png\" alt=\"\" width=\"200\" height=\"200\" \/><p id=\"caption-attachment-68\" class=\"wp-caption-text\"><strong>Tutora atual &#8211; Prof\u00aa. Dr\u00aa. Andr\u00e9a Lacerda Bachettini<\/strong><\/p><\/div><\/td>\n<td style=\"width: 33.3333%;\">\n<p><div id=\"attachment_69\" style=\"width: 210px\" class=\"wp-caption aligncenter\"><img aria-describedby=\"caption-attachment-69\" class=\"wp-image-69 size-thumbnail\" src=\"https:\/\/wp.ufpel.edu.br\/petconservacaoerestauro\/files\/2023\/10\/0-Daniele-Fonseca-200x200.png\" alt=\"\" width=\"200\" height=\"200\" \/><p id=\"caption-attachment-69\" class=\"wp-caption-text\"><strong>Tutora no per\u00edodo 2017-2022 &#8211; Prof\u00aa. Dr\u00aa. Daniele Baltz da Fonseca<\/strong><\/p><\/div><\/td>\n<td style=\"width: 33.3333%;\">\n<p><div id=\"attachment_70\" style=\"width: 210px\" class=\"wp-caption aligncenter\"><img aria-describedby=\"caption-attachment-70\" class=\"wp-image-70 size-thumbnail\" src=\"https:\/\/wp.ufpel.edu.br\/petconservacaoerestauro\/files\/2023\/10\/0-Francisca-Ferreira-MIchelon-200x200.jpg\" alt=\"\" width=\"200\" height=\"200\" \/><p id=\"caption-attachment-70\" class=\"wp-caption-text\"><strong>Tutoria no per\u00edodo 2010&#8211;2016 &#8211; Prof\u00aa. Dr\u00aa. Francisca Ferreira Michelon<\/strong><\/p><\/div><\/td>\n<\/tr>\n<\/tbody>\n<\/table>\n<p>&nbsp;<\/p>\n","protected":false},"excerpt":{"rendered":"<p>Nesta p\u00e1gina voc\u00ea encontrar\u00e1 todos os atuais petianos e tutorias do grupo. Aline Duval da Cunha Bernardo Mondek Maligeri Emanoele Marques Souza Giulia Albuquerque Baleiro Ingrid Lapuente Cavalheiro Jos\u00e9 Lu\u00eds Jesus da Cunha J\u00fanior Ketlin Vit\u00f3ria Menegusse Laura Helena Oliveira Da Silva Liziane Lopes Braga Paola Loureiro Rotter Saywa Yolanda Almaraz Flores Vit\u00f3ria de Oliveira [&hellip;]<\/p>\n","protected":false},"author":864,"featured_media":0,"parent":77,"menu_order":3,"comment_status":"closed","ping_status":"closed","template":"","meta":{"footnotes":""},"class_list":["post-45","page","type-page","status-publish","hentry"],"_links":{"self":[{"href":"https:\/\/wp.ufpel.edu.br\/petconservacaoerestauro\/wp-json\/wp\/v2\/pages\/45","targetHints":{"allow":["GET"]}}],"collection":[{"href":"https:\/\/wp.ufpel.edu.br\/petconservacaoerestauro\/wp-json\/wp\/v2\/pages"}],"about":[{"href":"https:\/\/wp.ufpel.edu.br\/petconservacaoerestauro\/wp-json\/wp\/v2\/types\/page"}],"author":[{"embeddable":true,"href":"https:\/\/wp.ufpel.edu.br\/petconservacaoerestauro\/wp-json\/wp\/v2\/users\/864"}],"replies":[{"embeddable":true,"href":"https:\/\/wp.ufpel.edu.br\/petconservacaoerestauro\/wp-json\/wp\/v2\/comments?post=45"}],"version-history":[{"count":3,"href":"https:\/\/wp.ufpel.edu.br\/petconservacaoerestauro\/wp-json\/wp\/v2\/pages\/45\/revisions"}],"predecessor-version":[{"id":646,"href":"https:\/\/wp.ufpel.edu.br\/petconservacaoerestauro\/wp-json\/wp\/v2\/pages\/45\/revisions\/646"}],"up":[{"embeddable":true,"href":"https:\/\/wp.ufpel.edu.br\/petconservacaoerestauro\/wp-json\/wp\/v2\/pages\/77"}],"wp:attachment":[{"href":"https:\/\/wp.ufpel.edu.br\/petconservacaoerestauro\/wp-json\/wp\/v2\/media?parent=45"}],"curies":[{"name":"wp","href":"https:\/\/api.w.org\/{rel}","templated":true}]}}