{"id":2,"date":"2023-08-11T08:41:48","date_gmt":"2023-08-11T11:41:48","guid":{"rendered":"https:\/\/wp.ufpel.edu.br\/petconservacaoerestauro\/?page_id=2"},"modified":"2025-12-16T18:47:50","modified_gmt":"2025-12-16T21:47:50","slug":"boletim","status":"publish","type":"page","link":"https:\/\/wp.ufpel.edu.br\/petconservacaoerestauro\/boletim\/","title":{"rendered":"Boletim"},"content":{"rendered":"\r\n<p style=\"text-align: center;\"><span style=\"font-size: 18pt;\"><strong>BOLETIM PET CONSERVA\u00c7\u00c3O E RESTAURO<\/strong><\/span><\/p>\r\n<p style=\"text-align: center;\"><strong>\u00a0Edi\u00e7\u00e3o atual: <a href=\"https:\/\/wp.ufpel.edu.br\/petconservacaoerestauro\/files\/2025\/12\/BOLETIM-PET-CR_2025.pdf\">Boletim PET CR 2025<\/a><\/strong><\/p>\r\n<p style=\"text-align: center;\"><a href=\"https:\/\/wp.ufpel.edu.br\/petconservacaoerestauro\/boletim\/volumes\/\">Acesse as Edi\u00e7\u00f5es Anteriores<\/a><\/p>\r\n<p>&nbsp;<\/p>\r\n<p style=\"text-align: center;\"><a href=\"https:\/\/wp.ufpel.edu.br\/petconservacaoerestauro\/normas-de-publicacao\/\"><strong>Consulte as normas de publica\u00e7\u00e3o aqui<\/strong><\/a><\/p>\r\n<hr \/>\r\n<p style=\"text-align: center;\"><strong>APRESENTA\u00c7\u00c3O:\u00a0<\/strong><\/p>\r\n<p>O <strong>BOLETIM PET CONSERVA\u00c7\u00c3O E RESTAURO,<\/strong> peri\u00f3dico do Programa de Educa\u00e7\u00e3o Tutorial \u2013 Conserva\u00e7\u00e3o e Restauro, do curso de Conserva\u00e7\u00e3o e Restaura\u00e7\u00e3o de Bens Culturais M\u00f3veis (CRBCM), da Universidade Federal de Pelotas (UFPEL), \u00e9 uma publica\u00e7\u00e3o alinhada aos esfor\u00e7os da comunidade cient\u00edfica nacional, em prol da dissemina\u00e7\u00e3o do conhecimento, de forma ampla, com acesso irrestrito e gratuito, integrando a universidade com a sociedade. Dessa forma, esse ve\u00edculo tem como objetivo promover o di\u00e1logo sobre os diversos assuntos que se relacionam com o campo da conserva\u00e7\u00e3o-restaura\u00e7\u00e3o de bens culturais em diversas \u00e1reas do conhecimento. As submiss\u00f5es s\u00e3o feitas mediante editais e sua periodicidade \u00e9 anual, na qual cada volume corresponde a um n\u00famero corrido e os artigos s\u00e3o publicados online.<\/p>\r\n<p>As \u00e1reas do conhecimento em que contempla as linhas tem\u00e1ticas relacionadas ao campo da conserva\u00e7\u00e3o-restaura\u00e7\u00e3o de bens culturais, s\u00e3o: Comunica\u00e7\u00e3o, Cultura, Direitos Humanos e Justi\u00e7a, Educa\u00e7\u00e3o, Meio Ambiente, Sa\u00fade, Tecnologia e Produ\u00e7\u00e3o, Trabalho e entre outros. O p\u00fablico-alvo s\u00e3o pesquisadores em temas relacionados com as linhas editoriais do boletim e a comunidade universit\u00e1ria. O crit\u00e9rio de avalia\u00e7\u00e3o observar\u00e1 a rela\u00e7\u00e3o do texto com a conserva\u00e7\u00e3o-restaura\u00e7\u00e3o de bens culturais nas diversas linhas tem\u00e1ticas editoriais do boletim, tamb\u00e9m ser\u00e1 considerado a consist\u00eancia cient\u00edfica (te\u00f3rica e a metodol\u00f3gica), capacidade argumentativa, ineditismo, originalidade, atualidade de informa\u00e7\u00e3o e a \u00e9tica. O ensaio n\u00e3o poder\u00e1 ter sido publicado anteriormente.<\/p>\r\n<hr \/>\r\n<p style=\"text-align: center;\"><strong>EXPEDIENTE:\u00a0<\/strong><\/p>\r\n<p><strong>PERIODICIDADE:<\/strong><\/p>\r\n<p>A periodicidade \u00e9 caracterizada como anual. A cada ano mediante edital ser\u00e1 publicada no boletim <em>on-line<\/em> todos os artigos que estiverem aceitos em um n\u00famero. A chamada ser\u00e1 lan\u00e7ada em mar\u00e7o. A publica\u00e7\u00e3o ocorrer\u00e1 em dezembro. O volume publicado poder\u00e1 ser apresentado em eventos voltados aos campos relacionados com a conserva\u00e7\u00e3o-restaura\u00e7\u00e3o: a Semana dos Museus e o Dia do Patrim\u00f4nio Cultural.<\/p>\r\n<p>&nbsp;<\/p>\r\n<p><strong>EQUIPE EDITORIAL:<\/strong><\/p>\r\n<p><strong>\u00a0<\/strong><strong>Editor Chefe: <\/strong><span style=\"color: var(--cor-texto); font-family: var(--fonte-corpo);\">ANDR\u00c9A LACERDA BACHETTINI, Universidade Federal de Pelotas, Brasil.\u00a0 \u00a0<\/span><\/p>\r\n<p><strong>\u00a0<\/strong><strong>Comit\u00ea Gestor: <\/strong><\/p>\r\n<ul>\r\n<li><span style=\"color: var(--cor-texto); font-family: var(--fonte-corpo);\">LIZIANE LOPES BRAGA, Universidade Federal de Pelotas, Brasil.<\/span><\/li>\r\n<li><span style=\"font-weight: 400;\">ALINE DUVAL DA CUNHA<span style=\"color: var(--cor-texto); font-family: var(--fonte-corpo);\">, Universidade Federal de Pelotas, Brasil.<\/span><\/span><\/li>\r\n<\/ul>\r\n<p>&nbsp;<\/p>\r\n<p><strong>Conselho Editorial:<\/strong><\/p>\r\n<ul>\r\n<li>\u00a0ANDR\u00c9A LACERDA BACHETTINI, Universidade Federal de Pelotas, Brasil. \u00a0\u00a0<\/li>\r\n<li>ANNELISE COSTA MONTONE, Universidade Federal de Pelotas, Brasil.<\/li>\r\n<li>DANIELE BALTZ DA FONSECA, Universidade Federal de Pelotas, Brasil.<\/li>\r\n<li>KAREN VELLEDA CALDAS, Universidade Federal de Pelotas, Brasil.<\/li>\r\n<li>MIRELLA MORAES DE BORBA, Universidade Federal de Pelotas, Brasil.<\/li>\r\n<li>ROBERTO HEIDEN, Universidade Federal de Pelotas, Brasil.<\/li>\r\n<li>SILVANA DE F\u00c1TIMA BOJANOSKI, Universidade Federal de Pelotas, Brasil.<\/li>\r\n<\/ul>\r\n<p>&nbsp;<\/p>\r\n<p><strong>Comit\u00ea Cient\u00edfico:<\/strong><\/p>\r\n<ul>\r\n<li>ANDR\u00c9A LACERDA BACHETTINI, Universidade Federal de Pelotas, Brasil. \u00a0<\/li>\r\n<li>ROBERTO HEIDEN, Universidade Federal de Pelotas, Brasil.<\/li>\r\n<li>ANNELISE COSTA MONTONE, Universidade Federal de Pelotas, Brasil.<\/li>\r\n<\/ul>\r\n<p><strong>Equipe de Revis\u00e3o e Diagrama\u00e7\u00e3o:<\/strong><\/p>\r\n<ul>\r\n<li>N\u00daCLEO DE REVIS\u00c3O, Universidade Federal de Pelotas, Brasil\u00a0<\/li>\r\n<li>EMANOELE MARQUES SOUZA Universidade Federal de Pelotas, Brasil.<\/li>\r\n<li>GIULIA ALBUQUERQUE BALEIRO, Universidade Federal de Pelotas, Brasil<\/li>\r\n<li>LIZIANE LOPES BRAGA, Universidade Federal de Pelotas, Brasil<\/li>\r\n<li>PAOLA LOUREIRO ROTTER, Universidade Federal de Pelotas, Brasil<\/li>\r\n<\/ul>\r\n<p><strong>\u00a0<\/strong><\/p>\r\n<p><strong>CONTATO E RESPONS\u00c1VEL PELA PUBLICA\u00c7\u00c3O:<\/strong><\/p>\r\n<p><strong>Autor Corporativo: <\/strong><span style=\"color: var(--cor-texto); font-family: var(--fonte-corpo);\">Andr\u00e9a Lacerda Bachettini (Tutora do PET-CR).<\/span><\/p>\r\n<p><strong>Contato Principal:<\/strong><\/p>\r\n<p>CAMPUS II DO INSTITUTO DE CI\u00caNCIAS HUMANAS, <span style=\"color: var(--cor-texto); font-family: var(--fonte-corpo);\">Sala 312 do PET-CR. <\/span><span style=\"color: var(--cor-texto); font-family: var(--fonte-corpo);\">Rua Almirante Barroso, 1202 \u2013 Centro. <\/span><span style=\"color: var(--cor-texto); font-family: var(--fonte-corpo);\">Pelotas \u2013 RS, Brasil \u2013 96010-280. <\/span><\/p>\r\n<p><span style=\"color: var(--cor-texto); font-family: var(--fonte-corpo);\">E-mail: andreabachettini@gmail.com<\/span><\/p>\r\n<p>Telefone: (53) 3284-4310<\/p>\r\n","protected":false},"excerpt":{"rendered":"<p>BOLETIM PET CONSERVA\u00c7\u00c3O E RESTAURO \u00a0Edi\u00e7\u00e3o atual: Boletim PET CR 2025 Acesse as Edi\u00e7\u00f5es Anteriores &nbsp; Consulte as normas de publica\u00e7\u00e3o aqui APRESENTA\u00c7\u00c3O:\u00a0 O BOLETIM PET CONSERVA\u00c7\u00c3O E RESTAURO, peri\u00f3dico do Programa de Educa\u00e7\u00e3o Tutorial \u2013 Conserva\u00e7\u00e3o e Restauro, do curso de Conserva\u00e7\u00e3o e Restaura\u00e7\u00e3o de Bens Culturais M\u00f3veis (CRBCM), da Universidade Federal de Pelotas [&hellip;]<\/p>\n","protected":false},"author":864,"featured_media":0,"parent":0,"menu_order":2,"comment_status":"closed","ping_status":"closed","template":"","meta":{"footnotes":""},"class_list":["post-2","page","type-page","status-publish","hentry"],"_links":{"self":[{"href":"https:\/\/wp.ufpel.edu.br\/petconservacaoerestauro\/wp-json\/wp\/v2\/pages\/2","targetHints":{"allow":["GET"]}}],"collection":[{"href":"https:\/\/wp.ufpel.edu.br\/petconservacaoerestauro\/wp-json\/wp\/v2\/pages"}],"about":[{"href":"https:\/\/wp.ufpel.edu.br\/petconservacaoerestauro\/wp-json\/wp\/v2\/types\/page"}],"author":[{"embeddable":true,"href":"https:\/\/wp.ufpel.edu.br\/petconservacaoerestauro\/wp-json\/wp\/v2\/users\/864"}],"replies":[{"embeddable":true,"href":"https:\/\/wp.ufpel.edu.br\/petconservacaoerestauro\/wp-json\/wp\/v2\/comments?post=2"}],"version-history":[{"count":3,"href":"https:\/\/wp.ufpel.edu.br\/petconservacaoerestauro\/wp-json\/wp\/v2\/pages\/2\/revisions"}],"predecessor-version":[{"id":649,"href":"https:\/\/wp.ufpel.edu.br\/petconservacaoerestauro\/wp-json\/wp\/v2\/pages\/2\/revisions\/649"}],"wp:attachment":[{"href":"https:\/\/wp.ufpel.edu.br\/petconservacaoerestauro\/wp-json\/wp\/v2\/media?parent=2"}],"curies":[{"name":"wp","href":"https:\/\/api.w.org\/{rel}","templated":true}]}}

<p style="text-align: center;"><span style="font-size: 18pt;"><strong>BOLETIM PET CONSERVAÇÃO E RESTAURO</strong></span></p>
<p style="text-align: center;"><strong> Edição atual: <a href="https://wp.ufpel.edu.br/petconservacaoerestauro/files/2025/12/BOLETIM-PET-CR_2025.pdf">Boletim PET CR 2025</a></strong></p>
<p style="text-align: center;"><a href="https://wp.ufpel.edu.br/petconservacaoerestauro/boletim/volumes/">Acesse as Edições Anteriores</a></p>
<p>&nbsp;</p>
<p style="text-align: center;"><a href="https://wp.ufpel.edu.br/petconservacaoerestauro/normas-de-publicacao/"><strong>Consulte as normas de publicação aqui</strong></a></p>
<hr />
<p style="text-align: center;"><strong>APRESENTAÇÃO: </strong></p>
<p>O <strong>BOLETIM PET CONSERVAÇÃO E RESTAURO,</strong> periódico do Programa de Educação Tutorial – Conservação e Restauro, do curso de Conservação e Restauração de Bens Culturais Móveis (CRBCM), da Universidade Federal de Pelotas (UFPEL), é uma publicação alinhada aos esforços da comunidade científica nacional, em prol da disseminação do conhecimento, de forma ampla, com acesso irrestrito e gratuito, integrando a universidade com a sociedade. Dessa forma, esse veículo tem como objetivo promover o diálogo sobre os diversos assuntos que se relacionam com o campo da conservação-restauração de bens culturais em diversas áreas do conhecimento. As submissões são feitas mediante editais e sua periodicidade é anual, na qual cada volume corresponde a um número corrido e os artigos são publicados online.</p>
<p>As áreas do conhecimento em que contempla as linhas temáticas relacionadas ao campo da conservação-restauração de bens culturais, são: Comunicação, Cultura, Direitos Humanos e Justiça, Educação, Meio Ambiente, Saúde, Tecnologia e Produção, Trabalho e entre outros. O público-alvo são pesquisadores em temas relacionados com as linhas editoriais do boletim e a comunidade universitária. O critério de avaliação observará a relação do texto com a conservação-restauração de bens culturais nas diversas linhas temáticas editoriais do boletim, também será considerado a consistência científica (teórica e a metodológica), capacidade argumentativa, ineditismo, originalidade, atualidade de informação e a ética. O ensaio não poderá ter sido publicado anteriormente.</p>
<hr />
<p style="text-align: center;"><strong>EXPEDIENTE: </strong></p>
<p><strong>PERIODICIDADE:</strong></p>
<p>A periodicidade é caracterizada como anual. A cada ano mediante edital será publicada no boletim <em>on-line</em> todos os artigos que estiverem aceitos em um número. A chamada será lançada em março. A publicação ocorrerá em dezembro. O volume publicado poderá ser apresentado em eventos voltados aos campos relacionados com a conservação-restauração: a Semana dos Museus e o Dia do Patrimônio Cultural.</p>
<p>&nbsp;</p>
<p><strong>EQUIPE EDITORIAL:</strong></p>
<p><strong> </strong><strong>Editor Chefe: </strong><span style="color: var(--cor-texto); font-family: var(--fonte-corpo);">ANDRÉA LACERDA BACHETTINI, Universidade Federal de Pelotas, Brasil.   </span></p>
<p><strong> </strong><strong>Comitê Gestor: </strong></p>
<ul>
<li><span style="color: var(--cor-texto); font-family: var(--fonte-corpo);">LIZIANE LOPES BRAGA, Universidade Federal de Pelotas, Brasil.</span></li>
<li><span style="font-weight: 400;">ALINE DUVAL DA CUNHA<span style="color: var(--cor-texto); font-family: var(--fonte-corpo);">, Universidade Federal de Pelotas, Brasil.</span></span></li>
</ul>
<p>&nbsp;</p>
<p><strong>Conselho Editorial:</strong></p>
<ul>
<li> ANDRÉA LACERDA BACHETTINI, Universidade Federal de Pelotas, Brasil.   </li>
<li>ANNELISE COSTA MONTONE, Universidade Federal de Pelotas, Brasil.</li>
<li>DANIELE BALTZ DA FONSECA, Universidade Federal de Pelotas, Brasil.</li>
<li>KAREN VELLEDA CALDAS, Universidade Federal de Pelotas, Brasil.</li>
<li>MIRELLA MORAES DE BORBA, Universidade Federal de Pelotas, Brasil.</li>
<li>ROBERTO HEIDEN, Universidade Federal de Pelotas, Brasil.</li>
<li>SILVANA DE FÁTIMA BOJANOSKI, Universidade Federal de Pelotas, Brasil.</li>
</ul>
<p>&nbsp;</p>
<p><strong>Comitê Científico:</strong></p>
<ul>
<li>ANDRÉA LACERDA BACHETTINI, Universidade Federal de Pelotas, Brasil.  </li>
<li>ROBERTO HEIDEN, Universidade Federal de Pelotas, Brasil.</li>
<li>ANNELISE COSTA MONTONE, Universidade Federal de Pelotas, Brasil.</li>
</ul>
<p><strong>Equipe de Revisão e Diagramação:</strong></p>
<ul>
<li>NÚCLEO DE REVISÃO, Universidade Federal de Pelotas, Brasil </li>
<li>EMANOELE MARQUES SOUZA Universidade Federal de Pelotas, Brasil.</li>
<li>GIULIA ALBUQUERQUE BALEIRO, Universidade Federal de Pelotas, Brasil</li>
<li>LIZIANE LOPES BRAGA, Universidade Federal de Pelotas, Brasil</li>
<li>PAOLA LOUREIRO ROTTER, Universidade Federal de Pelotas, Brasil</li>
</ul>
<p><strong> </strong></p>
<p><strong>CONTATO E RESPONSÁVEL PELA PUBLICAÇÃO:</strong></p>
<p><strong>Autor Corporativo: </strong><span style="color: var(--cor-texto); font-family: var(--fonte-corpo);">Andréa Lacerda Bachettini (Tutora do PET-CR).</span></p>
<p><strong>Contato Principal:</strong></p>
<p>CAMPUS II DO INSTITUTO DE CIÊNCIAS HUMANAS, <span style="color: var(--cor-texto); font-family: var(--fonte-corpo);">Sala 312 do PET-CR. </span><span style="color: var(--cor-texto); font-family: var(--fonte-corpo);">Rua Almirante Barroso, 1202 – Centro. </span><span style="color: var(--cor-texto); font-family: var(--fonte-corpo);">Pelotas – RS, Brasil – 96010-280. </span></p>
<p><span style="color: var(--cor-texto); font-family: var(--fonte-corpo);">E-mail: andreabachettini@gmail.com</span></p>
<p>Telefone: (53) 3284-4310</p>

<p>BOLETIM PET CONSERVAÇÃO E RESTAURO  Edição atual: Boletim PET CR 2025 Acesse as Edições Anteriores &nbsp; Consulte as normas de publicação aqui APRESENTAÇÃO:  O BOLETIM PET CONSERVAÇÃO E RESTAURO, periódico do Programa de Educação Tutorial – Conservação e Restauro, do curso de Conservação e Restauração de Bens Culturais Móveis (CRBCM), da Universidade Federal de Pelotas [&hellip;]</p>
