{"id":145,"date":"2023-10-12T17:08:48","date_gmt":"2023-10-12T20:08:48","guid":{"rendered":"https:\/\/wp.ufpel.edu.br\/petconservacaoerestauro\/?page_id=145"},"modified":"2026-02-24T12:37:52","modified_gmt":"2026-02-24T15:37:52","slug":"editais-e-resultados","status":"publish","type":"page","link":"https:\/\/wp.ufpel.edu.br\/petconservacaoerestauro\/petifique-se\/editais-e-resultados\/","title":{"rendered":"Editais e Resultados"},"content":{"rendered":"<p>Nesta p\u00e1gina voc\u00ea encontra os editais de sele\u00e7\u00e3o e os resultados.<\/p>\n<p><a href=\"https:\/\/wp.ufpel.edu.br\/petconservacaoerestauro\/files\/2026\/02\/Edital_Novos_Membros01.26__PET-CR.docx_assinado.pdf\">2026-1 &#8211; Edital de Sele\u00e7\u00e3o<\/a><\/p>\n<p><a href=\"https:\/\/wp.ufpel.edu.br\/petconservacaoerestauro\/files\/2025\/10\/RESULTADO_FINAL_DO_EDITAL_02-2025_DE_SELECAO_DO_PET-CR.docx1_.pdf\">2025-2 &#8211; Resultado<\/a><\/p>\n<p><a href=\"https:\/\/wp.ufpel.edu.br\/petconservacaoerestauro\/files\/2025\/10\/INSCRICOES_HOMOLOGADAS_DO_EDITAL_02_2025_DE_SELECAO_DE_BOLSISTAS_E_NAO_BOLSISTAS_DO_PET-CR.docx1_.pdf\">2025-2 \u2013 Inscri\u00e7\u00f5es Homologadas<\/a><\/p>\n<p><a href=\"https:\/\/wp.ufpel.edu.br\/petconservacaoerestauro\/files\/2025\/09\/Edital_2__PET-CR.pdf_assinado1.pdf\">2025-2 &#8211; Edital de Sele\u00e7\u00e3o<\/a><\/p>\n<p><a href=\"https:\/\/wp.ufpel.edu.br\/petconservacaoerestauro\/files\/2025\/05\/Resultado-Selecao-2025_1.pdf\">2025-1 &#8211; Resultado<\/a><\/p>\n<p><a href=\"https:\/\/wp.ufpel.edu.br\/petconservacaoerestauro\/files\/2025\/05\/INSCRICOES-HOMOLOGADAS.pdf\">2025-1 \u2013 Inscri\u00e7\u00f5es Homologadas<\/a><\/p>\n<p><a href=\"https:\/\/wp.ufpel.edu.br\/petconservacaoerestauro\/files\/2025\/05\/Edital-1_-PET-CR.docx.pdf\">2025-1 \u2013 Edital de Sele\u00e7\u00e3o<\/a><\/p>\n<p><a href=\"https:\/\/wp.ufpel.edu.br\/petconservacaoerestauro\/files\/2024\/07\/2024-01-Edital-de-Selecao.pdf\">2024-01 Edital de Sele\u00e7\u00e3o &#8211; Final<\/a><\/p>\n<p><a href=\"https:\/\/wp.ufpel.edu.br\/petconservacaoerestauro\/files\/2024\/05\/2024-1-\u2013-Edital-de-Selecao-Retificado.pdf\">2024-1 \u2013 Edital de Sele\u00e7\u00e3o Retificado<\/a><\/p>\n<p><a href=\"https:\/\/wp.ufpel.edu.br\/petconservacaoerestauro\/files\/2024\/05\/2024-1-Edital-de-Selecao.pdf\">2024-1 &#8211; Edital de Sele\u00e7\u00e3o<\/a><\/p>\n<p><a href=\"https:\/\/wp.ufpel.edu.br\/petconservacaoerestauro\/files\/2023\/10\/2023-1-Resultado.pdf\">2023-1 &#8211; Resultado<\/a><\/p>\n<p><a href=\"https:\/\/wp.ufpel.edu.br\/petconservacaoerestauro\/files\/2023\/10\/2023-1-Edital-de-Selecao.pdf\">2023-1 &#8211; Edital de Sele\u00e7\u00e3o<\/a><\/p>\n<p><a href=\"https:\/\/wp.ufpel.edu.br\/petconservacaoerestauro\/files\/2023\/10\/2022-2-Resultado.pdf\">2022-2 &#8211; Resultado<\/a><\/p>\n<p><a href=\"https:\/\/wp.ufpel.edu.br\/petconservacaoerestauro\/files\/2023\/10\/2022-2-Edital-de-Selecao.pdf\">2022-2 &#8211; Edital de Sele\u00e7\u00e3o<\/a><\/p>\n<p><a href=\"https:\/\/wp.ufpel.edu.br\/petconservacaoerestauro\/files\/2023\/10\/2022-1-Resultado.pdf\">2022-1 &#8211; Resultado<\/a><\/p>\n<p><a href=\"https:\/\/wp.ufpel.edu.br\/petconservacaoerestauro\/files\/2023\/10\/2022-1-Edital-de-Selecao.pdf\">2022-1 &#8211; Edital de Sele\u00e7\u00e3o<\/a><\/p>\n<p><a href=\"https:\/\/wp.ufpel.edu.br\/petconservacaoerestauro\/files\/2023\/10\/2019-2-Resultado.pdf\">2019-2 &#8211; Resultado<\/a><\/p>\n<p><a href=\"https:\/\/wp.ufpel.edu.br\/petconservacaoerestauro\/files\/2023\/10\/2019-2-Ata-da-Selecao.pdf\">2019-2 &#8211; Ata da Sele\u00e7\u00e3o<\/a><\/p>\n<p><a href=\"https:\/\/wp.ufpel.edu.br\/petconservacaoerestauro\/files\/2023\/10\/2019-2-Edital-de-Selecao.pdf\">2019-2 &#8211; Edital de Sele\u00e7\u00e3o<\/a><\/p>\n<p><a href=\"https:\/\/wp.ufpel.edu.br\/petconservacaoerestauro\/files\/2023\/10\/2019-1-Edital-de-Selecao.pdf\">2019-1 &#8211; Edital de Sele\u00e7\u00e3o<\/a><\/p>\n<p><a href=\"https:\/\/wp.ufpel.edu.br\/petconservacaoerestauro\/files\/2023\/10\/2018-2-Edital-de-Selecao.pdf\">2018-2 &#8211; Edital de Sele\u00e7\u00e3o<\/a><\/p>\n<p><a href=\"https:\/\/wp.ufpel.edu.br\/petconservacaoerestauro\/files\/2023\/10\/2018-1-Resultado.pdf\">2018-1 &#8211; Resultado<\/a><\/p>\n<p><a href=\"https:\/\/wp.ufpel.edu.br\/petconservacaoerestauro\/files\/2023\/10\/2018-1-Edital-de-Selecao.pdf\">2018-1 &#8211; Edital de Sele\u00e7\u00e3o<\/a><\/p>\n<p><a href=\"https:\/\/wp.ufpel.edu.br\/petconservacaoerestauro\/files\/2023\/10\/2017-2-Resultado.pdf\">2017-2 &#8211; Resultado<\/a><\/p>\n<p><a href=\"https:\/\/wp.ufpel.edu.br\/petconservacaoerestauro\/files\/2023\/10\/2017-2-Edital-de-Selecao.pdf\">2017-2 &#8211; Edital de Sele\u00e7\u00e3o<\/a><\/p>\n<p><a href=\"https:\/\/wp.ufpel.edu.br\/petconservacaoerestauro\/files\/2023\/10\/2017-1-Resultado.pdf\">2017-1 &#8211; Resultado<\/a><\/p>\n<p><a href=\"https:\/\/wp.ufpel.edu.br\/petconservacaoerestauro\/files\/2023\/10\/2017-1-Edital-de-Selecao.pdf\">2017-1 &#8211; Edital de Sele\u00e7\u00e3o<\/a><\/p>\n<p><a href=\"https:\/\/wp.ufpel.edu.br\/petconservacaoerestauro\/files\/2023\/10\/2015-1-Resultado.pdf\">2015-1 &#8211; Resultado<\/a><\/p>\n<p><a href=\"https:\/\/wp.ufpel.edu.br\/petconservacaoerestauro\/files\/2023\/10\/2015-1-Edital-de-Selecao.pdf\">2015-1 &#8211; Edital de Sele\u00e7\u00e3o<\/a><\/p>\n<p>&nbsp;<\/p>\n<p>&nbsp;<\/p>\n<p>&nbsp;<\/p>\n","protected":false},"excerpt":{"rendered":"<p>Nesta p\u00e1gina voc\u00ea encontra os editais de sele\u00e7\u00e3o e os resultados. 2026-1 &#8211; Edital de Sele\u00e7\u00e3o 2025-2 &#8211; Resultado 2025-2 \u2013 Inscri\u00e7\u00f5es Homologadas 2025-2 &#8211; Edital de Sele\u00e7\u00e3o 2025-1 &#8211; Resultado 2025-1 \u2013 Inscri\u00e7\u00f5es Homologadas 2025-1 \u2013 Edital de Sele\u00e7\u00e3o 2024-01 Edital de Sele\u00e7\u00e3o &#8211; Final 2024-1 \u2013 Edital de Sele\u00e7\u00e3o Retificado 2024-1 &#8211; Edital [&hellip;]<\/p>\n","protected":false},"author":864,"featured_media":0,"parent":135,"menu_order":0,"comment_status":"closed","ping_status":"closed","template":"","meta":{"footnotes":""},"class_list":["post-145","page","type-page","status-publish","hentry"],"_links":{"self":[{"href":"https:\/\/wp.ufpel.edu.br\/petconservacaoerestauro\/wp-json\/wp\/v2\/pages\/145","targetHints":{"allow":["GET"]}}],"collection":[{"href":"https:\/\/wp.ufpel.edu.br\/petconservacaoerestauro\/wp-json\/wp\/v2\/pages"}],"about":[{"href":"https:\/\/wp.ufpel.edu.br\/petconservacaoerestauro\/wp-json\/wp\/v2\/types\/page"}],"author":[{"embeddable":true,"href":"https:\/\/wp.ufpel.edu.br\/petconservacaoerestauro\/wp-json\/wp\/v2\/users\/864"}],"replies":[{"embeddable":true,"href":"https:\/\/wp.ufpel.edu.br\/petconservacaoerestauro\/wp-json\/wp\/v2\/comments?post=145"}],"version-history":[{"count":3,"href":"https:\/\/wp.ufpel.edu.br\/petconservacaoerestauro\/wp-json\/wp\/v2\/pages\/145\/revisions"}],"predecessor-version":[{"id":662,"href":"https:\/\/wp.ufpel.edu.br\/petconservacaoerestauro\/wp-json\/wp\/v2\/pages\/145\/revisions\/662"}],"up":[{"embeddable":true,"href":"https:\/\/wp.ufpel.edu.br\/petconservacaoerestauro\/wp-json\/wp\/v2\/pages\/135"}],"wp:attachment":[{"href":"https:\/\/wp.ufpel.edu.br\/petconservacaoerestauro\/wp-json\/wp\/v2\/media?parent=145"}],"curies":[{"name":"wp","href":"https:\/\/api.w.org\/{rel}","templated":true}]}}