{"id":795,"date":"2019-02-26T18:44:41","date_gmt":"2019-02-26T21:44:41","guid":{"rendered":"https:\/\/wp.ufpel.edu.br\/petartesvisuais\/?page_id=795"},"modified":"2019-02-26T18:46:24","modified_gmt":"2019-02-26T21:46:24","slug":"deslocc-as-paisagens-cotidianas","status":"publish","type":"page","link":"https:\/\/wp.ufpel.edu.br\/petartesvisuais\/deslocc-as-paisagens-cotidianas\/","title":{"rendered":"II DESLOCC As Paisagens Cotidianas: \u201cDescansar e Resistir\u201d"},"content":{"rendered":"<p style=\"text-align: justify\"><a href=\"https:\/\/wp.ufpel.edu.br\/petartesvisuais\/files\/2019\/02\/II-Deslocc-As-Paisagens-Cotidianas-Descansar-e-Resistir.jpg\"><img loading=\"lazy\" decoding=\"async\" class=\"aligncenter size-full wp-image-802\" src=\"https:\/\/wp.ufpel.edu.br\/petartesvisuais\/files\/2019\/02\/II-Deslocc-As-Paisagens-Cotidianas-Descansar-e-Resistir.jpg\" alt=\"\" width=\"679\" height=\"960\" srcset=\"https:\/\/wp.ufpel.edu.br\/petartesvisuais\/files\/2019\/02\/II-Deslocc-As-Paisagens-Cotidianas-Descansar-e-Resistir.jpg 679w, https:\/\/wp.ufpel.edu.br\/petartesvisuais\/files\/2019\/02\/II-Deslocc-As-Paisagens-Cotidianas-Descansar-e-Resistir-112x159.jpg 112w, https:\/\/wp.ufpel.edu.br\/petartesvisuais\/files\/2019\/02\/II-Deslocc-As-Paisagens-Cotidianas-Descansar-e-Resistir-225x318.jpg 225w\" sizes=\"auto, (max-width: 679px) 100vw, 679px\" \/><\/a><\/p>\n<p style=\"text-align: justify\"><span style=\"font-weight: 400\">Fotos: Daniel Moura<\/span><\/p>\n<p style=\"text-align: justify\"><span style=\"font-weight: 400\">II DESLOCC AS PAISAGENS COTIDIANAS: \u201cDESCANSAR E RESISTIR\u201d<\/span><\/p>\n<p style=\"text-align: justify\"><span style=\"font-weight: 400\">Segunda edi\u00e7\u00e3o da exposi\u00e7\u00e3o de m\u00faltiplos impressos e exibi\u00e7\u00e3o de v\u00eddeos, que <\/span><span style=\"font-weight: 400\">acontece como resultado de reflex\u00f5es e debates surgidos na disciplina Paisagens <\/span><span style=\"font-weight: 400\">Cotidianas e Dispositivos de Compartilhamentos, do Mestrado em Artes Visuais &#8211;<\/span><span style=\"font-weight: 400\">PPGAV\/UFPEL, sendo tamb\u00e9m fruto do Grupo de Pesquisa DESLOCC &#8211; Deslocamentos,\u00a0<\/span><span style=\"font-weight: 400\">Observ\u00e2ncias e Cartografias Contempor\u00e2neas.\u00a0<\/span><span style=\"font-weight: 400\">A exposi\u00e7\u00e3o tem como prop\u00f3sito a cria\u00e7\u00e3o de um espa\u00e7o de promo\u00e7\u00e3o, exibi\u00e7\u00e3o\u00a0<\/span><span style=\"font-weight: 400\">e di\u00e1logo entre os expositores e a comunidade de Pelotas\/RS, contribuindo assim para\u00a0<\/span><span style=\"font-weight: 400\">seu\u00a0 desenvolvimento cultural como tamb\u00e9m o do estado. As obras impressas tem o\u00a0<\/span><span style=\"font-weight: 400\">prop\u00f3sito de serem compartilhadas com o p\u00fablico durante a exposi\u00e7\u00e3o. O tema\u00a0<\/span><span style=\"font-weight: 400\">norteador desta edi\u00e7\u00e3o \u00e9 \u201cDescansar e Resistir\u201d que coloca em cheque reflex\u00f5es\u00a0<\/span><span style=\"font-weight: 400\">sobre um excesso de produtividade bastante presente na sociedade atual. <\/span><span style=\"font-weight: 400\">Participam da exposi\u00e7\u00e3o todos os alunos matriculados na disciplina Paisagens\u00a0<\/span><span style=\"font-weight: 400\">Cotidianas e Dispositivos de Compartilhamentos e os demais inscritos.\u00a0<\/span><span style=\"font-weight: 400\">Sendo assim, a partir desta convocat\u00f3ria convidamos todos os artistas e\u00a0<\/span><span style=\"font-weight: 400\">realizadores audiovisuais nacionais e internacionais a submeterem suas obras para\u00a0<\/span><span style=\"font-weight: 400\">exposi\u00e7\u00e3o no II DESLOCC AS PAISAGENS COTIDIANAS a acontecer nos dias 17 a 27 de abril de 2018, no Museu do Doce (Casar\u00e3o 8), em Pelotas\/RS\/Brasil.\u00a0<\/span><\/p>\n<p style=\"text-align: justify\"><span style=\"font-weight: 400\">Categoria IMPRESSOS<br \/>\n<\/span><span style=\"font-weight: 400\">Adriane Corr\u00eaa<br \/>\n<\/span><span style=\"font-weight: 400\">Alice Monsell<br \/>\n<\/span><span style=\"font-weight: 400\">Anieli Martins e Nauita Meireles<br \/>\n<\/span><span style=\"font-weight: 400\">Antonio Junior<br \/>\n<\/span><span style=\"font-weight: 400\">Bruno Figueir\u00f4a<br \/>\n<\/span><span style=\"font-weight: 400\">Carol Albrecht<br \/>\n<\/span><span style=\"font-weight: 400\">Centeno<br \/>\n<\/span><span style=\"font-weight: 400\">Cl\u00e1udia Goularte<br \/>\n<\/span><span style=\"font-weight: 400\">Claudia Zimmer<br \/>\n<\/span><span style=\"font-weight: 400\">Duda Gon\u00e7alves<br \/>\n<\/span><span style=\"font-weight: 400\">\u00c9rico Noronha e Henrique Torres<br \/>\n<\/span><span style=\"font-weight: 400\">Fabricio Sim\u00f5es<br \/>\n<\/span><span style=\"font-weight: 400\">Fernando Alexandre<br \/>\n<\/span><span style=\"font-weight: 400\">Gabriela Cunha<br \/>\n<\/span><span style=\"font-weight: 400\">G\u00ea Fonseca<br \/>\n<\/span><span style=\"font-weight: 400\">Grupo C.D.M. (Centro de Desintoxica\u00e7\u00e3o Midi\u00e1tica)<br \/>\n<\/span><span style=\"font-weight: 400\">Helene Sacco<br \/>\n<\/span><span style=\"font-weight: 400\">Joana Schneider<br \/>\n<\/span><span style=\"font-weight: 400\">Josiane Santos<br \/>\n<\/span><span style=\"font-weight: 400\">June Martino<br \/>\n<\/span><span style=\"font-weight: 400\">Mara Nunes<br \/>\n<\/span><span style=\"font-weight: 400\">Mariane Sim\u00f5es<br \/>\n<\/span><span style=\"font-weight: 400\">M\u00e1rio Codeco<br \/>\n<\/span><span style=\"font-weight: 400\">Martha Dworakowski<br \/>\n<\/span><span style=\"font-weight: 400\">Matheus Folha<br \/>\n<\/span><span style=\"font-weight: 400\">Mickken Diogo<br \/>\n<\/span><span style=\"font-weight: 400\">Paola Brum<br \/>\n<\/span><span style=\"font-weight: 400\">Patr\u00edcia Andr\u00e9<br \/>\n<\/span><span style=\"font-weight: 400\">Pretender<br \/>\n<\/span><span style=\"font-weight: 400\">Rogger Bandeira<br \/>\n<\/span><span style=\"font-weight: 400\">Tatiana Duarte<br \/>\n<\/span><span style=\"font-weight: 400\">Thiago Madruga<br \/>\n<\/span><span style=\"font-weight: 400\">Virna Bemvenuto<\/span><\/p>\n<p style=\"text-align: justify\"><span style=\"font-weight: 400\">Categoria V\u00cdDEO-MINUTO<br \/>\n<\/span><span style=\"font-weight: 400\">Adriani Araujo<br \/>\n<\/span><span style=\"font-weight: 400\">Alex Almeida<br \/>\n<\/span><span style=\"font-weight: 400\">Camila Albrecht<br \/>\n<\/span><span style=\"font-weight: 400\">Chico Furtado<br \/>\n<\/span><span style=\"font-weight: 400\">Chico Maximila<br \/>\n<\/span><span style=\"font-weight: 400\">Cremosin<br \/>\n<\/span><span style=\"font-weight: 400\">Daniel Moura<br \/>\n<\/span><span style=\"font-weight: 400\">Eloisa Soares<br \/>\n<\/span><span style=\"font-weight: 400\">Fabr\u00edzio Rodrigues<br \/>\n<\/span><span style=\"font-weight: 400\">Felipe Freitas<br \/>\n<\/span><span style=\"font-weight: 400\">Jahan Le\u00e3o<br \/>\n<\/span><span style=\"font-weight: 400\">Jhoyman Bedoya.<br \/>\n<\/span><span style=\"font-weight: 400\">Juliana Chacon<br \/>\n<\/span><span style=\"font-weight: 400\">Larissa Lisboa<br \/>\n<\/span><span style=\"font-weight: 400\">Marco Ant\u00f4nio Pereira<br \/>\n<\/span><span style=\"font-weight: 400\">Maria Ivone<br \/>\n<\/span><span style=\"font-weight: 400\">Nathalia Grill<br \/>\n<\/span><span style=\"font-weight: 400\">Pedro Elias Parente<br \/>\n<\/span><span style=\"font-weight: 400\">Pedro Fonseca<br \/>\n<\/span><span style=\"font-weight: 400\">Raquel Freire<br \/>\n<\/span><span style=\"font-weight: 400\">Takeo Ito<br \/>\n<\/span><span style=\"font-weight: 400\">Tatiana Duarte<br \/>\n<\/span><span style=\"font-weight: 400\">Wayner Tristao<\/span><\/p>\n<p><a href=\"https:\/\/wp.ufpel.edu.br\/petartesvisuais\/files\/2019\/02\/31093393_1950392045035504_1733488318659690496_n-1.jpg\"><img loading=\"lazy\" decoding=\"async\" class=\"aligncenter size-full wp-image-820\" src=\"https:\/\/wp.ufpel.edu.br\/petartesvisuais\/files\/2019\/02\/31093393_1950392045035504_1733488318659690496_n-1.jpg\" alt=\"\" width=\"960\" height=\"639\" srcset=\"https:\/\/wp.ufpel.edu.br\/petartesvisuais\/files\/2019\/02\/31093393_1950392045035504_1733488318659690496_n-1.jpg 960w, https:\/\/wp.ufpel.edu.br\/petartesvisuais\/files\/2019\/02\/31093393_1950392045035504_1733488318659690496_n-1-212x141.jpg 212w, https:\/\/wp.ufpel.edu.br\/petartesvisuais\/files\/2019\/02\/31093393_1950392045035504_1733488318659690496_n-1-424x282.jpg 424w, https:\/\/wp.ufpel.edu.br\/petartesvisuais\/files\/2019\/02\/31093393_1950392045035504_1733488318659690496_n-1-768x511.jpg 768w, https:\/\/wp.ufpel.edu.br\/petartesvisuais\/files\/2019\/02\/31093393_1950392045035504_1733488318659690496_n-1-816x543.jpg 816w\" sizes=\"auto, (max-width: 960px) 100vw, 960px\" \/><\/a> <a href=\"https:\/\/wp.ufpel.edu.br\/petartesvisuais\/files\/2019\/02\/30762829_1950392585035450_2748515568901423104_n-1.jpg\"><img loading=\"lazy\" decoding=\"async\" class=\"aligncenter size-full wp-image-819\" src=\"https:\/\/wp.ufpel.edu.br\/petartesvisuais\/files\/2019\/02\/30762829_1950392585035450_2748515568901423104_n-1.jpg\" alt=\"\" width=\"960\" height=\"639\" srcset=\"https:\/\/wp.ufpel.edu.br\/petartesvisuais\/files\/2019\/02\/30762829_1950392585035450_2748515568901423104_n-1.jpg 960w, https:\/\/wp.ufpel.edu.br\/petartesvisuais\/files\/2019\/02\/30762829_1950392585035450_2748515568901423104_n-1-212x141.jpg 212w, https:\/\/wp.ufpel.edu.br\/petartesvisuais\/files\/2019\/02\/30762829_1950392585035450_2748515568901423104_n-1-424x282.jpg 424w, https:\/\/wp.ufpel.edu.br\/petartesvisuais\/files\/2019\/02\/30762829_1950392585035450_2748515568901423104_n-1-768x511.jpg 768w, https:\/\/wp.ufpel.edu.br\/petartesvisuais\/files\/2019\/02\/30762829_1950392585035450_2748515568901423104_n-1-816x543.jpg 816w\" sizes=\"auto, (max-width: 960px) 100vw, 960px\" \/><\/a> <a href=\"https:\/\/wp.ufpel.edu.br\/petartesvisuais\/files\/2019\/02\/30743650_1950391678368874_9093181210061963264_n-1.jpg\"><img loading=\"lazy\" decoding=\"async\" class=\"aligncenter size-full wp-image-818\" src=\"https:\/\/wp.ufpel.edu.br\/petartesvisuais\/files\/2019\/02\/30743650_1950391678368874_9093181210061963264_n-1.jpg\" alt=\"\" width=\"960\" height=\"639\" srcset=\"https:\/\/wp.ufpel.edu.br\/petartesvisuais\/files\/2019\/02\/30743650_1950391678368874_9093181210061963264_n-1.jpg 960w, https:\/\/wp.ufpel.edu.br\/petartesvisuais\/files\/2019\/02\/30743650_1950391678368874_9093181210061963264_n-1-212x141.jpg 212w, https:\/\/wp.ufpel.edu.br\/petartesvisuais\/files\/2019\/02\/30743650_1950391678368874_9093181210061963264_n-1-424x282.jpg 424w, https:\/\/wp.ufpel.edu.br\/petartesvisuais\/files\/2019\/02\/30743650_1950391678368874_9093181210061963264_n-1-768x511.jpg 768w, https:\/\/wp.ufpel.edu.br\/petartesvisuais\/files\/2019\/02\/30743650_1950391678368874_9093181210061963264_n-1-816x543.jpg 816w\" sizes=\"auto, (max-width: 960px) 100vw, 960px\" \/><\/a> <a href=\"https:\/\/wp.ufpel.edu.br\/petartesvisuais\/files\/2019\/02\/30743457_1950391801702195_7747183599601844224_n-1.jpg\"><img loading=\"lazy\" decoding=\"async\" class=\"aligncenter size-full wp-image-817\" src=\"https:\/\/wp.ufpel.edu.br\/petartesvisuais\/files\/2019\/02\/30743457_1950391801702195_7747183599601844224_n-1.jpg\" alt=\"\" width=\"960\" height=\"604\" srcset=\"https:\/\/wp.ufpel.edu.br\/petartesvisuais\/files\/2019\/02\/30743457_1950391801702195_7747183599601844224_n-1.jpg 960w, https:\/\/wp.ufpel.edu.br\/petartesvisuais\/files\/2019\/02\/30743457_1950391801702195_7747183599601844224_n-1-212x133.jpg 212w, https:\/\/wp.ufpel.edu.br\/petartesvisuais\/files\/2019\/02\/30743457_1950391801702195_7747183599601844224_n-1-424x267.jpg 424w, https:\/\/wp.ufpel.edu.br\/petartesvisuais\/files\/2019\/02\/30743457_1950391801702195_7747183599601844224_n-1-768x483.jpg 768w, https:\/\/wp.ufpel.edu.br\/petartesvisuais\/files\/2019\/02\/30743457_1950391801702195_7747183599601844224_n-1-816x513.jpg 816w\" sizes=\"auto, (max-width: 960px) 100vw, 960px\" \/><\/a> <a href=\"https:\/\/wp.ufpel.edu.br\/petartesvisuais\/files\/2019\/02\/30743016_1950391578368884_190756930887614464_n.jpg\"><img loading=\"lazy\" decoding=\"async\" class=\"aligncenter size-full wp-image-816\" src=\"https:\/\/wp.ufpel.edu.br\/petartesvisuais\/files\/2019\/02\/30743016_1950391578368884_190756930887614464_n.jpg\" alt=\"\" width=\"960\" height=\"639\" srcset=\"https:\/\/wp.ufpel.edu.br\/petartesvisuais\/files\/2019\/02\/30743016_1950391578368884_190756930887614464_n.jpg 960w, https:\/\/wp.ufpel.edu.br\/petartesvisuais\/files\/2019\/02\/30743016_1950391578368884_190756930887614464_n-212x141.jpg 212w, https:\/\/wp.ufpel.edu.br\/petartesvisuais\/files\/2019\/02\/30743016_1950391578368884_190756930887614464_n-424x282.jpg 424w, https:\/\/wp.ufpel.edu.br\/petartesvisuais\/files\/2019\/02\/30743016_1950391578368884_190756930887614464_n-768x511.jpg 768w, https:\/\/wp.ufpel.edu.br\/petartesvisuais\/files\/2019\/02\/30743016_1950391578368884_190756930887614464_n-816x543.jpg 816w\" sizes=\"auto, (max-width: 960px) 100vw, 960px\" \/><\/a> <a href=\"https:\/\/wp.ufpel.edu.br\/petartesvisuais\/files\/2019\/02\/30740236_1950391931702182_8687066432745242624_n.jpg\"><img loading=\"lazy\" decoding=\"async\" class=\"aligncenter size-full wp-image-814\" src=\"https:\/\/wp.ufpel.edu.br\/petartesvisuais\/files\/2019\/02\/30740236_1950391931702182_8687066432745242624_n.jpg\" alt=\"\" width=\"960\" height=\"639\" srcset=\"https:\/\/wp.ufpel.edu.br\/petartesvisuais\/files\/2019\/02\/30740236_1950391931702182_8687066432745242624_n.jpg 960w, https:\/\/wp.ufpel.edu.br\/petartesvisuais\/files\/2019\/02\/30740236_1950391931702182_8687066432745242624_n-212x141.jpg 212w, https:\/\/wp.ufpel.edu.br\/petartesvisuais\/files\/2019\/02\/30740236_1950391931702182_8687066432745242624_n-424x282.jpg 424w, https:\/\/wp.ufpel.edu.br\/petartesvisuais\/files\/2019\/02\/30740236_1950391931702182_8687066432745242624_n-768x511.jpg 768w, https:\/\/wp.ufpel.edu.br\/petartesvisuais\/files\/2019\/02\/30740236_1950391931702182_8687066432745242624_n-816x543.jpg 816w\" sizes=\"auto, (max-width: 960px) 100vw, 960px\" \/><\/a> <a href=\"https:\/\/wp.ufpel.edu.br\/petartesvisuais\/files\/2019\/02\/30739355_1950391815035527_1795767079618478080_n.jpg\"><img loading=\"lazy\" decoding=\"async\" class=\"aligncenter size-full wp-image-812\" src=\"https:\/\/wp.ufpel.edu.br\/petartesvisuais\/files\/2019\/02\/30739355_1950391815035527_1795767079618478080_n.jpg\" alt=\"\" width=\"960\" height=\"639\" srcset=\"https:\/\/wp.ufpel.edu.br\/petartesvisuais\/files\/2019\/02\/30739355_1950391815035527_1795767079618478080_n.jpg 960w, https:\/\/wp.ufpel.edu.br\/petartesvisuais\/files\/2019\/02\/30739355_1950391815035527_1795767079618478080_n-212x141.jpg 212w, https:\/\/wp.ufpel.edu.br\/petartesvisuais\/files\/2019\/02\/30739355_1950391815035527_1795767079618478080_n-424x282.jpg 424w, https:\/\/wp.ufpel.edu.br\/petartesvisuais\/files\/2019\/02\/30739355_1950391815035527_1795767079618478080_n-768x511.jpg 768w, https:\/\/wp.ufpel.edu.br\/petartesvisuais\/files\/2019\/02\/30739355_1950391815035527_1795767079618478080_n-816x543.jpg 816w\" sizes=\"auto, (max-width: 960px) 100vw, 960px\" \/><\/a> <a href=\"https:\/\/wp.ufpel.edu.br\/petartesvisuais\/files\/2019\/02\/30729024_1950391565035552_1165441115231354880_n.jpg\"><img loading=\"lazy\" decoding=\"async\" class=\"aligncenter size-full wp-image-811\" src=\"https:\/\/wp.ufpel.edu.br\/petartesvisuais\/files\/2019\/02\/30729024_1950391565035552_1165441115231354880_n.jpg\" alt=\"\" width=\"960\" height=\"639\" srcset=\"https:\/\/wp.ufpel.edu.br\/petartesvisuais\/files\/2019\/02\/30729024_1950391565035552_1165441115231354880_n.jpg 960w, https:\/\/wp.ufpel.edu.br\/petartesvisuais\/files\/2019\/02\/30729024_1950391565035552_1165441115231354880_n-212x141.jpg 212w, https:\/\/wp.ufpel.edu.br\/petartesvisuais\/files\/2019\/02\/30729024_1950391565035552_1165441115231354880_n-424x282.jpg 424w, https:\/\/wp.ufpel.edu.br\/petartesvisuais\/files\/2019\/02\/30729024_1950391565035552_1165441115231354880_n-768x511.jpg 768w, https:\/\/wp.ufpel.edu.br\/petartesvisuais\/files\/2019\/02\/30729024_1950391565035552_1165441115231354880_n-816x543.jpg 816w\" sizes=\"auto, (max-width: 960px) 100vw, 960px\" \/><\/a> <a href=\"https:\/\/wp.ufpel.edu.br\/petartesvisuais\/files\/2019\/02\/30725811_1950392435035465_3287507597745192960_n.jpg\"><img loading=\"lazy\" decoding=\"async\" class=\"aligncenter size-full wp-image-810\" src=\"https:\/\/wp.ufpel.edu.br\/petartesvisuais\/files\/2019\/02\/30725811_1950392435035465_3287507597745192960_n.jpg\" alt=\"\" width=\"640\" height=\"960\" srcset=\"https:\/\/wp.ufpel.edu.br\/petartesvisuais\/files\/2019\/02\/30725811_1950392435035465_3287507597745192960_n.jpg 640w, https:\/\/wp.ufpel.edu.br\/petartesvisuais\/files\/2019\/02\/30725811_1950392435035465_3287507597745192960_n-106x159.jpg 106w, https:\/\/wp.ufpel.edu.br\/petartesvisuais\/files\/2019\/02\/30725811_1950392435035465_3287507597745192960_n-212x318.jpg 212w\" sizes=\"auto, (max-width: 640px) 100vw, 640px\" \/><\/a> <a href=\"https:\/\/wp.ufpel.edu.br\/petartesvisuais\/files\/2019\/02\/30725114_1950392315035477_8883012152277860352_n.jpg\"><img loading=\"lazy\" decoding=\"async\" class=\"aligncenter size-full wp-image-809\" src=\"https:\/\/wp.ufpel.edu.br\/petartesvisuais\/files\/2019\/02\/30725114_1950392315035477_8883012152277860352_n.jpg\" alt=\"\" width=\"960\" height=\"639\" srcset=\"https:\/\/wp.ufpel.edu.br\/petartesvisuais\/files\/2019\/02\/30725114_1950392315035477_8883012152277860352_n.jpg 960w, https:\/\/wp.ufpel.edu.br\/petartesvisuais\/files\/2019\/02\/30725114_1950392315035477_8883012152277860352_n-212x141.jpg 212w, https:\/\/wp.ufpel.edu.br\/petartesvisuais\/files\/2019\/02\/30725114_1950392315035477_8883012152277860352_n-424x282.jpg 424w, https:\/\/wp.ufpel.edu.br\/petartesvisuais\/files\/2019\/02\/30725114_1950392315035477_8883012152277860352_n-768x511.jpg 768w, https:\/\/wp.ufpel.edu.br\/petartesvisuais\/files\/2019\/02\/30725114_1950392315035477_8883012152277860352_n-816x543.jpg 816w\" sizes=\"auto, (max-width: 960px) 100vw, 960px\" \/><\/a> <a href=\"https:\/\/wp.ufpel.edu.br\/petartesvisuais\/files\/2019\/02\/30710987_1950391521702223_4515653766619332608_n.jpg\"><img loading=\"lazy\" decoding=\"async\" class=\"aligncenter size-full wp-image-808\" src=\"https:\/\/wp.ufpel.edu.br\/petartesvisuais\/files\/2019\/02\/30710987_1950391521702223_4515653766619332608_n.jpg\" alt=\"\" width=\"960\" height=\"639\" srcset=\"https:\/\/wp.ufpel.edu.br\/petartesvisuais\/files\/2019\/02\/30710987_1950391521702223_4515653766619332608_n.jpg 960w, https:\/\/wp.ufpel.edu.br\/petartesvisuais\/files\/2019\/02\/30710987_1950391521702223_4515653766619332608_n-212x141.jpg 212w, https:\/\/wp.ufpel.edu.br\/petartesvisuais\/files\/2019\/02\/30710987_1950391521702223_4515653766619332608_n-424x282.jpg 424w, https:\/\/wp.ufpel.edu.br\/petartesvisuais\/files\/2019\/02\/30710987_1950391521702223_4515653766619332608_n-768x511.jpg 768w, https:\/\/wp.ufpel.edu.br\/petartesvisuais\/files\/2019\/02\/30710987_1950391521702223_4515653766619332608_n-816x543.jpg 816w\" sizes=\"auto, (max-width: 960px) 100vw, 960px\" \/><\/a> <a href=\"https:\/\/wp.ufpel.edu.br\/petartesvisuais\/files\/2019\/02\/30710778_1950391758368866_5480608939504566272_n.jpg\"><img loading=\"lazy\" decoding=\"async\" class=\"aligncenter size-full wp-image-807\" src=\"https:\/\/wp.ufpel.edu.br\/petartesvisuais\/files\/2019\/02\/30710778_1950391758368866_5480608939504566272_n.jpg\" alt=\"\" width=\"960\" height=\"639\" srcset=\"https:\/\/wp.ufpel.edu.br\/petartesvisuais\/files\/2019\/02\/30710778_1950391758368866_5480608939504566272_n.jpg 960w, https:\/\/wp.ufpel.edu.br\/petartesvisuais\/files\/2019\/02\/30710778_1950391758368866_5480608939504566272_n-212x141.jpg 212w, https:\/\/wp.ufpel.edu.br\/petartesvisuais\/files\/2019\/02\/30710778_1950391758368866_5480608939504566272_n-424x282.jpg 424w, https:\/\/wp.ufpel.edu.br\/petartesvisuais\/files\/2019\/02\/30710778_1950391758368866_5480608939504566272_n-768x511.jpg 768w, https:\/\/wp.ufpel.edu.br\/petartesvisuais\/files\/2019\/02\/30710778_1950391758368866_5480608939504566272_n-816x543.jpg 816w\" sizes=\"auto, (max-width: 960px) 100vw, 960px\" \/><\/a><\/p>\n","protected":false},"excerpt":{"rendered":"<p>Fotos: Daniel Moura II DESLOCC AS PAISAGENS COTIDIANAS: \u201cDESCANSAR E RESISTIR\u201d Segunda edi\u00e7\u00e3o da exposi\u00e7\u00e3o de m\u00faltiplos impressos e exibi\u00e7\u00e3o de v\u00eddeos, que acontece como resultado de reflex\u00f5es e debates surgidos na disciplina Paisagens Cotidianas e Dispositivos de Compartilhamentos, do Mestrado em Artes Visuais &#8211;PPGAV\/UFPEL, sendo tamb\u00e9m fruto do Grupo de Pesquisa DESLOCC &#8211; Deslocamentos,\u00a0Observ\u00e2ncias [&hellip;]<\/p>\n","protected":false},"author":557,"featured_media":0,"parent":0,"menu_order":0,"comment_status":"closed","ping_status":"closed","template":"","meta":{"jetpack_post_was_ever_published":false,"footnotes":""},"class_list":["post-795","page","type-page","status-publish","hentry"],"jetpack_sharing_enabled":true,"_links":{"self":[{"href":"https:\/\/wp.ufpel.edu.br\/petartesvisuais\/wp-json\/wp\/v2\/pages\/795","targetHints":{"allow":["GET"]}}],"collection":[{"href":"https:\/\/wp.ufpel.edu.br\/petartesvisuais\/wp-json\/wp\/v2\/pages"}],"about":[{"href":"https:\/\/wp.ufpel.edu.br\/petartesvisuais\/wp-json\/wp\/v2\/types\/page"}],"author":[{"embeddable":true,"href":"https:\/\/wp.ufpel.edu.br\/petartesvisuais\/wp-json\/wp\/v2\/users\/557"}],"replies":[{"embeddable":true,"href":"https:\/\/wp.ufpel.edu.br\/petartesvisuais\/wp-json\/wp\/v2\/comments?post=795"}],"version-history":[{"count":2,"href":"https:\/\/wp.ufpel.edu.br\/petartesvisuais\/wp-json\/wp\/v2\/pages\/795\/revisions"}],"predecessor-version":[{"id":824,"href":"https:\/\/wp.ufpel.edu.br\/petartesvisuais\/wp-json\/wp\/v2\/pages\/795\/revisions\/824"}],"wp:attachment":[{"href":"https:\/\/wp.ufpel.edu.br\/petartesvisuais\/wp-json\/wp\/v2\/media?parent=795"}],"curies":[{"name":"wp","href":"https:\/\/api.w.org\/{rel}","templated":true}]}}