{"id":790,"date":"2019-02-26T18:36:49","date_gmt":"2019-02-26T21:36:49","guid":{"rendered":"https:\/\/wp.ufpel.edu.br\/petartesvisuais\/?page_id=790"},"modified":"2019-02-26T18:36:49","modified_gmt":"2019-02-26T21:36:49","slug":"co-fluir-o-tempo-da-imagem","status":"publish","type":"page","link":"https:\/\/wp.ufpel.edu.br\/petartesvisuais\/co-fluir-o-tempo-da-imagem\/","title":{"rendered":"Co-Fluir &#8211; O Tempo da Imagem"},"content":{"rendered":"<p><b>Co-Fluir &#8211; O tempo na imagem<\/b><\/p>\n<p><a href=\"https:\/\/wp.ufpel.edu.br\/petartesvisuais\/files\/2019\/02\/45282865_253431385344119_5123124122670333952_n.jpg\"><img loading=\"lazy\" decoding=\"async\" class=\"aligncenter size-full wp-image-793\" src=\"https:\/\/wp.ufpel.edu.br\/petartesvisuais\/files\/2019\/02\/45282865_253431385344119_5123124122670333952_n.jpg\" alt=\"\" width=\"960\" height=\"365\" srcset=\"https:\/\/wp.ufpel.edu.br\/petartesvisuais\/files\/2019\/02\/45282865_253431385344119_5123124122670333952_n.jpg 960w, https:\/\/wp.ufpel.edu.br\/petartesvisuais\/files\/2019\/02\/45282865_253431385344119_5123124122670333952_n-212x81.jpg 212w, https:\/\/wp.ufpel.edu.br\/petartesvisuais\/files\/2019\/02\/45282865_253431385344119_5123124122670333952_n-424x161.jpg 424w, https:\/\/wp.ufpel.edu.br\/petartesvisuais\/files\/2019\/02\/45282865_253431385344119_5123124122670333952_n-768x292.jpg 768w, https:\/\/wp.ufpel.edu.br\/petartesvisuais\/files\/2019\/02\/45282865_253431385344119_5123124122670333952_n-816x310.jpg 816w\" sizes=\"auto, (max-width: 960px) 100vw, 960px\" \/><\/a><a href=\"https:\/\/wp.ufpel.edu.br\/petartesvisuais\/files\/2019\/02\/45700309_1977492202327041_9730828229672960_n.jpg\"><img loading=\"lazy\" decoding=\"async\" class=\"aligncenter size-full wp-image-792\" src=\"https:\/\/wp.ufpel.edu.br\/petartesvisuais\/files\/2019\/02\/45700309_1977492202327041_9730828229672960_n.jpg\" alt=\"\" width=\"960\" height=\"504\" srcset=\"https:\/\/wp.ufpel.edu.br\/petartesvisuais\/files\/2019\/02\/45700309_1977492202327041_9730828229672960_n.jpg 960w, https:\/\/wp.ufpel.edu.br\/petartesvisuais\/files\/2019\/02\/45700309_1977492202327041_9730828229672960_n-212x111.jpg 212w, https:\/\/wp.ufpel.edu.br\/petartesvisuais\/files\/2019\/02\/45700309_1977492202327041_9730828229672960_n-424x223.jpg 424w, https:\/\/wp.ufpel.edu.br\/petartesvisuais\/files\/2019\/02\/45700309_1977492202327041_9730828229672960_n-768x403.jpg 768w, https:\/\/wp.ufpel.edu.br\/petartesvisuais\/files\/2019\/02\/45700309_1977492202327041_9730828229672960_n-816x428.jpg 816w\" sizes=\"auto, (max-width: 960px) 100vw, 960px\" \/><\/a><\/p>\n<h3 style=\"text-align: justify\"><b>Festival co-fluir prop\u00f5e di\u00e1logo sobre o tempo da imagem<\/b><\/h3>\n<p style=\"text-align: justify\"><span style=\"font-weight: 400\">08:26 | por Resumo Fotogr\u00e1fico<\/span><\/p>\n<p style=\"text-align: justify\"><span style=\"font-weight: 400\">A segunda edi\u00e7\u00e3o do co-fluir traz o tema \u201cO tempo da imagem\u201d e convida grandes fot\u00f3grafas e fot\u00f3grafos do Brasil e do mundo para dialogar e celebrar a fotografia. O festival ser\u00e1 realizado em Belo Horizonte entre os dias 14 e 18 de novembro e contar\u00e1 com rodas de conversa, palestras, exposi\u00e7\u00f5es, sa\u00edda fotogr\u00e1fica, leituras de portf\u00f3lio, oficinas, feira fotogr\u00e1fica e outras atividades.<\/span><\/p>\n<p style=\"text-align: justify\"><span style=\"font-weight: 400\">As convocat\u00f3rias para sele\u00e7\u00e3o de fotografias est\u00e3o com inscri\u00e7\u00f5es abertas at\u00e9 o dia 3 de novembro. Neste ano ser\u00e3o tr\u00eas categorias: foto \u00fanica, ensaio e publica\u00e7\u00f5es impressas. A proposta \u00e9 fomentar a fotografia nos diferentes momentos do processo criativo. Os artistas selecionados na categoria foto \u00fanica ter\u00e3o suas fotos expostas durante o festival na A Central, um dos locais que vai receber o co-fluir; na categoria ensaio ser\u00e3o colados lambe-lambe em diversos locais da cidade; e as publica\u00e7\u00f5es impressas ser\u00e3o lan\u00e7adas tamb\u00e9m durante o evento na A Central.<\/span><\/p>\n<p style=\"text-align: justify\"><span style=\"font-weight: 400\">O festival \u00e9 realizado por um coletivo independente de fot\u00f3grafos e traz, neste ano, uma loja virtual onde ser\u00e3o comercializadas fotografias de v\u00e1rios artistas. O dinheiro arrecadado com as vendas ir\u00e1 custear a programa\u00e7\u00e3o do festival, como infra-estrutura e a vinda de convidados. A loja estar\u00e1 no ar a partir de quarta-feira, dia 31-10, e poder\u00e1 ser acessada pelo site <\/span><a href=\"http:\/\/www.cofluir.com.br\/\"><span style=\"font-weight: 400\">www.cofluir.com.br<\/span><\/a><span style=\"font-weight: 400\">. <\/span><\/p>\n<p style=\"text-align: justify\"><span style=\"font-weight: 400\">A fotografia e o flanar pelas ruas continuam sendo a motiva\u00e7\u00e3o do festival, que este ano pretende ir al\u00e9m e dialogar sobre o tempo da imagem, ampliando o di\u00e1logo entre diferentes \u00e1reas da fotografia. A proposta \u00e9 pensar e refletir sobre esse tempo, sempre presente na fotografia, desde \u00e0 concep\u00e7\u00e3o da imagem \u00e0 sua publica\u00e7\u00e3o. Propomos uma imers\u00e3o com di\u00e1logos, troca de experi\u00eancias e questionamentos sobre esse fazer \u00edntimo e subjetivo que \u00e9 o ato de fotografar. A maior parte da programa\u00e7\u00e3o \u00e9 gratuita. As exce\u00e7\u00f5es s\u00e3o para as oficinas e leitura de portif\u00f3lio. <\/span><\/p>\n<p style=\"text-align: justify\"><span style=\"font-weight: 400\">Dentre os fot\u00f3grafos convidados est\u00e3o a pernambucana B\u00e1rbara Wagner; a holandesa Corinne Noordenbos; Nitro Imagens, Coletivo Mofo e o Erro 99, de Belo Horizonte; Guilherme Galembeck; Gustavo Morita; Hudson Rodrigues, Ilana Bar, de S\u00e3o Paulo; e a paraense Nayara Jinkinss. <\/span><\/p>\n<p style=\"text-align: justify\"><span style=\"font-weight: 400\">SERVI\u00c7O<br \/>\n<\/span><i><span style=\"font-weight: 400\">Festival co-fluir \u2013 Encontro de Fotografia \u201cO tempo da imagem\u201d<br \/>\n<\/span><\/i><b>Data:<\/b><span> 14 a 18 de novembro\/2018<br \/>\n<\/span><b>Local:<\/b><span style=\"font-weight: 400\"> Belo Horizonte\/MG<br \/>\n<\/span><b>Informa\u00e7\u00f5es:<\/b> <a href=\"https:\/\/www.cofluir.com.br\/\"><span style=\"font-weight: 400\">www.cofluir.com.br<\/span><\/a><\/p>\n<p><a href=\"https:\/\/wp.ufpel.edu.br\/petartesvisuais\/files\/2019\/02\/Exposi\u00e7\u00e3o-Co-fluir-o-tempo-da-imagem-BH.png\"><img loading=\"lazy\" decoding=\"async\" class=\"aligncenter size-full wp-image-724\" src=\"https:\/\/wp.ufpel.edu.br\/petartesvisuais\/files\/2019\/02\/Exposi\u00e7\u00e3o-Co-fluir-o-tempo-da-imagem-BH.png\" alt=\"\" width=\"1362\" height=\"692\" srcset=\"https:\/\/wp.ufpel.edu.br\/petartesvisuais\/files\/2019\/02\/Exposi\u00e7\u00e3o-Co-fluir-o-tempo-da-imagem-BH.png 1362w, https:\/\/wp.ufpel.edu.br\/petartesvisuais\/files\/2019\/02\/Exposi\u00e7\u00e3o-Co-fluir-o-tempo-da-imagem-BH-212x108.png 212w, https:\/\/wp.ufpel.edu.br\/petartesvisuais\/files\/2019\/02\/Exposi\u00e7\u00e3o-Co-fluir-o-tempo-da-imagem-BH-424x215.png 424w, https:\/\/wp.ufpel.edu.br\/petartesvisuais\/files\/2019\/02\/Exposi\u00e7\u00e3o-Co-fluir-o-tempo-da-imagem-BH-768x390.png 768w, https:\/\/wp.ufpel.edu.br\/petartesvisuais\/files\/2019\/02\/Exposi\u00e7\u00e3o-Co-fluir-o-tempo-da-imagem-BH-816x415.png 816w\" sizes=\"auto, (max-width: 1362px) 100vw, 1362px\" \/><\/a><\/p>\n","protected":false},"excerpt":{"rendered":"<p>Co-Fluir &#8211; O tempo na imagem Festival co-fluir prop\u00f5e di\u00e1logo sobre o tempo da imagem 08:26 | por Resumo Fotogr\u00e1fico A segunda edi\u00e7\u00e3o do co-fluir traz o tema \u201cO tempo da imagem\u201d e convida grandes fot\u00f3grafas e fot\u00f3grafos do Brasil e do mundo para dialogar e celebrar a fotografia. O festival ser\u00e1 realizado em Belo [&hellip;]<\/p>\n","protected":false},"author":557,"featured_media":0,"parent":0,"menu_order":0,"comment_status":"closed","ping_status":"closed","template":"","meta":{"jetpack_post_was_ever_published":false,"footnotes":""},"class_list":["post-790","page","type-page","status-publish","hentry"],"jetpack_sharing_enabled":true,"_links":{"self":[{"href":"https:\/\/wp.ufpel.edu.br\/petartesvisuais\/wp-json\/wp\/v2\/pages\/790","targetHints":{"allow":["GET"]}}],"collection":[{"href":"https:\/\/wp.ufpel.edu.br\/petartesvisuais\/wp-json\/wp\/v2\/pages"}],"about":[{"href":"https:\/\/wp.ufpel.edu.br\/petartesvisuais\/wp-json\/wp\/v2\/types\/page"}],"author":[{"embeddable":true,"href":"https:\/\/wp.ufpel.edu.br\/petartesvisuais\/wp-json\/wp\/v2\/users\/557"}],"replies":[{"embeddable":true,"href":"https:\/\/wp.ufpel.edu.br\/petartesvisuais\/wp-json\/wp\/v2\/comments?post=790"}],"version-history":[{"count":1,"href":"https:\/\/wp.ufpel.edu.br\/petartesvisuais\/wp-json\/wp\/v2\/pages\/790\/revisions"}],"predecessor-version":[{"id":794,"href":"https:\/\/wp.ufpel.edu.br\/petartesvisuais\/wp-json\/wp\/v2\/pages\/790\/revisions\/794"}],"wp:attachment":[{"href":"https:\/\/wp.ufpel.edu.br\/petartesvisuais\/wp-json\/wp\/v2\/media?parent=790"}],"curies":[{"name":"wp","href":"https:\/\/api.w.org\/{rel}","templated":true}]}}

<p><b>Co-Fluir &#8211; O tempo na imagem</b></p>
<p><a href="https://wp.ufpel.edu.br/petartesvisuais/files/2019/02/45282865_253431385344119_5123124122670333952_n.jpg"><img loading="lazy" decoding="async" class="aligncenter size-full wp-image-793" src="https://wp.ufpel.edu.br/petartesvisuais/files/2019/02/45282865_253431385344119_5123124122670333952_n.jpg" alt="" width="960" height="365" srcset="https://wp.ufpel.edu.br/petartesvisuais/files/2019/02/45282865_253431385344119_5123124122670333952_n.jpg 960w, https://wp.ufpel.edu.br/petartesvisuais/files/2019/02/45282865_253431385344119_5123124122670333952_n-212x81.jpg 212w, https://wp.ufpel.edu.br/petartesvisuais/files/2019/02/45282865_253431385344119_5123124122670333952_n-424x161.jpg 424w, https://wp.ufpel.edu.br/petartesvisuais/files/2019/02/45282865_253431385344119_5123124122670333952_n-768x292.jpg 768w, https://wp.ufpel.edu.br/petartesvisuais/files/2019/02/45282865_253431385344119_5123124122670333952_n-816x310.jpg 816w" sizes="auto, (max-width: 960px) 100vw, 960px" /></a><a href="https://wp.ufpel.edu.br/petartesvisuais/files/2019/02/45700309_1977492202327041_9730828229672960_n.jpg"><img loading="lazy" decoding="async" class="aligncenter size-full wp-image-792" src="https://wp.ufpel.edu.br/petartesvisuais/files/2019/02/45700309_1977492202327041_9730828229672960_n.jpg" alt="" width="960" height="504" srcset="https://wp.ufpel.edu.br/petartesvisuais/files/2019/02/45700309_1977492202327041_9730828229672960_n.jpg 960w, https://wp.ufpel.edu.br/petartesvisuais/files/2019/02/45700309_1977492202327041_9730828229672960_n-212x111.jpg 212w, https://wp.ufpel.edu.br/petartesvisuais/files/2019/02/45700309_1977492202327041_9730828229672960_n-424x223.jpg 424w, https://wp.ufpel.edu.br/petartesvisuais/files/2019/02/45700309_1977492202327041_9730828229672960_n-768x403.jpg 768w, https://wp.ufpel.edu.br/petartesvisuais/files/2019/02/45700309_1977492202327041_9730828229672960_n-816x428.jpg 816w" sizes="auto, (max-width: 960px) 100vw, 960px" /></a></p>
<h3 style="text-align: justify"><b>Festival co-fluir propõe diálogo sobre o tempo da imagem</b></h3>
<p style="text-align: justify"><span style="font-weight: 400">08:26 | por Resumo Fotográfico</span></p>
<p style="text-align: justify"><span style="font-weight: 400">A segunda edição do co-fluir traz o tema “O tempo da imagem” e convida grandes fotógrafas e fotógrafos do Brasil e do mundo para dialogar e celebrar a fotografia. O festival será realizado em Belo Horizonte entre os dias 14 e 18 de novembro e contará com rodas de conversa, palestras, exposições, saída fotográfica, leituras de portfólio, oficinas, feira fotográfica e outras atividades.</span></p>
<p style="text-align: justify"><span style="font-weight: 400">As convocatórias para seleção de fotografias estão com inscrições abertas até o dia 3 de novembro. Neste ano serão três categorias: foto única, ensaio e publicações impressas. A proposta é fomentar a fotografia nos diferentes momentos do processo criativo. Os artistas selecionados na categoria foto única terão suas fotos expostas durante o festival na A Central, um dos locais que vai receber o co-fluir; na categoria ensaio serão colados lambe-lambe em diversos locais da cidade; e as publicações impressas serão lançadas também durante o evento na A Central.</span></p>
<p style="text-align: justify"><span style="font-weight: 400">O festival é realizado por um coletivo independente de fotógrafos e traz, neste ano, uma loja virtual onde serão comercializadas fotografias de vários artistas. O dinheiro arrecadado com as vendas irá custear a programação do festival, como infra-estrutura e a vinda de convidados. A loja estará no ar a partir de quarta-feira, dia 31-10, e poderá ser acessada pelo site </span><a href="http://www.cofluir.com.br/"><span style="font-weight: 400">www.cofluir.com.br</span></a><span style="font-weight: 400">. </span></p>
<p style="text-align: justify"><span style="font-weight: 400">A fotografia e o flanar pelas ruas continuam sendo a motivação do festival, que este ano pretende ir além e dialogar sobre o tempo da imagem, ampliando o diálogo entre diferentes áreas da fotografia. A proposta é pensar e refletir sobre esse tempo, sempre presente na fotografia, desde à concepção da imagem à sua publicação. Propomos uma imersão com diálogos, troca de experiências e questionamentos sobre esse fazer íntimo e subjetivo que é o ato de fotografar. A maior parte da programação é gratuita. As exceções são para as oficinas e leitura de portifólio. </span></p>
<p style="text-align: justify"><span style="font-weight: 400">Dentre os fotógrafos convidados estão a pernambucana Bárbara Wagner; a holandesa Corinne Noordenbos; Nitro Imagens, Coletivo Mofo e o Erro 99, de Belo Horizonte; Guilherme Galembeck; Gustavo Morita; Hudson Rodrigues, Ilana Bar, de São Paulo; e a paraense Nayara Jinkinss. </span></p>
<p style="text-align: justify"><span style="font-weight: 400">SERVIÇO<br />
</span><i><span style="font-weight: 400">Festival co-fluir – Encontro de Fotografia “O tempo da imagem”<br />
</span></i><b>Data:</b><span> 14 a 18 de novembro/2018<br />
</span><b>Local:</b><span style="font-weight: 400"> Belo Horizonte/MG<br />
</span><b>Informações:</b> <a href="https://www.cofluir.com.br/"><span style="font-weight: 400">www.cofluir.com.br</span></a></p>
<p><a href="https://wp.ufpel.edu.br/petartesvisuais/files/2019/02/Exposição-Co-fluir-o-tempo-da-imagem-BH.png"><img loading="lazy" decoding="async" class="aligncenter size-full wp-image-724" src="https://wp.ufpel.edu.br/petartesvisuais/files/2019/02/Exposição-Co-fluir-o-tempo-da-imagem-BH.png" alt="" width="1362" height="692" srcset="https://wp.ufpel.edu.br/petartesvisuais/files/2019/02/Exposição-Co-fluir-o-tempo-da-imagem-BH.png 1362w, https://wp.ufpel.edu.br/petartesvisuais/files/2019/02/Exposição-Co-fluir-o-tempo-da-imagem-BH-212x108.png 212w, https://wp.ufpel.edu.br/petartesvisuais/files/2019/02/Exposição-Co-fluir-o-tempo-da-imagem-BH-424x215.png 424w, https://wp.ufpel.edu.br/petartesvisuais/files/2019/02/Exposição-Co-fluir-o-tempo-da-imagem-BH-768x390.png 768w, https://wp.ufpel.edu.br/petartesvisuais/files/2019/02/Exposição-Co-fluir-o-tempo-da-imagem-BH-816x415.png 816w" sizes="auto, (max-width: 1362px) 100vw, 1362px" /></a></p>

<p>Co-Fluir &#8211; O tempo na imagem Festival co-fluir propõe diálogo sobre o tempo da imagem 08:26 | por Resumo Fotográfico A segunda edição do co-fluir traz o tema “O tempo da imagem” e convida grandes fotógrafas e fotógrafos do Brasil e do mundo para dialogar e celebrar a fotografia. O festival será realizado em Belo [&hellip;]</p>
