{"id":770,"date":"2019-02-26T18:32:50","date_gmt":"2019-02-26T21:32:50","guid":{"rendered":"https:\/\/wp.ufpel.edu.br\/petartesvisuais\/?page_id=770"},"modified":"2019-02-26T18:34:10","modified_gmt":"2019-02-26T21:34:10","slug":"imagerie","status":"publish","type":"page","link":"https:\/\/wp.ufpel.edu.br\/petartesvisuais\/imagerie\/","title":{"rendered":"Imagerie &#8211; Coletiva Fotogr\u00e1fica"},"content":{"rendered":"<p style=\"text-align: justify\"><b>Imagerie &#8211; Coletiva Fotogr\u00e1fica<\/b><\/p>\n<p><a href=\"https:\/\/wp.ufpel.edu.br\/petartesvisuais\/files\/2019\/02\/47572783_1898751523534249_6983391139944464384_o.jpg\"><img loading=\"lazy\" decoding=\"async\" class=\"aligncenter size-full wp-image-772\" src=\"https:\/\/wp.ufpel.edu.br\/petartesvisuais\/files\/2019\/02\/47572783_1898751523534249_6983391139944464384_o.jpg\" alt=\"\" width=\"2000\" height=\"1050\" srcset=\"https:\/\/wp.ufpel.edu.br\/petartesvisuais\/files\/2019\/02\/47572783_1898751523534249_6983391139944464384_o.jpg 2000w, https:\/\/wp.ufpel.edu.br\/petartesvisuais\/files\/2019\/02\/47572783_1898751523534249_6983391139944464384_o-212x111.jpg 212w, https:\/\/wp.ufpel.edu.br\/petartesvisuais\/files\/2019\/02\/47572783_1898751523534249_6983391139944464384_o-424x223.jpg 424w, https:\/\/wp.ufpel.edu.br\/petartesvisuais\/files\/2019\/02\/47572783_1898751523534249_6983391139944464384_o-768x403.jpg 768w, https:\/\/wp.ufpel.edu.br\/petartesvisuais\/files\/2019\/02\/47572783_1898751523534249_6983391139944464384_o-816x428.jpg 816w\" sizes=\"auto, (max-width: 2000px) 100vw, 2000px\" \/><\/a><\/p>\n<p style=\"text-align: justify\"><span style=\"font-weight: 400\">Considerando as pesquisas contempor\u00e2neas que versam sobre o tema IMAGEM, reconhecemos que ela deixou de ser o antigo objeto \u00f3ptico do olhar para transformar-se em IMAGERIE, ou seja, produ\u00e7\u00e3o de imagens. E isso se d\u00e1 devido \u00e0s transforma\u00e7\u00f5es provocadas pelas novas tecnologias. Assim, \u00e9 poss\u00edvel afirmar que a palavra imagem est\u00e1 mais relacionada ao impacto de sua visibilidade cultural do que propriamente \u00e0 representa\u00e7\u00e3o vis\u00edvel de algum objeto ou situa\u00e7\u00e3o.<\/span><\/p>\n<p style=\"text-align: justify\"><span style=\"font-weight: 400\">Nesta exposi\u00e7\u00e3o buscamos \u201ctraduzir\u201d em imagens o resultado de estudos desenvolvidos ao longo dos \u00faltimos meses versando sobre o tema, na disciplina Imagem e Consumo na Contemporaneidade, do curso de Artes Visuais &#8211; Licenciatura (Centro de Artes, UFPel). O nosso desafio foi apresentar diferentes pontos de vista sobre o conceito de imagem atrav\u00e9s de fotografias, relacionando-as ao que evocam atrav\u00e9s das rela\u00e7\u00f5es simb\u00f3licas estabelecidas por cada um dos expositores.<\/span><\/p>\n<p style=\"text-align: justify\"><span style=\"font-weight: 400\">Portanto, deixamos aos espectadores o desafio de perceberem as fotografias expostas para al\u00e9m da caracter\u00edstica de registro, fruto de um testemunho ocular dos fatos. Esperamos que as relacionem aos sentidos que adquirem enquanto s\u00edmbolos, extrapolando a visualidade de representa\u00e7\u00e3o: Cada uma delas resulta do modo como apreendemos e compreendemos o mundo das imagens por n\u00f3s partilhando.<br \/>\n<\/span><span style=\"font-weight: 400\">Prof. Dr\u00aa Cl\u00e1udia Brand\u00e3o<br \/>\n<\/span><span style=\"font-weight: 400\">Dezembro\/2018<\/span><\/p>\n<p style=\"text-align: justify\"><span style=\"font-weight: 400\">CAMILA BURQUEZ &#8211; C\u00c9SAR COUTO &#8211; CL\u00c1UDIA BRAND\u00c3O &#8211; FERNANDA FONSECA &#8211; GABRIELA CUNHA &#8211; GUILE FARIAS &#8211; HUMBERTO MIRESKI &#8211; LUIZA CARAPETO &#8211; MANUELA CORR\u00caA &#8211; NELDA PINHO &#8211; TALIA CORTES &#8211; VINICIUS CORREA<\/span><\/p>\n<p style=\"text-align: justify\"><span style=\"font-weight: 400\">LOCAL<br \/>\n<\/span><span style=\"font-weight: 400\">Hall da Bliblioteca ICH ISP FAE &#8211; UFPel<\/span><\/p>\n<p style=\"text-align: justify\"><span style=\"font-weight: 400\">PER\u00cdODO DE EXPOSI\u00c7\u00c3O<br \/>\n<\/span><span style=\"font-weight: 400\">12 de dezembro a 21 de dezembro de 2018.<\/span><\/p>\n<p><a href=\"https:\/\/wp.ufpel.edu.br\/petartesvisuais\/files\/2019\/02\/IMG_20181213_153912987.jpg\"><img loading=\"lazy\" decoding=\"async\" class=\"aligncenter size-full wp-image-777\" src=\"https:\/\/wp.ufpel.edu.br\/petartesvisuais\/files\/2019\/02\/IMG_20181213_153912987.jpg\" alt=\"\" width=\"1836\" height=\"3264\" \/><\/a> <a href=\"https:\/\/wp.ufpel.edu.br\/petartesvisuais\/files\/2019\/02\/IMG_20181213_153929383.jpg\"><img loading=\"lazy\" decoding=\"async\" class=\"aligncenter size-full wp-image-778\" src=\"https:\/\/wp.ufpel.edu.br\/petartesvisuais\/files\/2019\/02\/IMG_20181213_153929383.jpg\" alt=\"\" width=\"1836\" height=\"3264\" \/><\/a> <a href=\"https:\/\/wp.ufpel.edu.br\/petartesvisuais\/files\/2019\/02\/IMG_20181213_153937496.jpg\"><img loading=\"lazy\" decoding=\"async\" class=\"aligncenter size-full wp-image-779\" src=\"https:\/\/wp.ufpel.edu.br\/petartesvisuais\/files\/2019\/02\/IMG_20181213_153937496.jpg\" alt=\"\" width=\"1836\" height=\"3264\" srcset=\"https:\/\/wp.ufpel.edu.br\/petartesvisuais\/files\/2019\/02\/IMG_20181213_153937496.jpg 1836w, https:\/\/wp.ufpel.edu.br\/petartesvisuais\/files\/2019\/02\/IMG_20181213_153937496-89x159.jpg 89w, https:\/\/wp.ufpel.edu.br\/petartesvisuais\/files\/2019\/02\/IMG_20181213_153937496-179x318.jpg 179w, https:\/\/wp.ufpel.edu.br\/petartesvisuais\/files\/2019\/02\/IMG_20181213_153937496-768x1365.jpg 768w, https:\/\/wp.ufpel.edu.br\/petartesvisuais\/files\/2019\/02\/IMG_20181213_153937496-816x1451.jpg 816w\" sizes=\"auto, (max-width: 1836px) 100vw, 1836px\" \/><\/a> <a href=\"https:\/\/wp.ufpel.edu.br\/petartesvisuais\/files\/2019\/02\/IMG_20181213_153951345.jpg\"><img loading=\"lazy\" decoding=\"async\" class=\"aligncenter size-full wp-image-780\" src=\"https:\/\/wp.ufpel.edu.br\/petartesvisuais\/files\/2019\/02\/IMG_20181213_153951345.jpg\" alt=\"\" width=\"1836\" height=\"3264\" \/><\/a> <a href=\"https:\/\/wp.ufpel.edu.br\/petartesvisuais\/files\/2019\/02\/IMG_20181213_153958513.jpg\"><img loading=\"lazy\" decoding=\"async\" class=\"aligncenter size-full wp-image-781\" src=\"https:\/\/wp.ufpel.edu.br\/petartesvisuais\/files\/2019\/02\/IMG_20181213_153958513.jpg\" alt=\"\" width=\"1836\" height=\"3264\" srcset=\"https:\/\/wp.ufpel.edu.br\/petartesvisuais\/files\/2019\/02\/IMG_20181213_153958513.jpg 1836w, https:\/\/wp.ufpel.edu.br\/petartesvisuais\/files\/2019\/02\/IMG_20181213_153958513-89x159.jpg 89w, https:\/\/wp.ufpel.edu.br\/petartesvisuais\/files\/2019\/02\/IMG_20181213_153958513-179x318.jpg 179w, https:\/\/wp.ufpel.edu.br\/petartesvisuais\/files\/2019\/02\/IMG_20181213_153958513-768x1365.jpg 768w, https:\/\/wp.ufpel.edu.br\/petartesvisuais\/files\/2019\/02\/IMG_20181213_153958513-816x1451.jpg 816w\" sizes=\"auto, (max-width: 1836px) 100vw, 1836px\" \/><\/a> <a href=\"https:\/\/wp.ufpel.edu.br\/petartesvisuais\/files\/2019\/02\/IMG_20181213_154010872.jpg\"><img loading=\"lazy\" decoding=\"async\" class=\"aligncenter size-full wp-image-782\" src=\"https:\/\/wp.ufpel.edu.br\/petartesvisuais\/files\/2019\/02\/IMG_20181213_154010872.jpg\" alt=\"\" width=\"1836\" height=\"3264\" \/><\/a><\/p>\n","protected":false},"excerpt":{"rendered":"<p>Imagerie &#8211; Coletiva Fotogr\u00e1fica Considerando as pesquisas contempor\u00e2neas que versam sobre o tema IMAGEM, reconhecemos que ela deixou de ser o antigo objeto \u00f3ptico do olhar para transformar-se em IMAGERIE, ou seja, produ\u00e7\u00e3o de imagens. E isso se d\u00e1 devido \u00e0s transforma\u00e7\u00f5es provocadas pelas novas tecnologias. Assim, \u00e9 poss\u00edvel afirmar que a palavra imagem est\u00e1 [&hellip;]<\/p>\n","protected":false},"author":557,"featured_media":0,"parent":0,"menu_order":0,"comment_status":"closed","ping_status":"closed","template":"","meta":{"jetpack_post_was_ever_published":false,"footnotes":""},"class_list":["post-770","page","type-page","status-publish","hentry"],"jetpack_sharing_enabled":true,"_links":{"self":[{"href":"https:\/\/wp.ufpel.edu.br\/petartesvisuais\/wp-json\/wp\/v2\/pages\/770","targetHints":{"allow":["GET"]}}],"collection":[{"href":"https:\/\/wp.ufpel.edu.br\/petartesvisuais\/wp-json\/wp\/v2\/pages"}],"about":[{"href":"https:\/\/wp.ufpel.edu.br\/petartesvisuais\/wp-json\/wp\/v2\/types\/page"}],"author":[{"embeddable":true,"href":"https:\/\/wp.ufpel.edu.br\/petartesvisuais\/wp-json\/wp\/v2\/users\/557"}],"replies":[{"embeddable":true,"href":"https:\/\/wp.ufpel.edu.br\/petartesvisuais\/wp-json\/wp\/v2\/comments?post=770"}],"version-history":[{"count":2,"href":"https:\/\/wp.ufpel.edu.br\/petartesvisuais\/wp-json\/wp\/v2\/pages\/770\/revisions"}],"predecessor-version":[{"id":788,"href":"https:\/\/wp.ufpel.edu.br\/petartesvisuais\/wp-json\/wp\/v2\/pages\/770\/revisions\/788"}],"wp:attachment":[{"href":"https:\/\/wp.ufpel.edu.br\/petartesvisuais\/wp-json\/wp\/v2\/media?parent=770"}],"curies":[{"name":"wp","href":"https:\/\/api.w.org\/{rel}","templated":true}]}}