{"id":747,"date":"2019-02-26T18:14:20","date_gmt":"2019-02-26T21:14:20","guid":{"rendered":"https:\/\/wp.ufpel.edu.br\/petartesvisuais\/?page_id=747"},"modified":"2019-02-26T18:14:20","modified_gmt":"2019-02-26T21:14:20","slug":"nufolk-nucleo-de-folclore-da-ufpel","status":"publish","type":"page","link":"https:\/\/wp.ufpel.edu.br\/petartesvisuais\/nufolk-nucleo-de-folclore-da-ufpel\/","title":{"rendered":"Nufolk &#8211; N\u00facleo de Folclore da UFPel"},"content":{"rendered":"<p style=\"text-align: justify\"><b>Nufolk \u2013 N\u00facleo de Folclore da UFPel, <\/b><span style=\"font-weight: 400\">coordenado pelo Prof. Dr. Thiago Amorim Jesus<\/span><b>,<\/b><span style=\"font-weight: 400\"> se caracteriza por oportunizar a viv\u00eancia, investiga\u00e7\u00e3o, promo\u00e7\u00e3o, educa\u00e7\u00e3o e difus\u00e3o das artes populares e do folclore por meio de diferentes estrat\u00e9gias, parcerias e possibilidades de inser\u00e7\u00e3o. Promove oficinas, cursos, aulas abertas, palestras, pesquisas e festivais, o n\u00facleo organiza a Semana do Folclore na cidade, Articula-se com o ensino e a pesquisa, nesse vi\u00e9s atuou o bolsista Frederico Sampaio, que colaborou como designer gr\u00e1fico na produ\u00e7\u00e3o de material did\u00e1tico para o n\u00facleo. O aluno apresentou o trabalho: <\/span><span style=\"font-weight: 400\">\u00a0<\/span><span style=\"font-weight: 400\">Proposta visual do livro did\u00e1tico \u201cCarnaval do Sul: \u00e9 hora de folia na escola, no IV CEG\/UFPel.<\/span><\/p>\n<p>Conhe\u00e7a mais sobre o n\u00facleo no site: https:\/\/wp.ufpel.edu.br\/nufolk<\/p>\n<p><a href=\"https:\/\/wp.ufpel.edu.br\/petartesvisuais\/files\/2019\/02\/fred-folclore.png\"><img loading=\"lazy\" decoding=\"async\" class=\"aligncenter size-full wp-image-752\" src=\"https:\/\/wp.ufpel.edu.br\/petartesvisuais\/files\/2019\/02\/fred-folclore.png\" alt=\"\" width=\"867\" height=\"598\" srcset=\"https:\/\/wp.ufpel.edu.br\/petartesvisuais\/files\/2019\/02\/fred-folclore.png 867w, https:\/\/wp.ufpel.edu.br\/petartesvisuais\/files\/2019\/02\/fred-folclore-212x146.png 212w, https:\/\/wp.ufpel.edu.br\/petartesvisuais\/files\/2019\/02\/fred-folclore-424x292.png 424w, https:\/\/wp.ufpel.edu.br\/petartesvisuais\/files\/2019\/02\/fred-folclore-768x530.png 768w, https:\/\/wp.ufpel.edu.br\/petartesvisuais\/files\/2019\/02\/fred-folclore-816x563.png 816w\" sizes=\"auto, (max-width: 867px) 100vw, 867px\" \/><\/a><\/p>\n","protected":false},"excerpt":{"rendered":"<p>Nufolk \u2013 N\u00facleo de Folclore da UFPel, coordenado pelo Prof. Dr. Thiago Amorim Jesus, se caracteriza por oportunizar a viv\u00eancia, investiga\u00e7\u00e3o, promo\u00e7\u00e3o, educa\u00e7\u00e3o e difus\u00e3o das artes populares e do folclore por meio de diferentes estrat\u00e9gias, parcerias e possibilidades de inser\u00e7\u00e3o. Promove oficinas, cursos, aulas abertas, palestras, pesquisas e festivais, o n\u00facleo organiza a Semana [&hellip;]<\/p>\n","protected":false},"author":557,"featured_media":0,"parent":0,"menu_order":0,"comment_status":"closed","ping_status":"closed","template":"","meta":{"jetpack_post_was_ever_published":false,"footnotes":""},"class_list":["post-747","page","type-page","status-publish","hentry"],"jetpack_sharing_enabled":true,"_links":{"self":[{"href":"https:\/\/wp.ufpel.edu.br\/petartesvisuais\/wp-json\/wp\/v2\/pages\/747","targetHints":{"allow":["GET"]}}],"collection":[{"href":"https:\/\/wp.ufpel.edu.br\/petartesvisuais\/wp-json\/wp\/v2\/pages"}],"about":[{"href":"https:\/\/wp.ufpel.edu.br\/petartesvisuais\/wp-json\/wp\/v2\/types\/page"}],"author":[{"embeddable":true,"href":"https:\/\/wp.ufpel.edu.br\/petartesvisuais\/wp-json\/wp\/v2\/users\/557"}],"replies":[{"embeddable":true,"href":"https:\/\/wp.ufpel.edu.br\/petartesvisuais\/wp-json\/wp\/v2\/comments?post=747"}],"version-history":[{"count":1,"href":"https:\/\/wp.ufpel.edu.br\/petartesvisuais\/wp-json\/wp\/v2\/pages\/747\/revisions"}],"predecessor-version":[{"id":753,"href":"https:\/\/wp.ufpel.edu.br\/petartesvisuais\/wp-json\/wp\/v2\/pages\/747\/revisions\/753"}],"wp:attachment":[{"href":"https:\/\/wp.ufpel.edu.br\/petartesvisuais\/wp-json\/wp\/v2\/media?parent=747"}],"curies":[{"name":"wp","href":"https:\/\/api.w.org\/{rel}","templated":true}]}}

Nufolk &#8211; Núcleo de Folclore da UFPel

<p style="text-align: justify"><b>Nufolk – Núcleo de Folclore da UFPel, </b><span style="font-weight: 400">coordenado pelo Prof. Dr. Thiago Amorim Jesus</span><b>,</b><span style="font-weight: 400"> se caracteriza por oportunizar a vivência, investigação, promoção, educação e difusão das artes populares e do folclore por meio de diferentes estratégias, parcerias e possibilidades de inserção. Promove oficinas, cursos, aulas abertas, palestras, pesquisas e festivais, o núcleo organiza a Semana do Folclore na cidade, Articula-se com o ensino e a pesquisa, nesse viés atuou o bolsista Frederico Sampaio, que colaborou como designer gráfico na produção de material didático para o núcleo. O aluno apresentou o trabalho: </span><span style="font-weight: 400"> </span><span style="font-weight: 400">Proposta visual do livro didático “Carnaval do Sul: é hora de folia na escola, no IV CEG/UFPel.</span></p>
<p>Conheça mais sobre o núcleo no site: https://wp.ufpel.edu.br/nufolk</p>
<p><a href="https://wp.ufpel.edu.br/petartesvisuais/files/2019/02/fred-folclore.png"><img loading="lazy" decoding="async" class="aligncenter size-full wp-image-752" src="https://wp.ufpel.edu.br/petartesvisuais/files/2019/02/fred-folclore.png" alt="" width="867" height="598" srcset="https://wp.ufpel.edu.br/petartesvisuais/files/2019/02/fred-folclore.png 867w, https://wp.ufpel.edu.br/petartesvisuais/files/2019/02/fred-folclore-212x146.png 212w, https://wp.ufpel.edu.br/petartesvisuais/files/2019/02/fred-folclore-424x292.png 424w, https://wp.ufpel.edu.br/petartesvisuais/files/2019/02/fred-folclore-768x530.png 768w, https://wp.ufpel.edu.br/petartesvisuais/files/2019/02/fred-folclore-816x563.png 816w" sizes="auto, (max-width: 867px) 100vw, 867px" /></a></p>

<p>Nufolk – Núcleo de Folclore da UFPel, coordenado pelo Prof. Dr. Thiago Amorim Jesus, se caracteriza por oportunizar a vivência, investigação, promoção, educação e difusão das artes populares e do folclore por meio de diferentes estratégias, parcerias e possibilidades de inserção. Promove oficinas, cursos, aulas abertas, palestras, pesquisas e festivais, o núcleo organiza a Semana [&hellip;]</p>
