{"id":726,"date":"2019-02-26T18:00:16","date_gmt":"2019-02-26T21:00:16","guid":{"rendered":"https:\/\/wp.ufpel.edu.br\/petartesvisuais\/?page_id=726"},"modified":"2019-02-26T18:01:55","modified_gmt":"2019-02-26T21:01:55","slug":"nucleo-de-genero-e-diversidade","status":"publish","type":"page","link":"https:\/\/wp.ufpel.edu.br\/petartesvisuais\/nucleo-de-genero-e-diversidade\/","title":{"rendered":"N\u00facleo de G\u00eanero e Diversidade"},"content":{"rendered":"<p style=\"text-align: justify\"><b>N\u00facleo de G\u00eanero e Diversidade<\/b><span style=\"font-weight: 400\"> coordenado pela Profa. Dra. Eliane Pardo, constitui o <\/span><span style=\"font-weight: 400\">\u00f3rg\u00e3o respons\u00e1vel por promover a rela\u00e7\u00e3o entre os diversos g\u00eaneros na comunidade da UFPel, bem como promover a participa\u00e7\u00e3o pol\u00edtica, a educa\u00e7\u00e3o, os movimentos sociais e os direitos humanos, estudando as quest\u00f5es relativas ao trabalho na intera\u00e7\u00e3o com as teorias de g\u00eanero e feministas contempor\u00e2neas. Participou desse n\u00facleo a bolsista Stela Kubiaki, participou de reuni\u00f5es e colaborou produzindo cartazes e a identidade visual para o <\/span><span style=\"font-weight: 400\">Laborat\u00f3rio de Estudos Feministas, filiado ao n\u00facleo, sob responsabilidade da Profa. Dra. Rejane Jardim.<\/span><\/p>\n<p><a href=\"https:\/\/wp.ufpel.edu.br\/petartesvisuais\/files\/2019\/02\/laborat\u00f3rio-interdisciplinar-de-estudos-femin.png\"><img loading=\"lazy\" decoding=\"async\" class=\"aligncenter size-full wp-image-739\" src=\"https:\/\/wp.ufpel.edu.br\/petartesvisuais\/files\/2019\/02\/laborat\u00f3rio-interdisciplinar-de-estudos-femin.png\" alt=\"\" width=\"882\" height=\"459\" srcset=\"https:\/\/wp.ufpel.edu.br\/petartesvisuais\/files\/2019\/02\/laborat\u00f3rio-interdisciplinar-de-estudos-femin.png 882w, https:\/\/wp.ufpel.edu.br\/petartesvisuais\/files\/2019\/02\/laborat\u00f3rio-interdisciplinar-de-estudos-femin-212x110.png 212w, https:\/\/wp.ufpel.edu.br\/petartesvisuais\/files\/2019\/02\/laborat\u00f3rio-interdisciplinar-de-estudos-femin-424x221.png 424w, https:\/\/wp.ufpel.edu.br\/petartesvisuais\/files\/2019\/02\/laborat\u00f3rio-interdisciplinar-de-estudos-femin-768x400.png 768w, https:\/\/wp.ufpel.edu.br\/petartesvisuais\/files\/2019\/02\/laborat\u00f3rio-interdisciplinar-de-estudos-femin-816x425.png 816w\" sizes=\"auto, (max-width: 882px) 100vw, 882px\" \/><\/a><\/p>\n<p>&nbsp;<\/p>\n","protected":false},"excerpt":{"rendered":"<p>N\u00facleo de G\u00eanero e Diversidade coordenado pela Profa. Dra. Eliane Pardo, constitui o \u00f3rg\u00e3o respons\u00e1vel por promover a rela\u00e7\u00e3o entre os diversos g\u00eaneros na comunidade da UFPel, bem como promover a participa\u00e7\u00e3o pol\u00edtica, a educa\u00e7\u00e3o, os movimentos sociais e os direitos humanos, estudando as quest\u00f5es relativas ao trabalho na intera\u00e7\u00e3o com as teorias de g\u00eanero [&hellip;]<\/p>\n","protected":false},"author":557,"featured_media":0,"parent":0,"menu_order":0,"comment_status":"closed","ping_status":"closed","template":"","meta":{"jetpack_post_was_ever_published":false,"footnotes":""},"class_list":["post-726","page","type-page","status-publish","hentry"],"jetpack_sharing_enabled":true,"_links":{"self":[{"href":"https:\/\/wp.ufpel.edu.br\/petartesvisuais\/wp-json\/wp\/v2\/pages\/726","targetHints":{"allow":["GET"]}}],"collection":[{"href":"https:\/\/wp.ufpel.edu.br\/petartesvisuais\/wp-json\/wp\/v2\/pages"}],"about":[{"href":"https:\/\/wp.ufpel.edu.br\/petartesvisuais\/wp-json\/wp\/v2\/types\/page"}],"author":[{"embeddable":true,"href":"https:\/\/wp.ufpel.edu.br\/petartesvisuais\/wp-json\/wp\/v2\/users\/557"}],"replies":[{"embeddable":true,"href":"https:\/\/wp.ufpel.edu.br\/petartesvisuais\/wp-json\/wp\/v2\/comments?post=726"}],"version-history":[{"count":3,"href":"https:\/\/wp.ufpel.edu.br\/petartesvisuais\/wp-json\/wp\/v2\/pages\/726\/revisions"}],"predecessor-version":[{"id":741,"href":"https:\/\/wp.ufpel.edu.br\/petartesvisuais\/wp-json\/wp\/v2\/pages\/726\/revisions\/741"}],"wp:attachment":[{"href":"https:\/\/wp.ufpel.edu.br\/petartesvisuais\/wp-json\/wp\/v2\/media?parent=726"}],"curies":[{"name":"wp","href":"https:\/\/api.w.org\/{rel}","templated":true}]}}

Núcleo de Gênero e Diversidade

<p style="text-align: justify"><b>Núcleo de Gênero e Diversidade</b><span style="font-weight: 400"> coordenado pela Profa. Dra. Eliane Pardo, constitui o </span><span style="font-weight: 400">órgão responsável por promover a relação entre os diversos gêneros na comunidade da UFPel, bem como promover a participação política, a educação, os movimentos sociais e os direitos humanos, estudando as questões relativas ao trabalho na interação com as teorias de gênero e feministas contemporâneas. Participou desse núcleo a bolsista Stela Kubiaki, participou de reuniões e colaborou produzindo cartazes e a identidade visual para o </span><span style="font-weight: 400">Laboratório de Estudos Feministas, filiado ao núcleo, sob responsabilidade da Profa. Dra. Rejane Jardim.</span></p>
<p><a href="https://wp.ufpel.edu.br/petartesvisuais/files/2019/02/laboratório-interdisciplinar-de-estudos-femin.png"><img loading="lazy" decoding="async" class="aligncenter size-full wp-image-739" src="https://wp.ufpel.edu.br/petartesvisuais/files/2019/02/laboratório-interdisciplinar-de-estudos-femin.png" alt="" width="882" height="459" srcset="https://wp.ufpel.edu.br/petartesvisuais/files/2019/02/laboratório-interdisciplinar-de-estudos-femin.png 882w, https://wp.ufpel.edu.br/petartesvisuais/files/2019/02/laboratório-interdisciplinar-de-estudos-femin-212x110.png 212w, https://wp.ufpel.edu.br/petartesvisuais/files/2019/02/laboratório-interdisciplinar-de-estudos-femin-424x221.png 424w, https://wp.ufpel.edu.br/petartesvisuais/files/2019/02/laboratório-interdisciplinar-de-estudos-femin-768x400.png 768w, https://wp.ufpel.edu.br/petartesvisuais/files/2019/02/laboratório-interdisciplinar-de-estudos-femin-816x425.png 816w" sizes="auto, (max-width: 882px) 100vw, 882px" /></a></p>
<p>&nbsp;</p>

<p>Núcleo de Gênero e Diversidade coordenado pela Profa. Dra. Eliane Pardo, constitui o órgão responsável por promover a relação entre os diversos gêneros na comunidade da UFPel, bem como promover a participação política, a educação, os movimentos sociais e os direitos humanos, estudando as questões relativas ao trabalho na interação com as teorias de gênero [&hellip;]</p>
