{"id":623,"date":"2019-02-26T16:48:06","date_gmt":"2019-02-26T19:48:06","guid":{"rendered":"https:\/\/wp.ufpel.edu.br\/petartesvisuais\/?page_id=623"},"modified":"2020-01-15T10:03:04","modified_gmt":"2020-01-15T13:03:04","slug":"projeto-arte-na-escola","status":"publish","type":"page","link":"https:\/\/wp.ufpel.edu.br\/petartesvisuais\/projeto-arte-na-escola\/","title":{"rendered":"Projeto Arte na Escola"},"content":{"rendered":"<p style=\"text-align: justify\"><b>Projeto Arte na Escola<\/b><span style=\"font-weight: 400\">, coordenado pela Profa. Dra. N\u00e1dia da Cruz Senna, tem como miss\u00e3o a forma\u00e7\u00e3o continuada dos professores e a forma\u00e7\u00e3o complementar e ampliada dos futuros profissionais, para tanto disponibiliza materiais instrucionais imag\u00e9ticos e bibliogr\u00e1ficos, promove oficinas de arte, ciclos de debates, semin\u00e1rios e exposi\u00e7\u00f5es, propiciando um repert\u00f3rio reflexivo e cr\u00edtico em torno da arte, compreendendo as inst\u00e2ncias culturais e educacionais. O projeto \u00e9 respons\u00e1vel pela guarda e atualiza\u00e7\u00e3o do acervo da Biblioteca Setorial do Centro de Artes e integra a Rede Nacional Arte na Escola. Em 2019 participaram como colaboradores no atendimento ao publico, no apoio aos eventos e ministro de oficinas, os bolsistas : Renan Soares, Juliana Chacon, Vanessa Cristina Dias, Gabriela Costa, Andr\u00e9 Gustavo Campos, Matheus Mattos, Daniel Higa, Stela Kubiaki e Gabriela Cunha.<\/span><\/p>\n<p>Conhe\u00e7a o projeto: https:\/\/wp.ufpel.edu.br\/artenaescola\/o-projeto-arte-na-escola<\/p>\n","protected":false},"excerpt":{"rendered":"<p>Projeto Arte na Escola, coordenado pela Profa. Dra. N\u00e1dia da Cruz Senna, tem como miss\u00e3o a forma\u00e7\u00e3o continuada dos professores e a forma\u00e7\u00e3o complementar e ampliada dos futuros profissionais, para tanto disponibiliza materiais instrucionais imag\u00e9ticos e bibliogr\u00e1ficos, promove oficinas de arte, ciclos de debates, semin\u00e1rios e exposi\u00e7\u00f5es, propiciando um repert\u00f3rio reflexivo e cr\u00edtico em torno [&hellip;]<\/p>\n","protected":false},"author":557,"featured_media":0,"parent":0,"menu_order":0,"comment_status":"closed","ping_status":"closed","template":"","meta":{"jetpack_post_was_ever_published":false,"footnotes":""},"class_list":["post-623","page","type-page","status-publish","hentry"],"jetpack_sharing_enabled":true,"_links":{"self":[{"href":"https:\/\/wp.ufpel.edu.br\/petartesvisuais\/wp-json\/wp\/v2\/pages\/623","targetHints":{"allow":["GET"]}}],"collection":[{"href":"https:\/\/wp.ufpel.edu.br\/petartesvisuais\/wp-json\/wp\/v2\/pages"}],"about":[{"href":"https:\/\/wp.ufpel.edu.br\/petartesvisuais\/wp-json\/wp\/v2\/types\/page"}],"author":[{"embeddable":true,"href":"https:\/\/wp.ufpel.edu.br\/petartesvisuais\/wp-json\/wp\/v2\/users\/557"}],"replies":[{"embeddable":true,"href":"https:\/\/wp.ufpel.edu.br\/petartesvisuais\/wp-json\/wp\/v2\/comments?post=623"}],"version-history":[{"count":5,"href":"https:\/\/wp.ufpel.edu.br\/petartesvisuais\/wp-json\/wp\/v2\/pages\/623\/revisions"}],"predecessor-version":[{"id":1278,"href":"https:\/\/wp.ufpel.edu.br\/petartesvisuais\/wp-json\/wp\/v2\/pages\/623\/revisions\/1278"}],"wp:attachment":[{"href":"https:\/\/wp.ufpel.edu.br\/petartesvisuais\/wp-json\/wp\/v2\/media?parent=623"}],"curies":[{"name":"wp","href":"https:\/\/api.w.org\/{rel}","templated":true}]}}