{"id":617,"date":"2019-02-26T16:44:58","date_gmt":"2019-02-26T19:44:58","guid":{"rendered":"https:\/\/wp.ufpel.edu.br\/petartesvisuais\/?page_id=617"},"modified":"2019-02-26T16:44:58","modified_gmt":"2019-02-26T19:44:58","slug":"1a-feirinha-grafica-m-qd","status":"publish","type":"page","link":"https:\/\/wp.ufpel.edu.br\/petartesvisuais\/1a-feirinha-grafica-m-qd\/","title":{"rendered":"1\u00aa Feirinha Gr\u00e1fica M-qd"},"content":{"rendered":"<p>&#8220;1\u00aa Feirinha Gr\u00e1fica do Mqd !<\/p>\n<p>Visando a produ\u00e7\u00e3o plural de arte na cidade de Pelotas, estamos abertos todos os tipos de arte gr\u00e1fica (zines, adesivos, posters, desenhos, fotografia) tamb\u00e9m trabalhos em cer\u00e2mica e\/ou a arte que voc\u00ea tiver para mostrar!<\/p>\n<p>ser\u00e1 um dia inteiro no m\u00e1ximo que d\u00e1 com expositores, comida, tatuagem, m\u00fasica&#8230; para encher os olhos, massagear os ouvidos&#8230;um ambiente muito inspirador! &#8221;<\/p>\n<p>Evento: https:\/\/www.facebook.com\/events\/2104866956232804\/?active_tab=about<\/p>\n<p>&nbsp;<\/p>\n<p>PETIANOS: J\u00e9ssica Porciuncula, Gabriela Cunha e Mariana Mazzetti<\/p>\n<p><a href=\"https:\/\/wp.ufpel.edu.br\/petartesvisuais\/files\/2019\/02\/39124617_2176818652551382_2241941485056425984_n.jpg\"><img loading=\"lazy\" decoding=\"async\" class=\"aligncenter size-full wp-image-625\" src=\"https:\/\/wp.ufpel.edu.br\/petartesvisuais\/files\/2019\/02\/39124617_2176818652551382_2241941485056425984_n.jpg\" alt=\"\" width=\"528\" height=\"540\" srcset=\"https:\/\/wp.ufpel.edu.br\/petartesvisuais\/files\/2019\/02\/39124617_2176818652551382_2241941485056425984_n.jpg 528w, https:\/\/wp.ufpel.edu.br\/petartesvisuais\/files\/2019\/02\/39124617_2176818652551382_2241941485056425984_n-155x159.jpg 155w, https:\/\/wp.ufpel.edu.br\/petartesvisuais\/files\/2019\/02\/39124617_2176818652551382_2241941485056425984_n-311x318.jpg 311w\" sizes=\"auto, (max-width: 528px) 100vw, 528px\" \/><\/a> <a href=\"https:\/\/wp.ufpel.edu.br\/petartesvisuais\/files\/2019\/02\/38855400_402375270167197_6624378379904745472_n.jpg\"><img loading=\"lazy\" decoding=\"async\" class=\"aligncenter size-full wp-image-626\" src=\"https:\/\/wp.ufpel.edu.br\/petartesvisuais\/files\/2019\/02\/38855400_402375270167197_6624378379904745472_n.jpg\" alt=\"\" width=\"823\" height=\"389\" srcset=\"https:\/\/wp.ufpel.edu.br\/petartesvisuais\/files\/2019\/02\/38855400_402375270167197_6624378379904745472_n.jpg 823w, https:\/\/wp.ufpel.edu.br\/petartesvisuais\/files\/2019\/02\/38855400_402375270167197_6624378379904745472_n-212x100.jpg 212w, https:\/\/wp.ufpel.edu.br\/petartesvisuais\/files\/2019\/02\/38855400_402375270167197_6624378379904745472_n-424x200.jpg 424w, https:\/\/wp.ufpel.edu.br\/petartesvisuais\/files\/2019\/02\/38855400_402375270167197_6624378379904745472_n-768x363.jpg 768w, https:\/\/wp.ufpel.edu.br\/petartesvisuais\/files\/2019\/02\/38855400_402375270167197_6624378379904745472_n-816x386.jpg 816w\" sizes=\"auto, (max-width: 823px) 100vw, 823px\" \/><\/a><\/p>\n","protected":false},"excerpt":{"rendered":"<p>&#8220;1\u00aa Feirinha Gr\u00e1fica do Mqd ! Visando a produ\u00e7\u00e3o plural de arte na cidade de Pelotas, estamos abertos todos os tipos de arte gr\u00e1fica (zines, adesivos, posters, desenhos, fotografia) tamb\u00e9m trabalhos em cer\u00e2mica e\/ou a arte que voc\u00ea tiver para mostrar! ser\u00e1 um dia inteiro no m\u00e1ximo que d\u00e1 com expositores, comida, tatuagem, m\u00fasica&#8230; para [&hellip;]<\/p>\n","protected":false},"author":557,"featured_media":0,"parent":0,"menu_order":0,"comment_status":"closed","ping_status":"closed","template":"","meta":{"jetpack_post_was_ever_published":false,"footnotes":""},"class_list":["post-617","page","type-page","status-publish","hentry"],"jetpack_sharing_enabled":true,"_links":{"self":[{"href":"https:\/\/wp.ufpel.edu.br\/petartesvisuais\/wp-json\/wp\/v2\/pages\/617","targetHints":{"allow":["GET"]}}],"collection":[{"href":"https:\/\/wp.ufpel.edu.br\/petartesvisuais\/wp-json\/wp\/v2\/pages"}],"about":[{"href":"https:\/\/wp.ufpel.edu.br\/petartesvisuais\/wp-json\/wp\/v2\/types\/page"}],"author":[{"embeddable":true,"href":"https:\/\/wp.ufpel.edu.br\/petartesvisuais\/wp-json\/wp\/v2\/users\/557"}],"replies":[{"embeddable":true,"href":"https:\/\/wp.ufpel.edu.br\/petartesvisuais\/wp-json\/wp\/v2\/comments?post=617"}],"version-history":[{"count":1,"href":"https:\/\/wp.ufpel.edu.br\/petartesvisuais\/wp-json\/wp\/v2\/pages\/617\/revisions"}],"predecessor-version":[{"id":627,"href":"https:\/\/wp.ufpel.edu.br\/petartesvisuais\/wp-json\/wp\/v2\/pages\/617\/revisions\/627"}],"wp:attachment":[{"href":"https:\/\/wp.ufpel.edu.br\/petartesvisuais\/wp-json\/wp\/v2\/media?parent=617"}],"curies":[{"name":"wp","href":"https:\/\/api.w.org\/{rel}","templated":true}]}}

1ª Feirinha Gráfica M-qd

<p>&#8220;1ª Feirinha Gráfica do Mqd !</p>
<p>Visando a produção plural de arte na cidade de Pelotas, estamos abertos todos os tipos de arte gráfica (zines, adesivos, posters, desenhos, fotografia) também trabalhos em cerâmica e/ou a arte que você tiver para mostrar!</p>
<p>será um dia inteiro no máximo que dá com expositores, comida, tatuagem, música&#8230; para encher os olhos, massagear os ouvidos&#8230;um ambiente muito inspirador! &#8221;</p>
<p>Evento: https://www.facebook.com/events/2104866956232804/?active_tab=about</p>
<p>&nbsp;</p>
<p>PETIANOS: Jéssica Porciuncula, Gabriela Cunha e Mariana Mazzetti</p>
<p><a href="https://wp.ufpel.edu.br/petartesvisuais/files/2019/02/39124617_2176818652551382_2241941485056425984_n.jpg"><img loading="lazy" decoding="async" class="aligncenter size-full wp-image-625" src="https://wp.ufpel.edu.br/petartesvisuais/files/2019/02/39124617_2176818652551382_2241941485056425984_n.jpg" alt="" width="528" height="540" srcset="https://wp.ufpel.edu.br/petartesvisuais/files/2019/02/39124617_2176818652551382_2241941485056425984_n.jpg 528w, https://wp.ufpel.edu.br/petartesvisuais/files/2019/02/39124617_2176818652551382_2241941485056425984_n-155x159.jpg 155w, https://wp.ufpel.edu.br/petartesvisuais/files/2019/02/39124617_2176818652551382_2241941485056425984_n-311x318.jpg 311w" sizes="auto, (max-width: 528px) 100vw, 528px" /></a> <a href="https://wp.ufpel.edu.br/petartesvisuais/files/2019/02/38855400_402375270167197_6624378379904745472_n.jpg"><img loading="lazy" decoding="async" class="aligncenter size-full wp-image-626" src="https://wp.ufpel.edu.br/petartesvisuais/files/2019/02/38855400_402375270167197_6624378379904745472_n.jpg" alt="" width="823" height="389" srcset="https://wp.ufpel.edu.br/petartesvisuais/files/2019/02/38855400_402375270167197_6624378379904745472_n.jpg 823w, https://wp.ufpel.edu.br/petartesvisuais/files/2019/02/38855400_402375270167197_6624378379904745472_n-212x100.jpg 212w, https://wp.ufpel.edu.br/petartesvisuais/files/2019/02/38855400_402375270167197_6624378379904745472_n-424x200.jpg 424w, https://wp.ufpel.edu.br/petartesvisuais/files/2019/02/38855400_402375270167197_6624378379904745472_n-768x363.jpg 768w, https://wp.ufpel.edu.br/petartesvisuais/files/2019/02/38855400_402375270167197_6624378379904745472_n-816x386.jpg 816w" sizes="auto, (max-width: 823px) 100vw, 823px" /></a></p>

<p>&#8220;1ª Feirinha Gráfica do Mqd ! Visando a produção plural de arte na cidade de Pelotas, estamos abertos todos os tipos de arte gráfica (zines, adesivos, posters, desenhos, fotografia) também trabalhos em cerâmica e/ou a arte que você tiver para mostrar! será um dia inteiro no máximo que dá com expositores, comida, tatuagem, música&#8230; para [&hellip;]</p>
